207.46.13.107 - - [09/Jun/2026:18:28:50 +0700] "GET /riverview-hall/jimmy-mushrooms%27-last-drink-sheet-music HTTP/2" 404 26 "-" "Mozilla/5.0 AppleWebKit/537.36 (KHTML, like Gecko; compatible; bingbot/2.0; +http://www.bing.com/bingbot.htm) Chrome/116.0.1938.76 Safari/537.36"
2001:44c8:4743:1041:20e6:7043:c982:58b4 - - [09/Jun/2026:18:28:54 +0700] "POST /admin/assets/kcfinder/browse.php?type=files&lng=th&opener=ckeditor&act=upload&dir=files HTTP/2" 200 19 "https://www.ccp.ac.th/admin/assets/kcfinder/browse.php?opener=ckeditor&type=files&CKEditor=ckeditor&CKEditorFuncNum=1&langCode=th" "Mozilla/5.0 (Windows NT 10.0; Win64; x64) AppleWebKit/537.36 (KHTML, like Gecko) Chrome/148.0.0.0 Safari/537.36"
2001:44c8:4743:1041:20e6:7043:c982:58b4 - - [09/Jun/2026:18:29:01 +0700] "POST /admin/assets/kcfinder/browse.php?type=files&lng=th&opener=ckeditor&act=chDir HTTP/2" 200 1078 "https://www.ccp.ac.th/admin/assets/kcfinder/browse.php?opener=ckeditor&type=files&CKEditor=ckeditor&CKEditorFuncNum=1&langCode=th" "Mozilla/5.0 (Windows NT 10.0; Win64; x64) AppleWebKit/537.36 (KHTML, like Gecko) Chrome/148.0.0.0 Safari/537.36"
2001:44c8:4743:1041:20e6:7043:c982:58b4 - - [09/Jun/2026:18:29:07 +0700] "POST /admin/assets/kcfinder/browse.php?type=files&lng=th&opener=ckeditor&act=chDir HTTP/2" 200 128 "https://www.ccp.ac.th/admin/assets/kcfinder/browse.php?opener=ckeditor&type=files&CKEditor=ckeditor&CKEditorFuncNum=1&langCode=th" "Mozilla/5.0 (Windows NT 10.0; Win64; x64) AppleWebKit/537.36 (KHTML, like Gecko) Chrome/148.0.0.0 Safari/537.36"
2001:44c8:4743:1041:20e6:7043:c982:58b4 - - [09/Jun/2026:18:29:10 +0700] "POST /admin/assets/kcfinder/browse.php?type=files&lng=th&opener=ckeditor&act=chDir HTTP/2" 200 128 "https://www.ccp.ac.th/admin/assets/kcfinder/browse.php?opener=ckeditor&type=files&CKEditor=ckeditor&CKEditorFuncNum=1&langCode=th" "Mozilla/5.0 (Windows NT 10.0; Win64; x64) AppleWebKit/537.36 (KHTML, like Gecko) Chrome/148.0.0.0 Safari/537.36"
2001:44c8:4743:1041:20e6:7043:c982:58b4 - - [09/Jun/2026:18:29:12 +0700] "POST /admin/assets/kcfinder/browse.php?type=files&lng=th&opener=ckeditor&act=chDir HTTP/2" 200 128 "https://www.ccp.ac.th/admin/assets/kcfinder/browse.php?opener=ckeditor&type=files&CKEditor=ckeditor&CKEditorFuncNum=1&langCode=th" "Mozilla/5.0 (Windows NT 10.0; Win64; x64) AppleWebKit/537.36 (KHTML, like Gecko) Chrome/148.0.0.0 Safari/537.36"
2001:44c8:4743:1041:20e6:7043:c982:58b4 - - [09/Jun/2026:18:29:19 +0700] "POST /admin/assets/kcfinder/browse.php?type=files&lng=th&opener=ckeditor&act=upload&dir=files%2F%E0%B8%A3%E0%B8%B1%E0%B8%9A%E0%B8%AA%E0%B8%A1%E0%B8%B1%E0%B8%84%E0%B8%A3%E0%B8%99%E0%B8%B1%E0%B8%81%E0%B9%80%E0%B8%A3%E0%B8%B5%E0%B8%A2%E0%B8%9969 HTTP/2" 200 19 "https://www.ccp.ac.th/admin/assets/kcfinder/browse.php?opener=ckeditor&type=files&CKEditor=ckeditor&CKEditorFuncNum=1&langCode=th" "Mozilla/5.0 (Windows NT 10.0; Win64; x64) AppleWebKit/537.36 (KHTML, like Gecko) Chrome/148.0.0.0 Safari/537.36"
2001:44c8:4743:1041:20e6:7043:c982:58b4 - - [09/Jun/2026:18:29:32 +0700] "POST /admin/assets/kcfinder/browse.php?type=files&lng=th&opener=ckeditor&act=chDir HTTP/2" 200 128 "https://www.ccp.ac.th/admin/assets/kcfinder/browse.php?opener=ckeditor&type=files&CKEditor=ckeditor&CKEditorFuncNum=1&langCode=th" "Mozilla/5.0 (Windows NT 10.0; Win64; x64) AppleWebKit/537.36 (KHTML, like Gecko) Chrome/148.0.0.0 Safari/537.36"
68.168.223.140 - - [09/Jun/2026:18:30:19 +0700] "GET /admin/images/news_6680dbbf0e009.jpg HTTP/2" 200 68778 "-" "-"
2001:44c8:4743:1041:20e6:7043:c982:58b4 - - [09/Jun/2026:18:31:26 +0700] "POST /admin/assets/kcfinder/browse.php?type=files&lng=th&opener=ckeditor&act=chDir HTTP/2" 200 1079 "https://www.ccp.ac.th/admin/assets/kcfinder/browse.php?opener=ckeditor&type=files&CKEditor=ckeditor&CKEditorFuncNum=1&langCode=th" "Mozilla/5.0 (Windows NT 10.0; Win64; x64) AppleWebKit/537.36 (KHTML, like Gecko) Chrome/148.0.0.0 Safari/537.36"
2001:44c8:4743:1041:20e6:7043:c982:58b4 - - [09/Jun/2026:18:31:44 +0700] "POST /admin/assets/kcfinder/browse.php?type=files&lng=th&opener=ckeditor&act=upload&dir=files HTTP/2" 200 63 "https://www.ccp.ac.th/admin/assets/kcfinder/browse.php?opener=ckeditor&type=files&CKEditor=ckeditor&CKEditorFuncNum=1&langCode=th" "Mozilla/5.0 (Windows NT 10.0; Win64; x64) AppleWebKit/537.36 (KHTML, like Gecko) Chrome/148.0.0.0 Safari/537.36"
2001:44c8:4743:1041:20e6:7043:c982:58b4 - - [09/Jun/2026:18:31:45 +0700] "POST /admin/assets/kcfinder/browse.php?type=files&lng=th&opener=ckeditor&act=chDir HTTP/2" 200 1117 "https://www.ccp.ac.th/admin/assets/kcfinder/browse.php?opener=ckeditor&type=files&CKEditor=ckeditor&CKEditorFuncNum=1&langCode=th" "Mozilla/5.0 (Windows NT 10.0; Win64; x64) AppleWebKit/537.36 (KHTML, like Gecko) Chrome/148.0.0.0 Safari/537.36"
2001:44c8:4743:1041:20e6:7043:c982:58b4 - - [09/Jun/2026:18:32:03 +0700] "POST /admin/insert_news.php HTTP/2" 200 46 "https://www.ccp.ac.th/admin/addnews.php" "Mozilla/5.0 (Windows NT 10.0; Win64; x64) AppleWebKit/537.36 (KHTML, like Gecko) Chrome/148.0.0.0 Safari/537.36"
2001:44c8:4743:1041:20e6:7043:c982:58b4 - - [09/Jun/2026:18:32:03 +0700] "GET /admin/news.php HTTP/2" 200 36818 "https://www.ccp.ac.th/admin/insert_news.php" "Mozilla/5.0 (Windows NT 10.0; Win64; x64) AppleWebKit/537.36 (KHTML, like Gecko) Chrome/148.0.0.0 Safari/537.36"
2001:44c8:4743:1041:20e6:7043:c982:58b4 - - [09/Jun/2026:18:32:03 +0700] "GET /admin/images/news_69c055a3ba8f9.php HTTP/2" 200 406 "https://www.ccp.ac.th/admin/news.php" "Mozilla/5.0 (Windows NT 10.0; Win64; x64) AppleWebKit/537.36 (KHTML, like Gecko) Chrome/148.0.0.0 Safari/537.36"
2001:44c8:4743:1041:20e6:7043:c982:58b4 - - [09/Jun/2026:18:32:04 +0700] "GET /admin/images/news_63fe372b2682e.php HTTP/2" 404 26 "https://www.ccp.ac.th/admin/news.php" "Mozilla/5.0 (Windows NT 10.0; Win64; x64) AppleWebKit/537.36 (KHTML, like Gecko) Chrome/148.0.0.0 Safari/537.36"
2001:44c8:4743:1041:20e6:7043:c982:58b4 - - [09/Jun/2026:18:32:04 +0700] "GET /admin/images/news_68d3ac17bc576.php HTTP/2" 200 0 "https://www.ccp.ac.th/admin/news.php" "Mozilla/5.0 (Windows NT 10.0; Win64; x64) AppleWebKit/537.36 (KHTML, like Gecko) Chrome/148.0.0.0 Safari/537.36"
2001:44c8:4743:1041:20e6:7043:c982:58b4 - - [09/Jun/2026:18:32:04 +0700] "GET /admin/images/news_67a980b7ccdd9.php HTTP/2" 404 26 "https://www.ccp.ac.th/admin/news.php" "Mozilla/5.0 (Windows NT 10.0; Win64; x64) AppleWebKit/537.36 (KHTML, like Gecko) Chrome/148.0.0.0 Safari/537.36"
2001:44c8:4743:1041:20e6:7043:c982:58b4 - - [09/Jun/2026:18:32:04 +0700] "GET /admin/images/news_621bf661a47b9.php HTTP/2" 404 26 "https://www.ccp.ac.th/admin/news.php" "Mozilla/5.0 (Windows NT 10.0; Win64; x64) AppleWebKit/537.36 (KHTML, like Gecko) Chrome/148.0.0.0 Safari/537.36"
2001:44c8:4743:1041:20e6:7043:c982:58b4 - - [09/Jun/2026:18:32:03 +0700] "GET /admin/images/news_69cf272f1f06e.php HTTP/2" 200 17071 "https://www.ccp.ac.th/admin/news.php" "Mozilla/5.0 (Windows NT 10.0; Win64; x64) AppleWebKit/537.36 (KHTML, like Gecko) Chrome/148.0.0.0 Safari/537.36"
2001:44c8:4743:1041:20e6:7043:c982:58b4 - - [09/Jun/2026:18:32:04 +0700] "GET /admin/images/news_6a27f9b39924d.jpg HTTP/2" 200 73786 "https://www.ccp.ac.th/admin/news.php" "Mozilla/5.0 (Windows NT 10.0; Win64; x64) AppleWebKit/537.36 (KHTML, like Gecko) Chrome/148.0.0.0 Safari/537.36"
2001:44c8:4743:1041:20e6:7043:c982:58b4 - - [09/Jun/2026:18:32:09 +0700] "GET /admin/images/news_5f46e466ebb0e.jpg HTTP/2" 200 454047 "https://www.ccp.ac.th/admin/news.php" "Mozilla/5.0 (Windows NT 10.0; Win64; x64) AppleWebKit/537.36 (KHTML, like Gecko) Chrome/148.0.0.0 Safari/537.36"
2001:44c8:4743:1041:20e6:7043:c982:58b4 - - [09/Jun/2026:18:32:09 +0700] "GET /admin/images/news_5fbe038f1b44a.jpg HTTP/2" 200 693733 "https://www.ccp.ac.th/admin/news.php" "Mozilla/5.0 (Windows NT 10.0; Win64; x64) AppleWebKit/537.36 (KHTML, like Gecko) Chrome/148.0.0.0 Safari/537.36"
2001:44c8:4743:1041:20e6:7043:c982:58b4 - - [09/Jun/2026:18:32:26 +0700] "GET /relations.php HTTP/2" 200 4318 "https://www.ccp.ac.th/" "Mozilla/5.0 (Windows NT 10.0; Win64; x64) AppleWebKit/537.36 (KHTML, like Gecko) Chrome/148.0.0.0 Safari/537.36"
2001:44c8:4743:1041:20e6:7043:c982:58b4 - - [09/Jun/2026:18:32:34 +0700] "GET /js/masonry.pkgd.min.js HTTP/2" 304 0 "https://www.ccp.ac.th/relations.php" "Mozilla/5.0 (Windows NT 10.0; Win64; x64) AppleWebKit/537.36 (KHTML, like Gecko) Chrome/148.0.0.0 Safari/537.36"
2001:44c8:4743:1041:20e6:7043:c982:58b4 - - [09/Jun/2026:18:32:34 +0700] "GET /css/style2.css HTTP/2" 404 26 "https://www.ccp.ac.th/relations.php" "Mozilla/5.0 (Windows NT 10.0; Win64; x64) AppleWebKit/537.36 (KHTML, like Gecko) Chrome/148.0.0.0 Safari/537.36"
2001:44c8:4743:1041:20e6:7043:c982:58b4 - - [09/Jun/2026:18:32:36 +0700] "GET /admin/images/news_69c055a3ba8f9.php HTTP/2" 200 406 "https://www.ccp.ac.th/relations.php" "Mozilla/5.0 (Windows NT 10.0; Win64; x64) AppleWebKit/537.36 (KHTML, like Gecko) Chrome/148.0.0.0 Safari/537.36"
2001:44c8:4743:1041:20e6:7043:c982:58b4 - - [09/Jun/2026:18:32:36 +0700] "GET /admin/images/news_69cf272f1f06e.php HTTP/2" 200 17058 "https://www.ccp.ac.th/relations.php" "Mozilla/5.0 (Windows NT 10.0; Win64; x64) AppleWebKit/537.36 (KHTML, like Gecko) Chrome/148.0.0.0 Safari/537.36"
2001:44c8:4743:1041:20e6:7043:c982:58b4 - - [09/Jun/2026:18:32:36 +0700] "GET /img/logoccp.ico HTTP/2" 304 0 "https://www.ccp.ac.th/relations.php" "Mozilla/5.0 (Windows NT 10.0; Win64; x64) AppleWebKit/537.36 (KHTML, like Gecko) Chrome/148.0.0.0 Safari/537.36"
2001:44c8:4743:1041:20e6:7043:c982:58b4 - - [09/Jun/2026:18:32:38 +0700] "GET /admin/images/news_69c055a3ba8f9.php HTTP/2" 200 406 "https://www.ccp.ac.th/admin/news.php" "Mozilla/5.0 (Windows NT 10.0; Win64; x64) AppleWebKit/537.36 (KHTML, like Gecko) Chrome/148.0.0.0 Safari/537.36"
2001:44c8:4743:1041:20e6:7043:c982:58b4 - - [09/Jun/2026:18:32:38 +0700] "GET /admin/images/news_67a980b7ccdd9.php HTTP/2" 404 26 "https://www.ccp.ac.th/admin/news.php" "Mozilla/5.0 (Windows NT 10.0; Win64; x64) AppleWebKit/537.36 (KHTML, like Gecko) Chrome/148.0.0.0 Safari/537.36"
2001:44c8:4743:1041:20e6:7043:c982:58b4 - - [09/Jun/2026:18:32:38 +0700] "GET /admin/images/news_63fe372b2682e.php HTTP/2" 404 26 "https://www.ccp.ac.th/admin/news.php" "Mozilla/5.0 (Windows NT 10.0; Win64; x64) AppleWebKit/537.36 (KHTML, like Gecko) Chrome/148.0.0.0 Safari/537.36"
2001:44c8:4743:1041:20e6:7043:c982:58b4 - - [09/Jun/2026:18:32:38 +0700] "GET /admin/images/news_68d3ac17bc576.php HTTP/2" 200 0 "https://www.ccp.ac.th/admin/news.php" "Mozilla/5.0 (Windows NT 10.0; Win64; x64) AppleWebKit/537.36 (KHTML, like Gecko) Chrome/148.0.0.0 Safari/537.36"
2001:44c8:4743:1041:20e6:7043:c982:58b4 - - [09/Jun/2026:18:32:38 +0700] "GET /admin/images/news_621bf661a47b9.php HTTP/2" 404 26 "https://www.ccp.ac.th/admin/news.php" "Mozilla/5.0 (Windows NT 10.0; Win64; x64) AppleWebKit/537.36 (KHTML, like Gecko) Chrome/148.0.0.0 Safari/537.36"
2001:44c8:4743:1041:20e6:7043:c982:58b4 - - [09/Jun/2026:18:32:38 +0700] "GET /admin/images/news_69cf272f1f06e.php HTTP/2" 200 17095 "https://www.ccp.ac.th/admin/news.php" "Mozilla/5.0 (Windows NT 10.0; Win64; x64) AppleWebKit/537.36 (KHTML, like Gecko) Chrome/148.0.0.0 Safari/537.36"
2001:44c8:4743:1041:20e6:7043:c982:58b4 - - [09/Jun/2026:18:32:43 +0700] "GET /news_details.php?news_id=00000000556 HTTP/2" 200 4344 "https://www.ccp.ac.th/relations.php" "Mozilla/5.0 (Windows NT 10.0; Win64; x64) AppleWebKit/537.36 (KHTML, like Gecko) Chrome/148.0.0.0 Safari/537.36"
2001:44c8:4743:1041:20e6:7043:c982:58b4 - - [09/Jun/2026:18:32:44 +0700] "GET /admin/images/news_69c055a3ba8f9.php HTTP/2" 200 406 "https://www.ccp.ac.th/news_details.php?news_id=00000000556" "Mozilla/5.0 (Windows NT 10.0; Win64; x64) AppleWebKit/537.36 (KHTML, like Gecko) Chrome/148.0.0.0 Safari/537.36"
2001:44c8:4743:1041:20e6:7043:c982:58b4 - - [09/Jun/2026:18:32:44 +0700] "GET /admin/images/news_69cf272f1f06e.php HTTP/2" 200 10875 "https://www.ccp.ac.th/news_details.php?news_id=00000000556" "Mozilla/5.0 (Windows NT 10.0; Win64; x64) AppleWebKit/537.36 (KHTML, like Gecko) Chrome/148.0.0.0 Safari/537.36"
2001:44c8:4743:1041:20e6:7043:c982:58b4 - - [09/Jun/2026:18:32:44 +0700] "GET /icon-fonts/themify.ttf?-fvbane HTTP/2" 403 26 "https://www.ccp.ac.th/css/themify-icons.css" "Mozilla/5.0 (Windows NT 10.0; Win64; x64) AppleWebKit/537.36 (KHTML, like Gecko) Chrome/148.0.0.0 Safari/537.36"
2001:44c8:4743:1041:20e6:7043:c982:58b4 - - [09/Jun/2026:18:32:44 +0700] "GET /icon-fonts/themify.woff?-fvbane HTTP/2" 403 26 "https://www.ccp.ac.th/css/themify-icons.css" "Mozilla/5.0 (Windows NT 10.0; Win64; x64) AppleWebKit/537.36 (KHTML, like Gecko) Chrome/148.0.0.0 Safari/537.36"
40.77.167.254 - - [09/Jun/2026:18:32:44 +0700] "GET /hardest-gold/gender-disappointment-forum HTTP/2" 404 26 "-" "Mozilla/5.0 AppleWebKit/537.36 (KHTML, like Gecko; compatible; bingbot/2.0; +http://www.bing.com/bingbot.htm) Chrome/116.0.1938.76 Safari/537.36"
2001:44c8:4743:1041:20e6:7043:c982:58b4 - - [09/Jun/2026:18:32:51 +0700] "GET /admin/upload/files/%E0%B9%81%E0%B8%9C%E0%B8%99_20260609_0001.pdf HTTP/2" 200 624938 "https://www.ccp.ac.th/news_details.php?news_id=00000000556" "Mozilla/5.0 (Windows NT 10.0; Win64; x64) AppleWebKit/537.36 (KHTML, like Gecko) Chrome/148.0.0.0 Safari/537.36"
2001:44c8:4743:1041:20e6:7043:c982:58b4 - - [09/Jun/2026:18:32:53 +0700] "GET /favicon.ico HTTP/2" 304 0 "https://www.ccp.ac.th/admin/upload/files/%E0%B9%81%E0%B8%9C%E0%B8%99_20260609_0001.pdf" "Mozilla/5.0 (Windows NT 10.0; Win64; x64) AppleWebKit/537.36 (KHTML, like Gecko) Chrome/148.0.0.0 Safari/537.36"
40.77.167.3 - - [09/Jun/2026:18:33:16 +0700] "GET /hardest-gold/gender-disappointment-forum HTTP/2" 404 26 "-" "Mozilla/5.0 AppleWebKit/537.36 (KHTML, like Gecko; compatible; bingbot/2.0; +http://www.bing.com/bingbot.htm) Chrome/116.0.1938.76 Safari/537.36"
2001:44c8:4743:1041:20e6:7043:c982:58b4 - - [09/Jun/2026:18:33:24 +0700] "GET /admin/upload/files/%E0%B9%80%E0%B8%AD%E0%B8%81%E0%B8%AA%E0%B8%B2%E0%B8%A3%E0%B8%9B%E0%B8%A3%E0%B8%B0%E0%B8%81%E0%B8%A7%E0%B8%94%E0%B8%A3%E0%B8%B2%E0%B8%84%E0%B8%B2_compressed.pdf HTTP/2" 200 2830129 "https://www.ccp.ac.th/news_details.php?news_id=00000000556" "Mozilla/5.0 (Windows NT 10.0; Win64; x64) AppleWebKit/537.36 (KHTML, like Gecko) Chrome/148.0.0.0 Safari/537.36"
2a03:2880:25ff:4f:: - - [09/Jun/2026:18:36:17 +0700] "GET /admin/images/news_698be103bb891.jpg HTTP/2" 404 26 "-" "facebookexternalhit/1.1 (+http://www.facebook.com/externalhit_uatext.php)"
52.167.144.173 - - [09/Jun/2026:18:40:28 +0700] "GET /hardest-gold/golden-ratio-logo-generator HTTP/2" 404 26 "-" "Mozilla/5.0 AppleWebKit/537.36 (KHTML, like Gecko; compatible; bingbot/2.0; +http://www.bing.com/bingbot.htm) Chrome/116.0.1938.76 Safari/537.36"
40.77.167.8 - - [09/Jun/2026:18:41:17 +0700] "GET /hardest-gold/golden-ratio-logo-generator HTTP/2" 404 26 "-" "Mozilla/5.0 AppleWebKit/537.36 (KHTML, like Gecko; compatible; bingbot/2.0; +http://www.bing.com/bingbot.htm) Chrome/116.0.1938.76 Safari/537.36"
8.229.161.217 - - [09/Jun/2026:18:41:22 +0700] "GET /admin/images/news_63ec3d21b234e.jpg HTTP/2" 200 926178 "-" "Mozilla/5.0 (X11; Linux x86_64) AppleWebKit/537.36 (KHTML, like Gecko) Chrome/91.0.4472.114 Safari/537.36"
66.249.66.76 - - [09/Jun/2026:18:41:31 +0700] "GET /video/?id=%E0%B8%AB%E0%B8%A7%E0%B8%A2%E0%B8%87%E0%B8%A7%E0%B8%94%E0%B8%99%E0%B8%B5%E0%B9%89 HTTP/2" 404 26 "-" "Mozilla/5.0 (Linux; Android 6.0.1; Nexus 5X Build/MMB29P) AppleWebKit/537.36 (KHTML, like Gecko) Chrome/148.0.7778.96 Mobile Safari/537.36 (compatible; Googlebot/2.1; +http://www.google.com/bot.html)"
66.249.66.202 - - [09/Jun/2026:18:42:29 +0700] "GET /admin/upload/images/%E0%B8%9B%E0%B8%B5%2067/%E0%B8%AA.%E0%B8%84./%E0%B8%84%E0%B9%88%E0%B8%B2%E0%B8%A2%E0%B8%A0%E0%B8%B2%E0%B8%A9%E0%B8%B2%E0%B9%84%E0%B8%97%E0%B8%A2/455171468_926567259279363_898737658609158554_n.jpg HTTP/2" 200 208397 "-" "Googlebot-Image/1.0"
35.233.222.194 - - [09/Jun/2026:18:42:36 +0700] "GET /admin/upload/images/content/2%20%E0%B9%80%E0%B8%94%E0%B8%B4%E0%B8%99%20%E0%B8%81%E0%B8%B4%E0%B8%99%20%E0%B8%8A%E0%B8%B4%E0%B8%A1%20%E0%B9%80%E0%B8%97%E0%B8%B5%E0%B9%88%E0%B8%A2%E0%B8%A7/%E0%B9%80%E0%B8%94%E0%B8%B4%E0%B8%99%20%E0%B8%81%E0%B8%B4%E0%B8%99%20%E0%B8%8A%E0%B8%B4%E0%B8%A1%20%E0%B9%80%E0%B8%97%E0%B8%B5%E0%B9%88%E0%B8%A2%E0%B8%A7_%E0%B9%92%E0%B9%90%E0%B9%90%E0%B9%92%E0%B9%90%E0%B9%95_0140.jpg HTTP/2" 200 344157 "-" "Mozilla/5.0 (X11; Linux x86_64) AppleWebKit/537.36 (KHTML, like Gecko) Chrome/91.0.4472.114 Safari/537.36"
52.167.144.170 - - [09/Jun/2026:18:44:58 +0700] "GET /admin/upload/images/%E0%B8%9B%E0%B8%B5%2066/%E0%B8%A1%E0%B8%B5%E0%B8%99%E0%B8%B2%E0%B8%84%E0%B8%A1/335086458_1889179888109028_2711911590496929632_n.jpg HTTP/2" 200 1384092 "-" "Mozilla/5.0 AppleWebKit/537.36 (KHTML, like Gecko; compatible; bingbot/2.0; +http://www.bing.com/bingbot.htm) Chrome/116.0.1938.76 Safari/537.36"
68.168.223.135 - - [09/Jun/2026:18:46:15 +0700] "GET /admin/images/news_63cdd0e375f5e.jpg HTTP/2" 200 399968 "-" "-"
159.192.81.74 - - [09/Jun/2026:18:47:28 +0700] "POST /fertilizer/fertilizer_manage.php HTTP/2" 200 15998 "https://www.ccp.ac.th/fertilizer/fertilizer_manage.php" "Mozilla/5.0 (Windows NT 10.0; Win64; x64) AppleWebKit/537.36 (KHTML, like Gecko) Chrome/148.0.0.0 Safari/537.36"
159.192.81.74 - - [09/Jun/2026:18:47:48 +0700] "POST /fertilizer/fertilizer_manage.php HTTP/2" 200 16083 "https://www.ccp.ac.th/fertilizer/fertilizer_manage.php" "Mozilla/5.0 (Windows NT 10.0; Win64; x64) AppleWebKit/537.36 (KHTML, like Gecko) Chrome/148.0.0.0 Safari/537.36"
159.192.81.74 - - [09/Jun/2026:18:48:03 +0700] "POST /fertilizer/fertilizer_manage.php HTTP/2" 200 16150 "https://www.ccp.ac.th/fertilizer/fertilizer_manage.php" "Mozilla/5.0 (Windows NT 10.0; Win64; x64) AppleWebKit/537.36 (KHTML, like Gecko) Chrome/148.0.0.0 Safari/537.36"
159.192.81.74 - - [09/Jun/2026:18:48:19 +0700] "POST /fertilizer/fertilizer_manage.php HTTP/2" 200 16191 "https://www.ccp.ac.th/fertilizer/fertilizer_manage.php" "Mozilla/5.0 (Windows NT 10.0; Win64; x64) AppleWebKit/537.36 (KHTML, like Gecko) Chrome/148.0.0.0 Safari/537.36"
159.192.81.74 - - [09/Jun/2026:18:48:37 +0700] "POST /fertilizer/fertilizer_manage.php HTTP/2" 200 16247 "https://www.ccp.ac.th/fertilizer/fertilizer_manage.php" "Mozilla/5.0 (Windows NT 10.0; Win64; x64) AppleWebKit/537.36 (KHTML, like Gecko) Chrome/148.0.0.0 Safari/537.36"
43.173.132.81 - - [09/Jun/2026:18:49:09 +0700] "GET /robots.txt HTTP/2" 404 26 "-" "Mozilla/5.0 (Macintosh; Intel Mac OS X 10_15_7) AppleWebKit/537.36 (KHTML, like Gecko) Chrome/129.0.0.0 Safari/537.36"
136.118.240.104 - - [09/Jun/2026:18:49:16 +0700] "GET /admin/upload/images/%E0%B8%9B%E0%B8%B5%2067/%E0%B8%A1%E0%B8%B4.%E0%B8%A2./448318880_889537656315657_702578454840712084_n.jpg HTTP/2" 200 219666 "-" "Mozilla/5.0 (X11; Linux x86_64) AppleWebKit/537.36 (KHTML, like Gecko) Chrome/91.0.4472.114 Safari/537.36"
159.192.81.74 - - [09/Jun/2026:18:49:23 +0700] "POST /fertilizer/fertilizer_manage.php HTTP/2" 200 16371 "https://www.ccp.ac.th/fertilizer/fertilizer_manage.php" "Mozilla/5.0 (Windows NT 10.0; Win64; x64) AppleWebKit/537.36 (KHTML, like Gecko) Chrome/148.0.0.0 Safari/537.36"
34.187.170.38 - - [09/Jun/2026:18:49:31 +0700] "GET /admin/images/news_66b4393ab90a6.png HTTP/2" 404 26 "-" "Mozilla/5.0 (X11; Linux x86_64) AppleWebKit/537.36 (KHTML, like Gecko) Chrome/91.0.4472.114 Safari/537.36"
159.192.81.74 - - [09/Jun/2026:18:49:36 +0700] "POST /fertilizer/fertilizer_manage.php HTTP/2" 200 16375 "https://www.ccp.ac.th/fertilizer/fertilizer_manage.php" "Mozilla/5.0 (Windows NT 10.0; Win64; x64) AppleWebKit/537.36 (KHTML, like Gecko) Chrome/148.0.0.0 Safari/537.36"
159.192.81.74 - - [09/Jun/2026:18:49:50 +0700] "GET /fertilizer/formula.php HTTP/2" 200 11536 "https://www.ccp.ac.th/fertilizer/fertilizer_manage.php" "Mozilla/5.0 (Windows NT 10.0; Win64; x64) AppleWebKit/537.36 (KHTML, like Gecko) Chrome/148.0.0.0 Safari/537.36"
54.144.85.153 - - [09/Jun/2026:18:49:56 +0700] "GET / HTTP/2" 200 9337 "-" "Mozilla/5.0 (Windows NT 10.0; Win64; x64) AppleWebKit/537.36 (KHTML, like Gecko) Chrome/93.0.4577.63 Safari/537.36"
159.192.81.74 - - [09/Jun/2026:18:49:57 +0700] "POST /fertilizer/formula.php HTTP/2" 200 146 "https://www.ccp.ac.th/fertilizer/formula.php" "Mozilla/5.0 (Windows NT 10.0; Win64; x64) AppleWebKit/537.36 (KHTML, like Gecko) Chrome/148.0.0.0 Safari/537.36"
143.14.6.137 - - [09/Jun/2026:18:50:08 +0700] "GET /admin/upload/images/content/22%20%E0%B8%81.%E0%B8%9E.%2063/1.%20%E0%B8%9B%E0%B8%A3%E0%B8%B0%E0%B8%8A%E0%B8%B8%E0%B8%A1%E0%B8%95%E0%B8%B4%E0%B8%94%E0%B8%95%E0%B8%B2%E0%B8%A1%E0%B8%87%E0%B8%B2%E0%B8%99/%E0%B8%9B%E0%B8%A3%E0%B8%B0%E0%B8%8A%E0%B8%B8%E0%B8%A1%E0%B8%95%E0%B8%B4%E0%B8%94%E0%B8%95%E0%B8%B2%E0%B8%A1%E0%B8%87%E0%B8%B2%E0%B8%99_%E0%B9%92%E0%B9%90%E0%B9%90%E0%B9%92%E0%B9%92%E0%B9%92_0216.jpg HTTP/2" 200 376920 "https://ccp.ac.th/" "Mozilla/5.0 (Windows NT 10.0; Win64; x64) AppleWebKit/537.36 (KHTML, like Gecko) Chrome/116.0.0.0 Safari/537.36"
159.192.81.74 - - [09/Jun/2026:18:51:24 +0700] "POST /fertilizer/formula.php HTTP/2" 200 94 "https://www.ccp.ac.th/fertilizer/formula.php" "Mozilla/5.0 (Windows NT 10.0; Win64; x64) AppleWebKit/537.36 (KHTML, like Gecko) Chrome/148.0.0.0 Safari/537.36"
159.192.81.74 - - [09/Jun/2026:18:51:28 +0700] "GET /fertilizer/formula.php HTTP/2" 200 11554 "https://www.ccp.ac.th/fertilizer/formula.php" "Mozilla/5.0 (Windows NT 10.0; Win64; x64) AppleWebKit/537.36 (KHTML, like Gecko) Chrome/148.0.0.0 Safari/537.36"
159.192.81.74 - - [09/Jun/2026:18:52:48 +0700] "POST /fertilizer/formula.php HTTP/2" 200 148 "https://www.ccp.ac.th/fertilizer/formula.php" "Mozilla/5.0 (Windows NT 10.0; Win64; x64) AppleWebKit/537.36 (KHTML, like Gecko) Chrome/148.0.0.0 Safari/537.36"
8.231.141.210 - - [09/Jun/2026:18:52:58 +0700] "GET /admin/upload/images/%E0%B8%9B%E0%B8%B5%2067/%E0%B8%A1%E0%B8%B4.%E0%B8%A2./448275035_889268189675937_6841800686876042827_n.jpg HTTP/2" 200 197791 "-" "Mozilla/5.0 (X11; Linux x86_64) AppleWebKit/537.36 (KHTML, like Gecko) Chrome/91.0.4472.114 Safari/537.36"
159.192.81.74 - - [09/Jun/2026:18:53:13 +0700] "POST /fertilizer/formula.php HTTP/2" 200 94 "https://www.ccp.ac.th/fertilizer/formula.php" "Mozilla/5.0 (Windows NT 10.0; Win64; x64) AppleWebKit/537.36 (KHTML, like Gecko) Chrome/148.0.0.0 Safari/537.36"
159.192.81.74 - - [09/Jun/2026:18:53:14 +0700] "GET /fertilizer/formula.php HTTP/2" 200 11542 "https://www.ccp.ac.th/fertilizer/formula.php" "Mozilla/5.0 (Windows NT 10.0; Win64; x64) AppleWebKit/537.36 (KHTML, like Gecko) Chrome/148.0.0.0 Safari/537.36"
52.167.144.170 - - [09/Jun/2026:18:53:53 +0700] "GET /news_details.php?news_id=00000000520 HTTP/2" 200 5397 "-" "Mozilla/5.0 AppleWebKit/537.36 (KHTML, like Gecko; compatible; bingbot/2.0; +http://www.bing.com/bingbot.htm) Chrome/116.0.1938.76 Safari/537.36"
52.167.144.162 - - [09/Jun/2026:18:54:20 +0700] "GET /newbctoqcs80534021 HTTP/2" 404 26 "-" "Mozilla/5.0 AppleWebKit/537.36 (KHTML, like Gecko; compatible; bingbot/2.0; +http://www.bing.com/bingbot.htm) Chrome/116.0.1938.76 Safari/537.36"
159.192.81.74 - - [09/Jun/2026:18:54:27 +0700] "GET /fertilizer/formula.php? HTTP/2" 200 11492 "https://www.ccp.ac.th/fertilizer/formula.php" "Mozilla/5.0 (Windows NT 10.0; Win64; x64) AppleWebKit/537.36 (KHTML, like Gecko) Chrome/148.0.0.0 Safari/537.36"
159.192.81.74 - - [09/Jun/2026:18:54:39 +0700] "POST /fertilizer/formula.php? HTTP/2" 200 172 "https://www.ccp.ac.th/fertilizer/formula.php?" "Mozilla/5.0 (Windows NT 10.0; Win64; x64) AppleWebKit/537.36 (KHTML, like Gecko) Chrome/148.0.0.0 Safari/537.36"
66.249.66.71 - - [09/Jun/2026:18:54:40 +0700] "GET /video/?id=%E0%B8%81%E0%B8%A3%E0%B8%AD%E0%B8%9A%E0%B8%82%E0%B9%89%E0%B8%AD%E0%B8%84%E0%B8%A7%E0%B8%B2%E0%B8%A1 HTTP/2" 404 26 "-" "Mozilla/5.0 (Linux; Android 6.0.1; Nexus 5X Build/MMB29P) AppleWebKit/537.36 (KHTML, like Gecko) Chrome/148.0.7778.96 Mobile Safari/537.36 (compatible; Googlebot/2.1; +http://www.google.com/bot.html)"
159.192.81.74 - - [09/Jun/2026:18:54:51 +0700] "POST /fertilizer/formula.php? HTTP/2" 200 94 "https://www.ccp.ac.th/fertilizer/formula.php?" "Mozilla/5.0 (Windows NT 10.0; Win64; x64) AppleWebKit/537.36 (KHTML, like Gecko) Chrome/148.0.0.0 Safari/537.36"
159.192.81.74 - - [09/Jun/2026:18:54:52 +0700] "GET /fertilizer/formula.php? HTTP/2" 200 11522 "https://www.ccp.ac.th/fertilizer/formula.php?" "Mozilla/5.0 (Windows NT 10.0; Win64; x64) AppleWebKit/537.36 (KHTML, like Gecko) Chrome/148.0.0.0 Safari/537.36"
34.169.80.22 - - [09/Jun/2026:18:55:00 +0700] "GET /admin/upload/images/%E0%B8%9B%E0%B8%B5%2067/%E0%B8%AA.%E0%B8%84./%E0%B8%AA%E0%B8%B1%E0%B8%9B%E0%B8%94%E0%B8%B2%E0%B8%AB%E0%B9%8C%E0%B8%A7%E0%B8%B4%E0%B8%97%E0%B8%A2%E0%B9%8C/456542130_930288625573893_7233497623350572013_n.jpg HTTP/2" 200 84859 "-" "Mozilla/5.0 (X11; Linux x86_64) AppleWebKit/537.36 (KHTML, like Gecko) Chrome/91.0.4472.114 Safari/537.36"
159.192.81.74 - - [09/Jun/2026:18:55:13 +0700] "GET /fertilizer/formula.php? HTTP/2" 200 11508 "https://www.ccp.ac.th/fertilizer/formula.php?" "Mozilla/5.0 (Windows NT 10.0; Win64; x64) AppleWebKit/537.36 (KHTML, like Gecko) Chrome/148.0.0.0 Safari/537.36"
159.192.81.74 - - [09/Jun/2026:18:55:24 +0700] "POST /fertilizer/formula.php? HTTP/2" 200 147 "https://www.ccp.ac.th/fertilizer/formula.php?" "Mozilla/5.0 (Windows NT 10.0; Win64; x64) AppleWebKit/537.36 (KHTML, like Gecko) Chrome/148.0.0.0 Safari/537.36"
159.192.81.74 - - [09/Jun/2026:18:55:52 +0700] "POST /fertilizer/formula.php? HTTP/2" 200 94 "https://www.ccp.ac.th/fertilizer/formula.php?" "Mozilla/5.0 (Windows NT 10.0; Win64; x64) AppleWebKit/537.36 (KHTML, like Gecko) Chrome/148.0.0.0 Safari/537.36"
159.192.81.74 - - [09/Jun/2026:18:55:54 +0700] "GET /fertilizer/formula.php? HTTP/2" 200 11505 "https://www.ccp.ac.th/fertilizer/formula.php?" "Mozilla/5.0 (Windows NT 10.0; Win64; x64) AppleWebKit/537.36 (KHTML, like Gecko) Chrome/148.0.0.0 Safari/537.36"
129.226.217.17 - - [09/Jun/2026:18:56:00 +0700] "GET / HTTP/2" 200 9337 "http://ccp.ac.th" "Mozilla/5.0 (iPhone; CPU iPhone OS 13_2_3 like Mac OS X) AppleWebKit/605.1.15 (KHTML, like Gecko) Version/13.0.3 Mobile/15E148 Safari/604.1"
159.192.81.74 - - [09/Jun/2026:18:56:23 +0700] "POST /fertilizer/formula.php? HTTP/2" 200 161 "https://www.ccp.ac.th/fertilizer/formula.php?" "Mozilla/5.0 (Windows NT 10.0; Win64; x64) AppleWebKit/537.36 (KHTML, like Gecko) Chrome/148.0.0.0 Safari/537.36"
66.249.66.168 - - [09/Jun/2026:18:56:41 +0700] "GET /news_details.php?news_id=00000000472 HTTP/2" 200 4714 "-" "Mozilla/5.0 (Linux; Android 6.0.1; Nexus 5X Build/MMB29P) AppleWebKit/537.36 (KHTML, like Gecko) Chrome/148.0.7778.96 Mobile Safari/537.36 (compatible; Googlebot/2.1; +http://www.google.com/bot.html)"
159.192.81.74 - - [09/Jun/2026:18:56:44 +0700] "POST /fertilizer/formula.php? HTTP/2" 200 94 "https://www.ccp.ac.th/fertilizer/formula.php?" "Mozilla/5.0 (Windows NT 10.0; Win64; x64) AppleWebKit/537.36 (KHTML, like Gecko) Chrome/148.0.0.0 Safari/537.36"
159.192.81.74 - - [09/Jun/2026:18:56:45 +0700] "GET /fertilizer/formula.php? HTTP/2" 200 11496 "https://www.ccp.ac.th/fertilizer/formula.php?" "Mozilla/5.0 (Windows NT 10.0; Win64; x64) AppleWebKit/537.36 (KHTML, like Gecko) Chrome/148.0.0.0 Safari/537.36"
159.192.81.74 - - [09/Jun/2026:18:57:00 +0700] "POST /fertilizer/formula.php? HTTP/2" 200 191 "https://www.ccp.ac.th/fertilizer/formula.php?" "Mozilla/5.0 (Windows NT 10.0; Win64; x64) AppleWebKit/537.36 (KHTML, like Gecko) Chrome/148.0.0.0 Safari/537.36"
34.24.235.29 - - [09/Jun/2026:18:57:16 +0700] "GET /.git/config HTTP/2" 403 26 "-" "Mozilla/5.0 (Linux; Android 9; GM1910) AppleWebKit/537.36 (KHTML, like Gecko) Chrome/76.0.3809.111 Mobile Safari/537.36"
159.192.81.74 - - [09/Jun/2026:18:57:30 +0700] "POST /fertilizer/formula.php? HTTP/2" 200 94 "https://www.ccp.ac.th/fertilizer/formula.php?" "Mozilla/5.0 (Windows NT 10.0; Win64; x64) AppleWebKit/537.36 (KHTML, like Gecko) Chrome/148.0.0.0 Safari/537.36"
159.192.81.74 - - [09/Jun/2026:18:57:31 +0700] "GET /fertilizer/formula.php? HTTP/2" 200 11512 "https://www.ccp.ac.th/fertilizer/formula.php?" "Mozilla/5.0 (Windows NT 10.0; Win64; x64) AppleWebKit/537.36 (KHTML, like Gecko) Chrome/148.0.0.0 Safari/537.36"
159.192.81.74 - - [09/Jun/2026:18:57:38 +0700] "GET /fertilizer/fertilizer_manage.php HTTP/2" 200 13361 "https://www.ccp.ac.th/fertilizer/formula.php?" "Mozilla/5.0 (Windows NT 10.0; Win64; x64) AppleWebKit/537.36 (KHTML, like Gecko) Chrome/148.0.0.0 Safari/537.36"
159.192.81.74 - - [09/Jun/2026:18:57:46 +0700] "POST /fertilizer/fertilizer_manage.php HTTP/2" 200 16426 "https://www.ccp.ac.th/fertilizer/fertilizer_manage.php" "Mozilla/5.0 (Windows NT 10.0; Win64; x64) AppleWebKit/537.36 (KHTML, like Gecko) Chrome/148.0.0.0 Safari/537.36"
34.75.129.228 - - [09/Jun/2026:18:57:51 +0700] "GET /.git/config HTTP/2" 403 26 "-" "Links/0.9.1 (Linux 2.4.24; i386;)"
207.46.13.64 - - [09/Jun/2026:18:58:19 +0700] "GET /hardest-gold/stata-title-font-size HTTP/2" 404 26 "-" "Mozilla/5.0 AppleWebKit/537.36 (KHTML, like Gecko; compatible; bingbot/2.0; +http://www.bing.com/bingbot.htm) Chrome/116.0.1938.76 Safari/537.36"
66.249.66.199 - - [09/Jun/2026:18:59:11 +0700] "GET /video/?id=%E0%B8%AA%E0%B8%A1%E0%B8%B1%E0%B8%84%E0%B8%A3+%E0%B8%9A%E0%B8%B2+%E0%B8%84%E0%B9%88%E0%B8%B2+%E0%B8%A3%E0%B9%88%E0%B8%B2+888 HTTP/2" 404 26 "-" "Mozilla/5.0 (Linux; Android 6.0.1; Nexus 5X Build/MMB29P) AppleWebKit/537.36 (KHTML, like Gecko) Chrome/148.0.7778.96 Mobile Safari/537.36 (compatible; Googlebot/2.1; +http://www.google.com/bot.html)"
136.118.65.212 - - [09/Jun/2026:18:59:22 +0700] "GET /admin/upload/images/%E0%B8%9A%E0%B8%B8%E0%B8%84%E0%B8%A5%E0%B8%B2%E0%B8%81%E0%B8%A3/%E0%B8%AA%E0%B9%84%E0%B8%A5%E0%B8%94%E0%B9%8C7_0.jpg HTTP/2" 200 185479 "-" "Mozilla/5.0 (X11; Linux x86_64) AppleWebKit/537.36 (KHTML, like Gecko) Chrome/91.0.4472.114 Safari/537.36"
159.192.81.74 - - [09/Jun/2026:19:00:00 +0700] "POST /fertilizer/fertilizer_manage.php HTTP/2" 200 16259 "https://www.ccp.ac.th/fertilizer/fertilizer_manage.php" "Mozilla/5.0 (Windows NT 10.0; Win64; x64) AppleWebKit/537.36 (KHTML, like Gecko) Chrome/148.0.0.0 Safari/537.36"
159.192.81.74 - - [09/Jun/2026:19:00:11 +0700] "POST /fertilizer/fertilizer_manage.php HTTP/2" 200 16309 "https://www.ccp.ac.th/fertilizer/fertilizer_manage.php" "Mozilla/5.0 (Windows NT 10.0; Win64; x64) AppleWebKit/537.36 (KHTML, like Gecko) Chrome/148.0.0.0 Safari/537.36"
159.192.81.74 - - [09/Jun/2026:19:00:17 +0700] "POST /fertilizer/fertilizer_manage.php HTTP/2" 200 16315 "https://www.ccp.ac.th/fertilizer/fertilizer_manage.php" "Mozilla/5.0 (Windows NT 10.0; Win64; x64) AppleWebKit/537.36 (KHTML, like Gecko) Chrome/148.0.0.0 Safari/537.36"
159.192.81.74 - - [09/Jun/2026:19:00:23 +0700] "POST /fertilizer/fertilizer_manage.php HTTP/2" 200 16264 "https://www.ccp.ac.th/fertilizer/fertilizer_manage.php" "Mozilla/5.0 (Windows NT 10.0; Win64; x64) AppleWebKit/537.36 (KHTML, like Gecko) Chrome/148.0.0.0 Safari/537.36"
159.192.81.74 - - [09/Jun/2026:19:00:37 +0700] "POST /fertilizer/fertilizer_manage.php HTTP/2" 200 16128 "https://www.ccp.ac.th/fertilizer/fertilizer_manage.php" "Mozilla/5.0 (Windows NT 10.0; Win64; x64) AppleWebKit/537.36 (KHTML, like Gecko) Chrome/148.0.0.0 Safari/537.36"
52.167.144.162 - - [09/Jun/2026:19:00:40 +0700] "GET /admin/images/news_62c3b3dfc49e8.png HTTP/2" 200 1353594 "-" "Mozilla/5.0 AppleWebKit/537.36 (KHTML, like Gecko; compatible; bingbot/2.0; +http://www.bing.com/bingbot.htm) Chrome/116.0.1938.76 Safari/537.36"
159.192.81.74 - - [09/Jun/2026:19:00:42 +0700] "POST /fertilizer/fertilizer_manage.php HTTP/2" 200 16133 "https://www.ccp.ac.th/fertilizer/fertilizer_manage.php" "Mozilla/5.0 (Windows NT 10.0; Win64; x64) AppleWebKit/537.36 (KHTML, like Gecko) Chrome/148.0.0.0 Safari/537.36"
159.192.81.74 - - [09/Jun/2026:19:00:47 +0700] "POST /fertilizer/fertilizer_manage.php HTTP/2" 200 15894 "https://www.ccp.ac.th/fertilizer/fertilizer_manage.php" "Mozilla/5.0 (Windows NT 10.0; Win64; x64) AppleWebKit/537.36 (KHTML, like Gecko) Chrome/148.0.0.0 Safari/537.36"
159.192.81.74 - - [09/Jun/2026:19:00:51 +0700] "POST /fertilizer/fertilizer_manage.php HTTP/2" 200 15663 "https://www.ccp.ac.th/fertilizer/fertilizer_manage.php" "Mozilla/5.0 (Windows NT 10.0; Win64; x64) AppleWebKit/537.36 (KHTML, like Gecko) Chrome/148.0.0.0 Safari/537.36"
35.252.71.211 - - [09/Jun/2026:19:01:08 +0700] "GET /admin/images/news_682ebccbbd1f1.jpg HTTP/2" 200 306958 "-" "Mozilla/5.0 (X11; Linux x86_64) AppleWebKit/537.36 (KHTML, like Gecko) Chrome/91.0.4472.114 Safari/537.36"
159.192.81.74 - - [09/Jun/2026:19:01:22 +0700] "POST /fertilizer/fertilizer_manage.php HTTP/2" 200 15969 "https://www.ccp.ac.th/fertilizer/fertilizer_manage.php" "Mozilla/5.0 (Windows NT 10.0; Win64; x64) AppleWebKit/537.36 (KHTML, like Gecko) Chrome/148.0.0.0 Safari/537.36"
159.192.81.74 - - [09/Jun/2026:19:01:42 +0700] "POST /fertilizer/fertilizer_manage.php HTTP/2" 200 16099 "https://www.ccp.ac.th/fertilizer/fertilizer_manage.php" "Mozilla/5.0 (Windows NT 10.0; Win64; x64) AppleWebKit/537.36 (KHTML, like Gecko) Chrome/148.0.0.0 Safari/537.36"
159.192.81.74 - - [09/Jun/2026:19:02:06 +0700] "POST /fertilizer/fertilizer_manage.php HTTP/2" 200 16168 "https://www.ccp.ac.th/fertilizer/fertilizer_manage.php" "Mozilla/5.0 (Windows NT 10.0; Win64; x64) AppleWebKit/537.36 (KHTML, like Gecko) Chrome/148.0.0.0 Safari/537.36"
159.192.81.74 - - [09/Jun/2026:19:02:23 +0700] "POST /fertilizer/fertilizer_manage.php HTTP/2" 200 16253 "https://www.ccp.ac.th/fertilizer/fertilizer_manage.php" "Mozilla/5.0 (Windows NT 10.0; Win64; x64) AppleWebKit/537.36 (KHTML, like Gecko) Chrome/148.0.0.0 Safari/537.36"
159.192.81.74 - - [09/Jun/2026:19:02:43 +0700] "POST /fertilizer/fertilizer_manage.php HTTP/2" 200 16291 "https://www.ccp.ac.th/fertilizer/fertilizer_manage.php" "Mozilla/5.0 (Windows NT 10.0; Win64; x64) AppleWebKit/537.36 (KHTML, like Gecko) Chrome/148.0.0.0 Safari/537.36"
159.192.81.74 - - [09/Jun/2026:19:03:08 +0700] "POST /fertilizer/fertilizer_manage.php HTTP/2" 200 16309 "https://www.ccp.ac.th/fertilizer/fertilizer_manage.php" "Mozilla/5.0 (Windows NT 10.0; Win64; x64) AppleWebKit/537.36 (KHTML, like Gecko) Chrome/148.0.0.0 Safari/537.36"
40.77.167.123 - - [09/Jun/2026:19:03:19 +0700] "GET /hardest-gold/inkscape-command-line-not-working HTTP/2" 404 26 "-" "Mozilla/5.0 AppleWebKit/537.36 (KHTML, like Gecko; compatible; bingbot/2.0; +http://www.bing.com/bingbot.htm) Chrome/116.0.1938.76 Safari/537.36"
159.192.81.74 - - [09/Jun/2026:19:03:20 +0700] "POST /fertilizer/fertilizer_manage.php HTTP/2" 200 16290 "https://www.ccp.ac.th/fertilizer/fertilizer_manage.php" "Mozilla/5.0 (Windows NT 10.0; Win64; x64) AppleWebKit/537.36 (KHTML, like Gecko) Chrome/148.0.0.0 Safari/537.36"
114.119.133.116 - - [09/Jun/2026:19:03:30 +0700] "GET /miratoncfl10201398 HTTP/2" 404 26 "https://ccp.ac.th/miratoncfl10201398" "Mozilla/5.0 (Linux; Android 7.0;) AppleWebKit/537.36 (HTML, like Gecko) Mobile Safari/537.36 (compatible; PetalBot;+https://webmaster.petalsearch.com/site/petalbot)"
52.167.144.197 - - [09/Jun/2026:19:03:47 +0700] "GET /hardest-gold/inkscape-command-line-not-working HTTP/2" 404 26 "-" "Mozilla/5.0 AppleWebKit/537.36 (KHTML, like Gecko; compatible; bingbot/2.0; +http://www.bing.com/bingbot.htm) Chrome/116.0.1938.76 Safari/537.36"
52.167.144.197 - - [09/Jun/2026:19:04:20 +0700] "GET /sp/admin_gard/student/login_go.php?username=2025 HTTP/2" 200 98 "-" "Mozilla/5.0 AppleWebKit/537.36 (KHTML, like Gecko; compatible; bingbot/2.0; +http://www.bing.com/bingbot.htm) Chrome/116.0.1938.76 Safari/537.36"
159.192.81.74 - - [09/Jun/2026:19:04:55 +0700] "POST /fertilizer/fertilizer_manage.php HTTP/2" 200 16396 "https://www.ccp.ac.th/fertilizer/fertilizer_manage.php" "Mozilla/5.0 (Windows NT 10.0; Win64; x64) AppleWebKit/537.36 (KHTML, like Gecko) Chrome/148.0.0.0 Safari/537.36"
159.192.81.74 - - [09/Jun/2026:19:05:26 +0700] "POST /fertilizer/fertilizer_manage.php HTTP/2" 200 16376 "https://www.ccp.ac.th/fertilizer/fertilizer_manage.php" "Mozilla/5.0 (Windows NT 10.0; Win64; x64) AppleWebKit/537.36 (KHTML, like Gecko) Chrome/148.0.0.0 Safari/537.36"
192.178.8.70 - - [09/Jun/2026:19:05:34 +0700] "GET /.well-known/traffic-advice HTTP/2" 404 26 "-" "Chrome Privacy Preserving Prefetch Proxy"
2001:4860:7:411::f - - [09/Jun/2026:19:05:34 +0700] "GET / HTTP/2" 200 9336 "https://www.google.com/" "Mozilla/5.0 (Linux; Android 10; K) AppleWebKit/537.36 (KHTML, like Gecko) Chrome/149.0.0.0 Mobile Safari/537.36"
2001:4860:7:411::f6 - - [09/Jun/2026:19:05:35 +0700] "GET /sp/admin_gard/student/student_login.php HTTP/2" 200 3927 "https://www.google.com/" "Mozilla/5.0 (Linux; Android 10; K) AppleWebKit/537.36 (KHTML, like Gecko) Chrome/149.0.0.0 Mobile Safari/537.36"
1.47.19.72 - - [09/Jun/2026:19:05:36 +0700] "GET /css/style2.css HTTP/2" 404 26 "https://www.ccp.ac.th/" "Mozilla/5.0 (Linux; Android 10; K) AppleWebKit/537.36 (KHTML, like Gecko) Chrome/149.0.0.0 Mobile Safari/537.36"
1.47.19.72 - - [09/Jun/2026:19:05:36 +0700] "GET /admin/upload/images/%E0%B9%80%E0%B8%A7%E0%B9%87%E0%B8%9A%E0%B9%84%E0%B8%8B%E0%B8%95%E0%B9%8C/2566/%E0%B8%94%E0%B8%B5%E0%B9%84%E0%B8%8B%E0%B8%99%E0%B9%8C%E0%B8%97%E0%B8%B5%E0%B9%88%E0%B8%A2%E0%B8%B1%E0%B8%87%E0%B9%84%E0%B8%A1%E0%B9%88%E0%B9%84%E0%B8%94%E0%B9%89%E0%B8%95%E0%B8%B1%E0%B9%89%E0%B8%87%E0%B8%8A%E0%B8%B7%E0%B9%88%E0%B8%ADssss.png HTTP/2" 404 26 "https://www.ccp.ac.th/" "Mozilla/5.0 (Linux; Android 10; K) AppleWebKit/537.36 (KHTML, like Gecko) Chrome/149.0.0.0 Mobile Safari/537.36"
1.47.19.72 - - [09/Jun/2026:19:05:36 +0700] "GET /admin/upload/images/%E0%B9%80%E0%B8%A7%E0%B9%87%E0%B8%9A%E0%B9%84%E0%B8%8B%E0%B8%95%E0%B9%8C/2566/%E0%B8%94%E0%B8%B5%E0%B9%84%E0%B8%8B%E0%B8%99%E0%B9%8C%E0%B8%97%E0%B8%B5%E0%B9%88%E0%B8%A2%E0%B8%B1%E0%B8%87%E0%B9%84%E0%B8%A1%E0%B9%88%E0%B9%84%E0%B8%94%E0%B9%89%E0%B8%95%E0%B8%B1%E0%B9%89%E0%B8%87%E0%B8%8A%E0%B8%B7%E0%B9%88%E0%B8%ADdd.png HTTP/2" 404 26 "https://www.ccp.ac.th/" "Mozilla/5.0 (Linux; Android 10; K) AppleWebKit/537.36 (KHTML, like Gecko) Chrome/149.0.0.0 Mobile Safari/537.36"
1.47.19.72 - - [09/Jun/2026:19:05:36 +0700] "GET /admin/upload/images/content/portfolio/IMG_002.jpg HTTP/2" 404 26 "https://www.ccp.ac.th/" "Mozilla/5.0 (Linux; Android 10; K) AppleWebKit/537.36 (KHTML, like Gecko) Chrome/149.0.0.0 Mobile Safari/537.36"
1.47.19.72 - - [09/Jun/2026:19:05:36 +0700] "GET /admin/upload/images/%E0%B9%80%E0%B8%A7%E0%B9%87%E0%B8%9A%E0%B9%84%E0%B8%8B%E0%B8%95%E0%B9%8C/2566/%E0%B8%94%E0%B8%B5%E0%B9%84%E0%B8%8B%E0%B8%99%E0%B9%8C%E0%B8%97%E0%B8%B5%E0%B9%88%E0%B8%A2%E0%B8%B1%E0%B8%87%E0%B9%84%E0%B8%A1%E0%B9%88%E0%B9%84%E0%B8%94%E0%B9%89%E0%B8%95%E0%B8%B1%E0%B9%89%E0%B8%87%E0%B8%8A%E0%B8%B7%E0%B9%88%E0%B8%AD.png HTTP/2" 404 26 "https://www.ccp.ac.th/" "Mozilla/5.0 (Linux; Android 10; K) AppleWebKit/537.36 (KHTML, like Gecko) Chrome/149.0.0.0 Mobile Safari/537.36"
1.47.19.72 - - [09/Jun/2026:19:05:36 +0700] "GET /icon-fonts/themify.woff?-fvbane HTTP/2" 403 26 "https://www.ccp.ac.th/css/themify-icons.css" "Mozilla/5.0 (Linux; Android 10; K) AppleWebKit/537.36 (KHTML, like Gecko) Chrome/149.0.0.0 Mobile Safari/537.36"
1.47.19.72 - - [09/Jun/2026:19:05:36 +0700] "GET /js/header.js HTTP/2" 404 26 "https://www.ccp.ac.th/" "Mozilla/5.0 (Linux; Android 10; K) AppleWebKit/537.36 (KHTML, like Gecko) Chrome/149.0.0.0 Mobile Safari/537.36"
1.47.19.72 - - [09/Jun/2026:19:05:36 +0700] "GET /admin/upload/images/%E0%B9%80%E0%B8%A7%E0%B9%87%E0%B8%9A%E0%B9%84%E0%B8%8B%E0%B8%95%E0%B9%8C/2566/S__2408467.jpg HTTP/2" 404 26 "https://www.ccp.ac.th/" "Mozilla/5.0 (Linux; Android 10; K) AppleWebKit/537.36 (KHTML, like Gecko) Chrome/149.0.0.0 Mobile Safari/537.36"
1.47.19.72 - - [09/Jun/2026:19:05:37 +0700] "GET /img/hero-slider/ss1.jpg HTTP/2" 304 0 "https://www.ccp.ac.th/" "Mozilla/5.0 (Linux; Android 10; K) AppleWebKit/537.36 (KHTML, like Gecko) Chrome/149.0.0.0 Mobile Safari/537.36"
1.47.19.72 - - [09/Jun/2026:19:05:37 +0700] "GET /admin/upload/images/content/portfolio/m002.jpg HTTP/2" 404 26 "https://www.ccp.ac.th/" "Mozilla/5.0 (Linux; Android 10; K) AppleWebKit/537.36 (KHTML, like Gecko) Chrome/149.0.0.0 Mobile Safari/537.36"
1.47.19.72 - - [09/Jun/2026:19:05:37 +0700] "GET /admin/upload/images/%E0%B9%80%E0%B8%A7%E0%B9%87%E0%B8%9A%E0%B9%84%E0%B8%8B%E0%B8%95%E0%B9%8C/2566/S__2408458_0.jpg HTTP/2" 404 26 "https://www.ccp.ac.th/" "Mozilla/5.0 (Linux; Android 10; K) AppleWebKit/537.36 (KHTML, like Gecko) Chrome/149.0.0.0 Mobile Safari/537.36"
1.47.19.72 - - [09/Jun/2026:19:05:37 +0700] "GET /img/gallery/33.jpg HTTP/2" 404 26 "https://www.ccp.ac.th/" "Mozilla/5.0 (Linux; Android 10; K) AppleWebKit/537.36 (KHTML, like Gecko) Chrome/149.0.0.0 Mobile Safari/537.36"
1.47.19.72 - - [09/Jun/2026:19:05:37 +0700] "GET /admin/upload/images/%E0%B9%80%E0%B8%A7%E0%B9%87%E0%B8%9A%E0%B9%84%E0%B8%8B%E0%B8%95%E0%B9%8C/2566/S__2408460_0.jpg HTTP/2" 404 26 "https://www.ccp.ac.th/" "Mozilla/5.0 (Linux; Android 10; K) AppleWebKit/537.36 (KHTML, like Gecko) Chrome/149.0.0.0 Mobile Safari/537.36"
1.47.19.72 - - [09/Jun/2026:19:05:37 +0700] "GET /admin/images/news_69cf272f1f06e.php HTTP/2" 200 17095 "https://www.ccp.ac.th/" "Mozilla/5.0 (Linux; Android 10; K) AppleWebKit/537.36 (KHTML, like Gecko) Chrome/149.0.0.0 Mobile Safari/537.36"
1.47.19.72 - - [09/Jun/2026:19:05:37 +0700] "GET /admin/upload/images/%E0%B9%80%E0%B8%A7%E0%B9%87%E0%B8%9A%E0%B9%84%E0%B8%8B%E0%B8%95%E0%B9%8C/2566/IMG_0198.jpeg HTTP/2" 404 26 "https://www.ccp.ac.th/" "Mozilla/5.0 (Linux; Android 10; K) AppleWebKit/537.36 (KHTML, like Gecko) Chrome/149.0.0.0 Mobile Safari/537.36"
1.47.19.72 - - [09/Jun/2026:19:05:37 +0700] "GET /admin/images/news_69c055a3ba8f9.php HTTP/2" 200 406 "https://www.ccp.ac.th/" "Mozilla/5.0 (Linux; Android 10; K) AppleWebKit/537.36 (KHTML, like Gecko) Chrome/149.0.0.0 Mobile Safari/537.36"
1.47.19.72 - - [09/Jun/2026:19:05:37 +0700] "GET /admin/upload/images/%E0%B9%80%E0%B8%A7%E0%B9%87%E0%B8%9A%E0%B9%84%E0%B8%8B%E0%B8%95%E0%B9%8C/2566/S__2408455.jpg HTTP/2" 404 26 "https://www.ccp.ac.th/" "Mozilla/5.0 (Linux; Android 10; K) AppleWebKit/537.36 (KHTML, like Gecko) Chrome/149.0.0.0 Mobile Safari/537.36"
1.47.19.72 - - [09/Jun/2026:19:05:37 +0700] "GET /icon-fonts/themify.ttf?-fvbane HTTP/2" 403 26 "https://www.ccp.ac.th/css/themify-icons.css" "Mozilla/5.0 (Linux; Android 10; K) AppleWebKit/537.36 (KHTML, like Gecko) Chrome/149.0.0.0 Mobile Safari/537.36"
185.191.171.7 - - [09/Jun/2026:19:05:38 +0700] "GET /robots.txt HTTP/2" 404 26 "-" "Mozilla/5.0 (compatible; SemrushBot/7~bl; +http://www.semrush.com/bot.html)"
85.208.96.206 - - [09/Jun/2026:19:05:41 +0700] "GET /news_details.php?news_id=00000000536 HTTP/2" 200 4785 "-" "Mozilla/5.0 (compatible; SemrushBot/7~bl; +http://www.semrush.com/bot.html)"
1.47.19.72 - - [09/Jun/2026:19:05:56 +0700] "GET /admin/images/news_69c055a3ba8f9.php HTTP/2" 200 406 "https://www.ccp.ac.th/relations.php" "Mozilla/5.0 (Linux; Android 10; K) AppleWebKit/537.36 (KHTML, like Gecko) Chrome/149.0.0.0 Mobile Safari/537.36"
1.47.19.72 - - [09/Jun/2026:19:05:56 +0700] "GET /admin/images/news_69cf272f1f06e.php HTTP/2" 200 16039 "https://www.ccp.ac.th/relations.php" "Mozilla/5.0 (Linux; Android 10; K) AppleWebKit/537.36 (KHTML, like Gecko) Chrome/149.0.0.0 Mobile Safari/537.36"
1.47.19.72 - - [09/Jun/2026:19:05:56 +0700] "GET /relations.php HTTP/2" 200 4320 "https://www.ccp.ac.th/" "Mozilla/5.0 (Linux; Android 10; K) AppleWebKit/537.36 (KHTML, like Gecko) Chrome/149.0.0.0 Mobile Safari/537.36"
1.47.19.72 - - [09/Jun/2026:19:06:07 +0700] "GET /icon-fonts/themify.woff?-fvbane HTTP/2" 403 26 "https://www.ccp.ac.th/css/themify-icons.css" "Mozilla/5.0 (Linux; Android 10; K) AppleWebKit/537.36 (KHTML, like Gecko) Chrome/149.0.0.0 Mobile Safari/537.36"
1.47.19.72 - - [09/Jun/2026:19:06:07 +0700] "GET /icon-fonts/themify.ttf?-fvbane HTTP/2" 403 26 "https://www.ccp.ac.th/css/themify-icons.css" "Mozilla/5.0 (Linux; Android 10; K) AppleWebKit/537.36 (KHTML, like Gecko) Chrome/149.0.0.0 Mobile Safari/537.36"
1.47.19.72 - - [09/Jun/2026:19:06:07 +0700] "GET /news_details.php?news_id=00000000556 HTTP/2" 200 4345 "https://www.ccp.ac.th/relations.php" "Mozilla/5.0 (Linux; Android 10; K) AppleWebKit/537.36 (KHTML, like Gecko) Chrome/149.0.0.0 Mobile Safari/537.36"
1.47.19.72 - - [09/Jun/2026:19:06:07 +0700] "GET /admin/images/news_69c055a3ba8f9.php HTTP/2" 200 406 "https://www.ccp.ac.th/news_details.php?news_id=00000000556" "Mozilla/5.0 (Linux; Android 10; K) AppleWebKit/537.36 (KHTML, like Gecko) Chrome/149.0.0.0 Mobile Safari/537.36"
1.47.19.72 - - [09/Jun/2026:19:06:07 +0700] "GET /admin/images/news_69cf272f1f06e.php HTTP/2" 200 17095 "https://www.ccp.ac.th/news_details.php?news_id=00000000556" "Mozilla/5.0 (Linux; Android 10; K) AppleWebKit/537.36 (KHTML, like Gecko) Chrome/149.0.0.0 Mobile Safari/537.36"
1.47.19.72 - - [09/Jun/2026:19:07:56 +0700] "GET /news_details.php?news_id=00000000556 HTTP/2" 200 4345 "https://www.ccp.ac.th/" "Mozilla/5.0 (Linux; Android 10; K) AppleWebKit/537.36 (KHTML, like Gecko) Chrome/149.0.0.0 Mobile Safari/537.36"
1.47.19.72 - - [09/Jun/2026:19:07:56 +0700] "GET /admin/images/news_69c055a3ba8f9.php HTTP/2" 200 406 "https://www.ccp.ac.th/news_details.php?news_id=00000000556" "Mozilla/5.0 (Linux; Android 10; K) AppleWebKit/537.36 (KHTML, like Gecko) Chrome/149.0.0.0 Mobile Safari/537.36"
1.47.19.72 - - [09/Jun/2026:19:07:56 +0700] "GET /icon-fonts/themify.woff?-fvbane HTTP/2" 403 26 "https://www.ccp.ac.th/css/themify-icons.css" "Mozilla/5.0 (Linux; Android 10; K) AppleWebKit/537.36 (KHTML, like Gecko) Chrome/149.0.0.0 Mobile Safari/537.36"
1.47.19.72 - - [09/Jun/2026:19:07:56 +0700] "GET /admin/images/news_69cf272f1f06e.php HTTP/2" 200 12362 "https://www.ccp.ac.th/news_details.php?news_id=00000000556" "Mozilla/5.0 (Linux; Android 10; K) AppleWebKit/537.36 (KHTML, like Gecko) Chrome/149.0.0.0 Mobile Safari/537.36"
1.47.19.72 - - [09/Jun/2026:19:07:56 +0700] "GET /icon-fonts/themify.ttf?-fvbane HTTP/2" 403 26 "https://www.ccp.ac.th/css/themify-icons.css" "Mozilla/5.0 (Linux; Android 10; K) AppleWebKit/537.36 (KHTML, like Gecko) Chrome/149.0.0.0 Mobile Safari/537.36"
43.157.38.131 - - [09/Jun/2026:19:09:21 +0700] "GET /news_details.php?news_id=00000000556 HTTP/2" 200 4343 "-" "Mozilla/5.0 (iPhone; CPU iPhone OS 13_2_3 like Mac OS X) AppleWebKit/605.1.15 (KHTML, like Gecko) Version/13.0.3 Mobile/15E148 Safari/604.1"
52.167.144.204 - - [09/Jun/2026:19:09:41 +0700] "GET /riverview-hall/400m-hurdles-world-championships-2022-video HTTP/2" 404 26 "-" "Mozilla/5.0 AppleWebKit/537.36 (KHTML, like Gecko; compatible; bingbot/2.0; +http://www.bing.com/bingbot.htm) Chrome/116.0.1938.76 Safari/537.36"
52.167.144.197 - - [09/Jun/2026:19:10:10 +0700] "GET /riverview-hall/400m-hurdles-world-championships-2022-video HTTP/2" 404 26 "-" "Mozilla/5.0 AppleWebKit/537.36 (KHTML, like Gecko; compatible; bingbot/2.0; +http://www.bing.com/bingbot.htm) Chrome/116.0.1938.76 Safari/537.36"
18.232.12.157 - - [09/Jun/2026:19:11:03 +0700] "GET /news_details.php?news_id=00000000546 HTTP/2" 200 4537 "-" "Mozilla/5.0 AppleWebKit/537.36 (KHTML, like Gecko; compatible; Amazonbot/0.1; +https://developer.amazon.com/support/amazonbot) Chrome/119.0.6045.214 Safari/537.36"
34.105.116.158 - - [09/Jun/2026:19:12:09 +0700] "GET /admin/upload/images/content/%E0%B8%9B%E0%B8%A3%E0%B8%B0%E0%B8%8A%E0%B8%B8%E0%B8%A1%20%E0%B8%95%E0%B8%B4%E0%B8%94%E0%B8%95%E0%B8%B2%E0%B8%A1%E0%B8%87%E0%B8%B2%E0%B8%99%E0%B8%99%E0%B9%82%E0%B8%A2%E0%B8%9A%E0%B8%B2%E0%B8%A2/%E0%B8%9B%E0%B8%A3%E0%B8%B0%E0%B8%8A%E0%B8%B8%E0%B8%A1%E0%B8%95%E0%B8%B4%E0%B8%94%E0%B8%95%E0%B8%B2%E0%B8%A1%E0%B8%87%E0%B8%B2%E0%B8%99_%E0%B9%92%E0%B9%90%E0%B9%90%E0%B9%92%E0%B9%90%E0%B9%93_0203.jpg HTTP/2" 200 387676 "-" "Mozilla/5.0 (X11; Linux x86_64) AppleWebKit/537.36 (KHTML, like Gecko) Chrome/91.0.4472.114 Safari/537.36"
35.247.25.199 - - [09/Jun/2026:19:13:10 +0700] "GET /admin/upload/images/%E0%B8%9B%E0%B8%B5%2067/%E0%B8%A1%E0%B8%B4.%E0%B8%A2./448318237_889270223009067_7772986373593043424_n.jpg HTTP/2" 200 337910 "-" "Mozilla/5.0 (X11; Linux x86_64) AppleWebKit/537.36 (KHTML, like Gecko) Chrome/91.0.4472.114 Safari/537.36"
146.190.79.1 - - [09/Jun/2026:19:13:18 +0700] "GET /admin/upload/images/content/8%20%E0%B8%81.%E0%B8%9E.%2063/%E0%B8%AA%E0%B8%AD%E0%B8%9A%E0%B9%80%E0%B8%82%E0%B9%89%E0%B8%B2%20%E0%B8%9B.1/%E0%B8%AA%E0%B8%AD%E0%B8%9A%E0%B9%80%E0%B8%82%E0%B9%89%E0%B8%B2%E0%B8%99%E0%B8%B1%E0%B8%81%E0%B9%80%E0%B8%A3%E0%B8%B5%E0%B8%A2%E0%B8%99ep63_%E0%B9%92%E0%B9%90%E0%B9%90%E0%B9%92%E0%B9%90%E0%B9%98_0018.jpg HTTP/2" 200 246484 "https://ccp.ac.th/" "Mozilla/5.0 (Windows NT 10.0; Win64; x64) AppleWebKit/537.36 (KHTML, like Gecko) Chrome/133.0.0.0 Safari/537.36"
66.249.66.71 - - [09/Jun/2026:19:14:51 +0700] "GET /video/?id=sgkings HTTP/2" 404 26 "-" "Mozilla/5.0 (Linux; Android 6.0.1; Nexus 5X Build/MMB29P) AppleWebKit/537.36 (KHTML, like Gecko) Chrome/148.0.7778.96 Mobile Safari/537.36 (compatible; Googlebot/2.1; +http://www.google.com/bot.html)"
207.46.13.7 - - [09/Jun/2026:19:14:54 +0700] "GET /homieg2007069 HTTP/2" 404 26 "-" "Mozilla/5.0 AppleWebKit/537.36 (KHTML, like Gecko; compatible; bingbot/2.0; +http://www.bing.com/bingbot.htm) Chrome/116.0.1938.76 Safari/537.36"
35.252.70.148 - - [09/Jun/2026:19:15:30 +0700] "GET /admin/images/news_684a37813d406.jpg HTTP/2" 200 1286498 "-" "Mozilla/5.0 (X11; Linux x86_64) AppleWebKit/537.36 (KHTML, like Gecko) Chrome/91.0.4472.114 Safari/537.36"
136.109.93.108 - - [09/Jun/2026:19:16:15 +0700] "GET /admin/upload/images/content/2%20%E0%B9%80%E0%B8%94%E0%B8%B4%E0%B8%99%20%E0%B8%81%E0%B8%B4%E0%B8%99%20%E0%B8%8A%E0%B8%B4%E0%B8%A1%20%E0%B9%80%E0%B8%97%E0%B8%B5%E0%B9%88%E0%B8%A2%E0%B8%A7/%E0%B9%80%E0%B8%94%E0%B8%B4%E0%B8%99%20%E0%B8%81%E0%B8%B4%E0%B8%99%20%E0%B8%8A%E0%B8%B4%E0%B8%A1%20%E0%B9%80%E0%B8%97%E0%B8%B5%E0%B9%88%E0%B8%A2%E0%B8%A7_%E0%B9%92%E0%B9%90%E0%B9%90%E0%B9%92%E0%B9%90%E0%B9%95_0109.jpg HTTP/2" 200 437848 "-" "Mozilla/5.0 (X11; Linux x86_64) AppleWebKit/537.36 (KHTML, like Gecko) Chrome/91.0.4472.114 Safari/537.36"
