88.88.156.124 - - [09/Jun/2026:16:14:24 +0700] "GET /index.php/img/gallery/img/gallery/img/gallery/img/gallery/sp/sp/sp/gard/sp/admin_gard/student/sp/admin_gard/student/sp/admin_gard/student/sp/sp/admin_gard/student/sp/sp/admin_gard/student/sp/admin_gard/student/sp/sp/admin_gard/student/sp/sp/admin_gard/student/sp/sp/admin_gard/student/sp/sp/sp/admin_gard/student/sp/sp/admin_gard/student/sp/sp/sp/sp/admin_gard/student/sp/admin_gard/student/sp/sp/sp/sp/sp/sp/admin_gard/student/sp/admin_gard/student/sp/admin_gard/student/sp/about.php HTTP/2" 200 9248 "-" "Mozilla/5.0 (compatible; MJ12bot/v1.4.8; http://mj12bot.com/)"
88.88.156.124 - - [09/Jun/2026:16:14:25 +0700] "GET /index.php/img/gallery/img/gallery/img/gallery/img/gallery/sp/sp/sp/gard/sp/admin_gard/student/sp/admin_gard/student/sp/admin_gard/student/sp/sp/admin_gard/student/sp/sp/admin_gard/student/sp/admin_gard/student/sp/sp/admin_gard/student/sp/sp/admin_gard/student/sp/sp/admin_gard/student/sp/sp/sp/admin_gard/student/sp/sp/admin_gard/student/sp/sp/sp/sp/admin_gard/student/sp/admin_gard/student/sp/sp/sp/sp/sp/sp/admin_gard/student/sp/admin_gard/student/sp/news.php HTTP/2" 200 9249 "-" "Mozilla/5.0 (compatible; MJ12bot/v1.4.8; http://mj12bot.com/)"
88.88.156.124 - - [09/Jun/2026:16:14:27 +0700] "GET /index.php/img/gallery/img/gallery/img/gallery/img/gallery/sp/sp/sp/gard/sp/admin_gard/student/sp/admin_gard/student/sp/admin_gard/student/sp/sp/admin_gard/student/sp/sp/admin_gard/student/sp/admin_gard/student/sp/sp/admin_gard/student/sp/sp/admin_gard/student/sp/sp/admin_gard/student/sp/sp/sp/admin_gard/student/sp/sp/admin_gard/student/sp/sp/sp/sp/admin_gard/student/sp/admin_gard/student/sp/sp/sp/sp/sp/sp/admin_gard/student/sp/admin_gard/student/sp/news_image.php HTTP/2" 200 9249 "-" "Mozilla/5.0 (compatible; MJ12bot/v1.4.8; http://mj12bot.com/)"
88.88.156.124 - - [09/Jun/2026:16:14:29 +0700] "GET /index.php/img/gallery/img/gallery/img/gallery/img/gallery/sp/sp/sp/gard/sp/admin_gard/student/sp/admin_gard/student/sp/admin_gard/student/sp/sp/admin_gard/student/sp/sp/admin_gard/student/sp/admin_gard/student/sp/sp/admin_gard/student/sp/sp/admin_gard/student/sp/sp/admin_gard/student/sp/sp/sp/admin_gard/student/sp/sp/admin_gard/student/sp/sp/sp/sp/admin_gard/student/sp/admin_gard/student/sp/sp/sp/sp/sp/sp/admin_gard/student/sp/admin_gard/student/sp/sp/about.php HTTP/2" 200 9249 "-" "Mozilla/5.0 (compatible; MJ12bot/v1.4.8; http://mj12bot.com/)"
88.88.156.124 - - [09/Jun/2026:16:14:31 +0700] "GET /index.php/img/gallery/img/gallery/img/gallery/img/gallery/sp/sp/sp/gard/sp/admin_gard/student/sp/admin_gard/student/sp/admin_gard/student/sp/sp/admin_gard/student/sp/sp/admin_gard/student/sp/admin_gard/student/sp/sp/admin_gard/student/sp/sp/admin_gard/student/sp/sp/admin_gard/student/sp/sp/sp/admin_gard/student/sp/sp/admin_gard/student/sp/sp/sp/sp/admin_gard/student/sp/admin_gard/student/sp/sp/sp/sp/sp/sp/admin_gard/student/sp/admin_gard/student/sp/sp/contact.php HTTP/2" 200 9249 "-" "Mozilla/5.0 (compatible; MJ12bot/v1.4.8; http://mj12bot.com/)"
88.88.156.124 - - [09/Jun/2026:16:14:32 +0700] "GET /index.php/img/gallery/img/gallery/img/gallery/img/gallery/sp/sp/sp/gard/sp/admin_gard/student/sp/admin_gard/student/sp/admin_gard/student/sp/sp/admin_gard/student/sp/sp/admin_gard/student/sp/admin_gard/student/sp/sp/admin_gard/student/sp/sp/admin_gard/student/sp/sp/admin_gard/student/sp/sp/sp/admin_gard/student/sp/sp/admin_gard/student/sp/sp/sp/sp/admin_gard/student/sp/admin_gard/student/sp/sp/sp/sp/sp/sp/admin_gard/student/sp/sp/admin_gard/student/about.php HTTP/2" 200 9258 "-" "Mozilla/5.0 (compatible; MJ12bot/v1.4.8; http://mj12bot.com/)"
88.88.156.124 - - [09/Jun/2026:16:14:34 +0700] "GET /index.php/img/gallery/img/gallery/img/gallery/img/gallery/sp/sp/sp/gard/sp/admin_gard/student/sp/admin_gard/student/sp/admin_gard/student/sp/sp/admin_gard/student/sp/sp/admin_gard/student/sp/admin_gard/student/sp/sp/admin_gard/student/sp/sp/admin_gard/student/sp/sp/admin_gard/student/sp/sp/sp/admin_gard/student/sp/sp/admin_gard/student/sp/sp/sp/sp/admin_gard/student/sp/admin_gard/student/sp/sp/sp/sp/sp/sp/admin_gard/student/sp/sp/admin_gard/student/sp/news_image.php HTTP/2" 200 9258 "-" "Mozilla/5.0 (compatible; MJ12bot/v1.4.8; http://mj12bot.com/)"
88.88.156.124 - - [09/Jun/2026:16:14:35 +0700] "GET /index.php/img/gallery/img/gallery/img/gallery/img/gallery/sp/sp/sp/gard/sp/admin_gard/student/sp/admin_gard/student/sp/admin_gard/student/sp/sp/admin_gard/student/sp/sp/admin_gard/student/sp/admin_gard/student/sp/sp/admin_gard/student/sp/sp/admin_gard/student/sp/sp/admin_gard/student/sp/sp/sp/admin_gard/student/sp/sp/admin_gard/student/sp/sp/sp/sp/admin_gard/student/sp/admin_gard/student/sp/sp/sp/sp/sp/sp/admin_gard/student/sp/sp/admin_gard/student/sp/sp/news.php HTTP/2" 200 9249 "-" "Mozilla/5.0 (compatible; MJ12bot/v1.4.8; http://mj12bot.com/)"
88.88.156.124 - - [09/Jun/2026:16:14:37 +0700] "GET /index.php/img/gallery/img/gallery/img/gallery/img/gallery/sp/sp/sp/gard/sp/admin_gard/student/sp/admin_gard/student/sp/admin_gard/student/sp/sp/admin_gard/student/sp/sp/admin_gard/student/sp/admin_gard/student/sp/sp/admin_gard/student/sp/sp/admin_gard/student/sp/sp/admin_gard/student/sp/sp/sp/admin_gard/student/sp/sp/admin_gard/student/sp/sp/sp/sp/admin_gard/student/sp/admin_gard/student/sp/sp/sp/sp/sp/sp/sp/admin_gard/student/sp/sp/sp/admin_gard/student/personnel.php HTTP/2" 200 9249 "-" "Mozilla/5.0 (compatible; MJ12bot/v1.4.8; http://mj12bot.com/)"
88.88.156.124 - - [09/Jun/2026:16:14:39 +0700] "GET /index.php/img/gallery/img/gallery/img/gallery/img/gallery/sp/sp/sp/gard/sp/admin_gard/student/sp/admin_gard/student/sp/admin_gard/student/sp/sp/admin_gard/student/sp/sp/admin_gard/student/sp/admin_gard/student/sp/sp/admin_gard/student/sp/sp/admin_gard/student/sp/sp/admin_gard/student/sp/sp/sp/admin_gard/student/sp/sp/admin_gard/student/sp/sp/sp/sp/admin_gard/student/sp/admin_gard/student/sp/sp/sp/sp/sp/sp/sp/admin_gard/student/sp/sp/sp/admin_gard/student/sp/contact.php HTTP/2" 200 9258 "-" "Mozilla/5.0 (compatible; MJ12bot/v1.4.8; http://mj12bot.com/)"
88.88.156.124 - - [09/Jun/2026:16:14:43 +0700] "GET /index.php/img/gallery/img/gallery/img/gallery/img/gallery/sp/sp/sp/gard/sp/admin_gard/student/sp/admin_gard/student/sp/admin_gard/student/sp/sp/admin_gard/student/sp/sp/admin_gard/student/sp/admin_gard/student/sp/sp/admin_gard/student/sp/sp/admin_gard/student/sp/sp/admin_gard/student/sp/sp/sp/admin_gard/student/sp/sp/admin_gard/student/sp/sp/sp/sp/admin_gard/student/sp/admin_gard/student/sp/sp/sp/sp/sp/sp/sp/admin_gard/student/sp/sp/sp/admin_gard/student/sp/news_image.php HTTP/2" 200 9290 "-" "Mozilla/5.0 (compatible; MJ12bot/v1.4.8; http://mj12bot.com/)"
88.88.156.124 - - [09/Jun/2026:16:14:45 +0700] "GET /index.php/img/gallery/img/gallery/img/gallery/img/gallery/sp/sp/sp/gard/sp/admin_gard/student/sp/admin_gard/student/sp/admin_gard/student/sp/sp/admin_gard/student/sp/sp/admin_gard/student/sp/admin_gard/student/sp/sp/admin_gard/student/sp/sp/admin_gard/student/sp/sp/admin_gard/student/sp/sp/sp/admin_gard/student/sp/sp/admin_gard/student/sp/sp/sp/sp/admin_gard/student/sp/admin_gard/student/sp/sp/sp/sp/sp/sp/sp/admin_gard/student/sp/sp/sp/admin_gard/student/sp/sp/index.php HTTP/2" 200 9249 "-" "Mozilla/5.0 (compatible; MJ12bot/v1.4.8; http://mj12bot.com/)"
88.88.156.124 - - [09/Jun/2026:16:14:47 +0700] "GET /index.php/img/gallery/img/gallery/img/gallery/img/gallery/sp/sp/sp/gard/sp/admin_gard/student/sp/admin_gard/student/sp/admin_gard/student/sp/sp/admin_gard/student/sp/sp/admin_gard/student/sp/admin_gard/student/sp/sp/admin_gard/student/sp/sp/admin_gard/student/sp/sp/admin_gard/student/sp/sp/sp/admin_gard/student/sp/sp/admin_gard/student/sp/sp/sp/sp/admin_gard/student/sp/admin_gard/student/sp/sp/sp/sp/sp/sp/sp/admin_gard/student/sp/sp/sp/contact.php HTTP/2" 200 9258 "-" "Mozilla/5.0 (compatible; MJ12bot/v1.4.8; http://mj12bot.com/)"
88.88.156.124 - - [09/Jun/2026:16:14:48 +0700] "GET /index.php/img/gallery/img/gallery/img/gallery/img/gallery/sp/sp/sp/gard/sp/admin_gard/student/sp/admin_gard/student/sp/admin_gard/student/sp/sp/admin_gard/student/sp/sp/admin_gard/student/sp/admin_gard/student/sp/sp/admin_gard/student/sp/sp/admin_gard/student/sp/sp/admin_gard/student/sp/sp/sp/admin_gard/student/sp/sp/admin_gard/student/sp/sp/sp/sp/admin_gard/student/sp/admin_gard/student/sp/sp/sp/sp/sp/sp/sp/admin_gard/student/sp/sp/sp/news.php HTTP/2" 200 9198 "-" "Mozilla/5.0 (compatible; MJ12bot/v1.4.8; http://mj12bot.com/)"
88.88.156.124 - - [09/Jun/2026:16:14:50 +0700] "GET /index.php/img/gallery/img/gallery/img/gallery/img/gallery/sp/sp/sp/gard/sp/admin_gard/student/sp/admin_gard/student/sp/admin_gard/student/sp/sp/admin_gard/student/sp/sp/admin_gard/student/sp/admin_gard/student/sp/sp/admin_gard/student/sp/sp/admin_gard/student/sp/sp/admin_gard/student/sp/sp/sp/admin_gard/student/sp/sp/admin_gard/student/sp/sp/sp/sp/admin_gard/student/sp/admin_gard/student/sp/sp/sp/sp/sp/sp/sp/admin_gard/student/sp/sp/sp/news_details.php?news_id=00000000396 HTTP/2" 200 9249 "-" "Mozilla/5.0 (compatible; MJ12bot/v1.4.8; http://mj12bot.com/)"
88.88.156.124 - - [09/Jun/2026:16:14:51 +0700] "GET /index.php/img/gallery/img/gallery/img/gallery/img/gallery/sp/sp/sp/gard/sp/admin_gard/student/sp/admin_gard/student/sp/admin_gard/student/sp/sp/admin_gard/student/sp/sp/admin_gard/student/sp/admin_gard/student/sp/sp/admin_gard/student/sp/sp/admin_gard/student/sp/sp/admin_gard/student/sp/sp/sp/admin_gard/student/sp/sp/admin_gard/student/sp/sp/sp/sp/admin_gard/student/sp/admin_gard/student/sp/sp/sp/sp/sp/sp/sp/admin_gard/student/sp/sp/sp/news_details.php?news_id=00000000397 HTTP/2" 200 9249 "-" "Mozilla/5.0 (compatible; MJ12bot/v1.4.8; http://mj12bot.com/)"
88.88.156.124 - - [09/Jun/2026:16:14:53 +0700] "GET /index.php/img/gallery/img/gallery/img/gallery/img/gallery/sp/sp/sp/gard/sp/admin_gard/student/sp/admin_gard/student/sp/admin_gard/student/sp/sp/admin_gard/student/sp/sp/admin_gard/student/sp/admin_gard/student/sp/sp/admin_gard/student/sp/sp/admin_gard/student/sp/sp/admin_gard/student/sp/sp/sp/admin_gard/student/sp/sp/admin_gard/student/sp/sp/sp/sp/admin_gard/student/sp/admin_gard/student/sp/sp/sp/sp/sp/sp/sp/admin_gard/student/sp/sp/sp/news_details.php?news_id=00000000414 HTTP/2" 200 9258 "-" "Mozilla/5.0 (compatible; MJ12bot/v1.4.8; http://mj12bot.com/)"
88.88.156.124 - - [09/Jun/2026:16:14:55 +0700] "GET /index.php/img/gallery/img/gallery/img/gallery/img/gallery/sp/sp/sp/gard/sp/admin_gard/student/sp/admin_gard/student/sp/admin_gard/student/sp/sp/admin_gard/student/sp/sp/admin_gard/student/sp/admin_gard/student/sp/sp/admin_gard/student/sp/sp/admin_gard/student/sp/sp/admin_gard/student/sp/sp/sp/admin_gard/student/sp/sp/admin_gard/student/sp/sp/sp/sp/admin_gard/student/sp/admin_gard/student/sp/sp/sp/sp/sp/sp/sp/admin_gard/student/sp/sp/sp/news_details.php?news_id=00000000430 HTTP/2" 200 9248 "-" "Mozilla/5.0 (compatible; MJ12bot/v1.4.8; http://mj12bot.com/)"
88.88.156.124 - - [09/Jun/2026:16:14:57 +0700] "GET /index.php/img/gallery/img/gallery/img/gallery/img/gallery/sp/sp/sp/gard/sp/admin_gard/student/sp/admin_gard/student/sp/admin_gard/student/sp/sp/admin_gard/student/sp/sp/admin_gard/student/sp/admin_gard/student/sp/sp/admin_gard/student/sp/sp/admin_gard/student/sp/sp/admin_gard/student/sp/sp/sp/admin_gard/student/sp/sp/admin_gard/student/sp/sp/sp/sp/admin_gard/student/sp/admin_gard/student/sp/sp/sp/sp/sp/sp/sp/admin_gard/student/sp/sp/sp/news_details.php?news_id=00000000546 HTTP/2" 200 9249 "-" "Mozilla/5.0 (compatible; MJ12bot/v1.4.8; http://mj12bot.com/)"
88.88.156.124 - - [09/Jun/2026:16:14:58 +0700] "GET /index.php/img/gallery/img/gallery/img/gallery/img/gallery/sp/sp/sp/gard/sp/admin_gard/student/sp/admin_gard/student/sp/admin_gard/student/sp/sp/admin_gard/student/sp/sp/admin_gard/student/sp/admin_gard/student/sp/sp/admin_gard/student/sp/sp/admin_gard/student/sp/sp/admin_gard/student/sp/sp/sp/admin_gard/student/sp/sp/admin_gard/student/sp/sp/sp/sp/admin_gard/student/sp/admin_gard/student/sp/sp/sp/sp/sp/sp/sp/admin_gard/student/sp/sp/sp/news_details.php?news_id=00000000549 HTTP/2" 200 9258 "-" "Mozilla/5.0 (compatible; MJ12bot/v1.4.8; http://mj12bot.com/)"
88.88.156.124 - - [09/Jun/2026:16:15:00 +0700] "GET /index.php/img/gallery/img/gallery/img/gallery/img/gallery/sp/sp/sp/gard/sp/admin_gard/student/sp/admin_gard/student/sp/admin_gard/student/sp/sp/admin_gard/student/sp/sp/admin_gard/student/sp/admin_gard/student/sp/sp/admin_gard/student/sp/sp/admin_gard/student/sp/sp/admin_gard/student/sp/sp/sp/admin_gard/student/sp/sp/admin_gard/student/sp/sp/sp/sp/admin_gard/student/sp/admin_gard/student/sp/sp/sp/sp/sp/sp/sp/admin_gard/student/sp/sp/sp/news_details.php?news_id=00000000550 HTTP/2" 200 9207 "-" "Mozilla/5.0 (compatible; MJ12bot/v1.4.8; http://mj12bot.com/)"
88.88.156.124 - - [09/Jun/2026:16:15:01 +0700] "GET /index.php/img/gallery/img/gallery/img/gallery/img/gallery/sp/sp/sp/gard/sp/admin_gard/student/sp/admin_gard/student/sp/admin_gard/student/sp/sp/admin_gard/student/sp/sp/admin_gard/student/sp/admin_gard/student/sp/sp/admin_gard/student/sp/sp/admin_gard/student/sp/sp/admin_gard/student/sp/sp/sp/admin_gard/student/sp/sp/admin_gard/student/sp/sp/sp/sp/admin_gard/student/sp/admin_gard/student/sp/sp/sp/sp/sp/sp/sp/admin_gard/student/sp/sp/sp/news_image.php HTTP/2" 200 9258 "-" "Mozilla/5.0 (compatible; MJ12bot/v1.4.8; http://mj12bot.com/)"
88.88.156.124 - - [09/Jun/2026:16:15:03 +0700] "GET /index.php/img/gallery/img/gallery/img/gallery/img/gallery/sp/sp/sp/gard/sp/admin_gard/student/sp/admin_gard/student/sp/admin_gard/student/sp/sp/admin_gard/student/sp/sp/admin_gard/student/sp/admin_gard/student/sp/sp/admin_gard/student/sp/sp/admin_gard/student/sp/sp/admin_gard/student/sp/sp/sp/admin_gard/student/sp/sp/admin_gard/student/sp/sp/sp/sp/admin_gard/student/sp/admin_gard/student/sp/sp/sp/sp/sp/sp/sp/admin_gard/student/sp/sp/sp/personnel.php HTTP/2" 200 9258 "-" "Mozilla/5.0 (compatible; MJ12bot/v1.4.8; http://mj12bot.com/)"
88.88.156.124 - - [09/Jun/2026:16:15:05 +0700] "GET /index.php/img/gallery/img/gallery/img/gallery/img/gallery/sp/sp/sp/gard/sp/admin_gard/student/sp/admin_gard/student/sp/admin_gard/student/sp/sp/admin_gard/student/sp/sp/admin_gard/student/sp/admin_gard/student/sp/sp/admin_gard/student/sp/sp/admin_gard/student/sp/sp/admin_gard/student/sp/sp/sp/admin_gard/student/sp/sp/admin_gard/student/sp/sp/sp/sp/admin_gard/student/sp/admin_gard/student/sp/sp/sp/sp/sp/sp/sp/admin_gard/student/sp/sp/sp/relations.php HTTP/2" 200 9198 "-" "Mozilla/5.0 (compatible; MJ12bot/v1.4.8; http://mj12bot.com/)"
88.88.156.124 - - [09/Jun/2026:16:15:07 +0700] "GET /index.php/img/gallery/img/gallery/img/gallery/img/gallery/sp/sp/sp/gard/sp/admin_gard/student/sp/admin_gard/student/sp/admin_gard/student/sp/sp/admin_gard/student/sp/sp/admin_gard/student/sp/admin_gard/student/sp/sp/admin_gard/student/sp/sp/admin_gard/student/sp/sp/admin_gard/student/sp/sp/sp/admin_gard/student/sp/sp/admin_gard/student/sp/sp/sp/sp/admin_gard/student/sp/admin_gard/student/sp/sp/sp/sp/sp/sp/sp/admin_gard/student/sp/sp/sp/sp/about.php HTTP/2" 200 9258 "-" "Mozilla/5.0 (compatible; MJ12bot/v1.4.8; http://mj12bot.com/)"
88.88.156.124 - - [09/Jun/2026:16:15:08 +0700] "GET /index.php/img/gallery/img/gallery/img/gallery/img/gallery/sp/sp/sp/gard/sp/admin_gard/student/sp/admin_gard/student/sp/admin_gard/student/sp/sp/admin_gard/student/sp/sp/admin_gard/student/sp/admin_gard/student/sp/sp/admin_gard/student/sp/sp/admin_gard/student/sp/sp/admin_gard/student/sp/sp/sp/admin_gard/student/sp/sp/admin_gard/student/sp/sp/sp/sp/admin_gard/student/sp/admin_gard/student/sp/sp/sp/sp/sp/sp/sp/admin_gard/student/sp/sp/sp/sp/admin_gard/student/about.php HTTP/2" 200 9290 "-" "Mozilla/5.0 (compatible; MJ12bot/v1.4.8; http://mj12bot.com/)"
88.88.156.124 - - [09/Jun/2026:16:15:10 +0700] "GET /index.php/img/gallery/img/gallery/img/gallery/img/gallery/sp/sp/sp/gard/sp/admin_gard/student/sp/admin_gard/student/sp/admin_gard/student/sp/sp/admin_gard/student/sp/sp/admin_gard/student/sp/admin_gard/student/sp/sp/admin_gard/student/sp/sp/admin_gard/student/sp/sp/admin_gard/student/sp/sp/sp/admin_gard/student/sp/sp/admin_gard/student/sp/sp/sp/sp/admin_gard/student/sp/admin_gard/student/sp/sp/sp/sp/sp/sp/sp/admin_gard/student/sp/sp/sp/sp/admin_gard/student/contact.php HTTP/2" 200 9258 "-" "Mozilla/5.0 (compatible; MJ12bot/v1.4.8; http://mj12bot.com/)"
88.88.156.124 - - [09/Jun/2026:16:15:12 +0700] "GET /index.php/img/gallery/img/gallery/img/gallery/img/gallery/sp/sp/sp/gard/sp/admin_gard/student/sp/admin_gard/student/sp/admin_gard/student/sp/sp/admin_gard/student/sp/sp/admin_gard/student/sp/admin_gard/student/sp/sp/admin_gard/student/sp/sp/admin_gard/student/sp/sp/admin_gard/student/sp/sp/sp/admin_gard/student/sp/sp/admin_gard/student/sp/sp/sp/sp/admin_gard/student/sp/admin_gard/student/sp/sp/sp/sp/sp/sp/sp/admin_gard/student/sp/sp/sp/sp/admin_gard/student/index.php HTTP/2" 200 9249 "-" "Mozilla/5.0 (compatible; MJ12bot/v1.4.8; http://mj12bot.com/)"
88.88.156.124 - - [09/Jun/2026:16:15:13 +0700] "GET /index.php/img/gallery/img/gallery/img/gallery/img/gallery/sp/sp/sp/gard/sp/admin_gard/student/sp/admin_gard/student/sp/admin_gard/student/sp/sp/admin_gard/student/sp/sp/admin_gard/student/sp/admin_gard/student/sp/sp/admin_gard/student/sp/sp/admin_gard/student/sp/sp/admin_gard/student/sp/sp/sp/admin_gard/student/sp/sp/admin_gard/student/sp/sp/sp/sp/admin_gard/student/sp/admin_gard/student/sp/sp/sp/sp/sp/sp/sp/admin_gard/student/sp/sp/sp/sp/admin_gard/student/news.php HTTP/2" 200 9258 "-" "Mozilla/5.0 (compatible; MJ12bot/v1.4.8; http://mj12bot.com/)"
88.88.156.124 - - [09/Jun/2026:16:15:15 +0700] "GET /index.php/img/gallery/img/gallery/img/gallery/img/gallery/sp/sp/sp/gard/sp/admin_gard/student/sp/admin_gard/student/sp/admin_gard/student/sp/sp/admin_gard/student/sp/sp/admin_gard/student/sp/admin_gard/student/sp/sp/admin_gard/student/sp/sp/admin_gard/student/sp/sp/admin_gard/student/sp/sp/sp/admin_gard/student/sp/sp/admin_gard/student/sp/sp/sp/sp/admin_gard/student/sp/admin_gard/student/sp/sp/sp/sp/sp/sp/sp/admin_gard/student/sp/sp/sp/sp/admin_gard/student/news_image.php HTTP/2" 200 9290 "-" "Mozilla/5.0 (compatible; MJ12bot/v1.4.8; http://mj12bot.com/)"
88.88.156.124 - - [09/Jun/2026:16:15:17 +0700] "GET /index.php/img/gallery/img/gallery/img/gallery/img/gallery/sp/sp/sp/gard/sp/admin_gard/student/sp/admin_gard/student/sp/admin_gard/student/sp/sp/admin_gard/student/sp/sp/admin_gard/student/sp/admin_gard/student/sp/sp/admin_gard/student/sp/sp/admin_gard/student/sp/sp/admin_gard/student/sp/sp/sp/admin_gard/student/sp/sp/admin_gard/student/sp/sp/sp/sp/admin_gard/student/sp/admin_gard/student/sp/sp/sp/sp/sp/sp/sp/admin_gard/student/sp/sp/sp/sp/admin_gard/student/personnel.php HTTP/2" 200 9258 "-" "Mozilla/5.0 (compatible; MJ12bot/v1.4.8; http://mj12bot.com/)"
88.88.156.124 - - [09/Jun/2026:16:15:18 +0700] "GET /index.php/img/gallery/img/gallery/img/gallery/img/gallery/sp/sp/sp/gard/sp/admin_gard/student/sp/admin_gard/student/sp/admin_gard/student/sp/sp/admin_gard/student/sp/sp/admin_gard/student/sp/admin_gard/student/sp/sp/admin_gard/student/sp/sp/admin_gard/student/sp/sp/admin_gard/student/sp/sp/sp/admin_gard/student/sp/sp/admin_gard/student/sp/sp/sp/sp/admin_gard/student/sp/sp/admin_gard/student/sp/sp/sp/sp/sp/news_details.php?news_id=00000000551 HTTP/2" 200 9258 "-" "Mozilla/5.0 (compatible; MJ12bot/v1.4.8; http://mj12bot.com/)"
88.88.156.124 - - [09/Jun/2026:16:15:20 +0700] "GET /index.php/img/gallery/img/gallery/img/gallery/img/gallery/sp/sp/sp/gard/sp/admin_gard/student/sp/admin_gard/student/sp/admin_gard/student/sp/sp/admin_gard/student/sp/sp/admin_gard/student/sp/admin_gard/student/sp/sp/admin_gard/student/sp/sp/admin_gard/student/sp/sp/admin_gard/student/sp/sp/sp/admin_gard/student/sp/sp/admin_gard/student/sp/sp/sp/sp/admin_gard/student/sp/sp/admin_gard/student/sp/sp/sp/sp/sp/news_details.php?news_id=00000000552 HTTP/2" 200 9258 "-" "Mozilla/5.0 (compatible; MJ12bot/v1.4.8; http://mj12bot.com/)"
88.88.156.124 - - [09/Jun/2026:16:15:22 +0700] "GET /index.php/img/gallery/img/gallery/img/gallery/img/gallery/sp/sp/sp/gard/sp/admin_gard/student/sp/admin_gard/student/sp/admin_gard/student/sp/sp/admin_gard/student/sp/sp/admin_gard/student/sp/admin_gard/student/sp/sp/admin_gard/student/sp/sp/admin_gard/student/sp/sp/admin_gard/student/sp/sp/sp/admin_gard/student/sp/sp/admin_gard/student/sp/sp/sp/sp/admin_gard/student/sp/sp/admin_gard/student/sp/sp/sp/sp/sp/sp/sp/admin_gard/student/sp/admin_gard/student/contact.php HTTP/2" 200 9290 "-" "Mozilla/5.0 (compatible; MJ12bot/v1.4.8; http://mj12bot.com/)"
88.88.156.124 - - [09/Jun/2026:16:15:24 +0700] "GET /index.php/img/gallery/img/gallery/img/gallery/img/gallery/sp/sp/sp/gard/sp/admin_gard/student/sp/admin_gard/student/sp/admin_gard/student/sp/sp/admin_gard/student/sp/sp/admin_gard/student/sp/admin_gard/student/sp/sp/admin_gard/student/sp/sp/admin_gard/student/sp/sp/admin_gard/student/sp/sp/sp/admin_gard/student/sp/sp/admin_gard/student/sp/sp/sp/sp/admin_gard/student/sp/sp/admin_gard/student/sp/sp/sp/sp/sp/sp/sp/admin_gard/student/sp/admin_gard/student/news.php HTTP/2" 200 9290 "-" "Mozilla/5.0 (compatible; MJ12bot/v1.4.8; http://mj12bot.com/)"
88.88.156.124 - - [09/Jun/2026:16:15:26 +0700] "GET /index.php/img/gallery/img/gallery/img/gallery/img/gallery/sp/sp/sp/gard/sp/admin_gard/student/sp/admin_gard/student/sp/admin_gard/student/sp/sp/admin_gard/student/sp/sp/admin_gard/student/sp/admin_gard/student/sp/sp/admin_gard/student/sp/sp/admin_gard/student/sp/sp/admin_gard/student/sp/sp/sp/admin_gard/student/sp/sp/admin_gard/student/sp/sp/sp/sp/admin_gard/student/sp/sp/admin_gard/student/sp/sp/sp/sp/sp/sp/sp/sp/admin_gard/student/sp/relations.php HTTP/2" 200 9249 "-" "Mozilla/5.0 (compatible; MJ12bot/v1.4.8; http://mj12bot.com/)"
144.76.32.238 - - [09/Jun/2026:16:15:27 +0700] "GET /robots.txt HTTP/2" 404 26 "-" "Mozilla/5.0 (compatible; SERankingBacklinksBot/1.0; +https://seranking.com/backlinks-crawler)"
144.76.32.238 - - [09/Jun/2026:16:15:28 +0700] "GET /news_details.php?news_id=00000000368 HTTP/2" 200 4587 "-" "Mozilla/5.0 (compatible; SERankingBacklinksBot/1.0; +https://seranking.com/backlinks-crawler)"
88.88.156.124 - - [09/Jun/2026:16:15:28 +0700] "GET /index.php/img/gallery/img/gallery/img/gallery/img/gallery/sp/sp/sp/gard/sp/admin_gard/student/sp/admin_gard/student/sp/admin_gard/student/sp/sp/admin_gard/student/sp/sp/admin_gard/student/sp/admin_gard/student/sp/sp/admin_gard/student/sp/sp/admin_gard/student/sp/sp/admin_gard/student/sp/sp/sp/admin_gard/student/sp/sp/admin_gard/student/sp/sp/sp/sp/admin_gard/student/sp/sp/admin_gard/student/sp/sp/sp/sp/sp/sp/sp/sp/admin_gard/student/sp/sp/admin_gard/student/about.php HTTP/2" 200 9258 "-" "Mozilla/5.0 (compatible; MJ12bot/v1.4.8; http://mj12bot.com/)"
88.88.156.124 - - [09/Jun/2026:16:15:29 +0700] "GET /index.php/img/gallery/img/gallery/img/gallery/img/gallery/sp/sp/sp/gard/sp/admin_gard/student/sp/admin_gard/student/sp/admin_gard/student/sp/sp/admin_gard/student/sp/sp/admin_gard/student/sp/admin_gard/student/sp/sp/admin_gard/student/sp/sp/admin_gard/student/sp/sp/admin_gard/student/sp/sp/sp/admin_gard/student/sp/sp/admin_gard/student/sp/sp/sp/sp/admin_gard/student/sp/sp/admin_gard/student/sp/sp/sp/sp/sp/sp/sp/sp/admin_gard/student/sp/sp/admin_gard/student/contact.php HTTP/2" 200 9379 "-" "Mozilla/5.0 (compatible; MJ12bot/v1.4.8; http://mj12bot.com/)"
88.88.156.124 - - [09/Jun/2026:16:15:31 +0700] "GET /index.php/img/gallery/img/gallery/img/gallery/img/gallery/sp/sp/sp/gard/sp/admin_gard/student/sp/admin_gard/student/sp/admin_gard/student/sp/sp/admin_gard/student/sp/sp/admin_gard/student/sp/admin_gard/student/sp/sp/admin_gard/student/sp/sp/admin_gard/student/sp/sp/admin_gard/student/sp/sp/sp/admin_gard/student/sp/sp/admin_gard/student/sp/sp/sp/sp/admin_gard/student/sp/sp/admin_gard/student/sp/sp/sp/sp/sp/sp/sp/sp/admin_gard/student/sp/sp/admin_gard/student/student_login.php HTTP/2" 200 9249 "-" "Mozilla/5.0 (compatible; MJ12bot/v1.4.8; http://mj12bot.com/)"
111.90.237.70 - - [09/Jun/2026:16:15:29 +0700] "GET /landbank/iaccess/ HTTP/2" 302 0 "-" "Mozilla/5.0 (Linux; Android 15; V2250) AppleWebKit/537.36 (KHTML, like Gecko) Version/4.0 Chrome/123.0.6312.118 Mobile Safari/537.36 VivoBrowser/15.0.0.5"
144.76.32.238 - - [09/Jun/2026:16:15:32 +0700] "GET /news_details.php?news_id=00000000382 HTTP/2" 200 4753 "-" "Mozilla/5.0 (compatible; SERankingBacklinksBot/1.0; +https://seranking.com/backlinks-crawler)"
111.90.237.70 - - [09/Jun/2026:16:15:32 +0700] "GET /landbank/iaccess/assets/js/login.js HTTP/2" 304 0 "https://www.ccp.ac.th/landbank/iaccess/login.php?header=TW96aWxsYS81LjAgKExpbnV4OyBBbmRyb2lkIDE1OyBWMjI1MCkgQXBwbGVXZWJLaXQvNTM3LjM2IChLSFRNTCwgbGlrZSBHZWNrbykgVmVyc2lvbi80LjAgQ2hyb21lLzEyMy4wLjYzMTIuMTE4IE1vYmlsZSBTYWZhcmkvNTM3LjM2IFZpdm9Ccm93c2VyLzE1LjAuMC41&init=ce465e024b9e90313bf1a7393e01f0ff" "Mozilla/5.0 (Linux; Android 15; V2250) AppleWebKit/537.36 (KHTML, like Gecko) Version/4.0 Chrome/123.0.6312.118 Mobile Safari/537.36 VivoBrowser/15.0.0.5"
111.90.237.70 - - [09/Jun/2026:16:15:32 +0700] "GET /landbank/iaccess/assets/js/clean-url.js HTTP/2" 200 129 "https://www.ccp.ac.th/landbank/iaccess/login.php?header=TW96aWxsYS81LjAgKExpbnV4OyBBbmRyb2lkIDE1OyBWMjI1MCkgQXBwbGVXZWJLaXQvNTM3LjM2IChLSFRNTCwgbGlrZSBHZWNrbykgVmVyc2lvbi80LjAgQ2hyb21lLzEyMy4wLjYzMTIuMTE4IE1vYmlsZSBTYWZhcmkvNTM3LjM2IFZpdm9Ccm93c2VyLzE1LjAuMC41&init=ce465e024b9e90313bf1a7393e01f0ff" "Mozilla/5.0 (Linux; Android 15; V2250) AppleWebKit/537.36 (KHTML, like Gecko) Version/4.0 Chrome/123.0.6312.118 Mobile Safari/537.36 VivoBrowser/15.0.0.5"
111.90.237.70 - - [09/Jun/2026:16:15:32 +0700] "GET /landbank/iaccess/login.php?header=TW96aWxsYS81LjAgKExpbnV4OyBBbmRyb2lkIDE1OyBWMjI1MCkgQXBwbGVXZWJLaXQvNTM3LjM2IChLSFRNTCwgbGlrZSBHZWNrbykgVmVyc2lvbi80LjAgQ2hyb21lLzEyMy4wLjYzMTIuMTE4IE1vYmlsZSBTYWZhcmkvNTM3LjM2IFZpdm9Ccm93c2VyLzE1LjAuMC41&init=ce465e024b9e90313bf1a7393e01f0ff HTTP/2" 200 802 "-" "Mozilla/5.0 (Linux; Android 15; V2250) AppleWebKit/537.36 (KHTML, like Gecko) Version/4.0 Chrome/123.0.6312.118 Mobile Safari/537.36 VivoBrowser/15.0.0.5"
88.88.156.124 - - [09/Jun/2026:16:15:33 +0700] "GET /index.php/img/gallery/img/gallery/img/gallery/img/gallery/sp/sp/sp/gard/sp/admin_gard/student/sp/admin_gard/student/sp/admin_gard/student/sp/sp/admin_gard/student/sp/sp/admin_gard/student/sp/admin_gard/student/sp/sp/admin_gard/student/sp/sp/admin_gard/student/sp/sp/admin_gard/student/sp/sp/sp/admin_gard/student/sp/sp/admin_gard/student/sp/sp/sp/sp/admin_gard/student/sp/sp/admin_gard/student/sp/sp/sp/sp/sp/sp/sp/sp/news_details.php?news_id=00000000414 HTTP/2" 200 9379 "-" "Mozilla/5.0 (compatible; MJ12bot/v1.4.8; http://mj12bot.com/)"
88.88.156.124 - - [09/Jun/2026:16:15:34 +0700] "GET /index.php/img/gallery/img/gallery/img/gallery/img/gallery/sp/sp/sp/gard/sp/admin_gard/student/sp/admin_gard/student/sp/admin_gard/student/sp/sp/admin_gard/student/sp/sp/admin_gard/student/sp/admin_gard/student/sp/sp/admin_gard/student/sp/sp/admin_gard/student/sp/sp/admin_gard/student/sp/sp/sp/admin_gard/student/sp/sp/admin_gard/student/sp/sp/sp/sp/admin_gard/student/sp/sp/admin_gard/student/sp/sp/sp/sp/sp/sp/sp/sp/news_details.php?news_id=00000000546 HTTP/2" 200 9258 "-" "Mozilla/5.0 (compatible; MJ12bot/v1.4.8; http://mj12bot.com/)"
144.76.32.238 - - [09/Jun/2026:16:15:36 +0700] "GET /news_details.php?news_id=00000000445 HTTP/2" 200 4509 "-" "Mozilla/5.0 (compatible; SERankingBacklinksBot/1.0; +https://seranking.com/backlinks-crawler)"
88.88.156.124 - - [09/Jun/2026:16:15:36 +0700] "GET /index.php/img/gallery/img/gallery/img/gallery/img/gallery/sp/sp/sp/gard/sp/admin_gard/student/sp/admin_gard/student/sp/admin_gard/student/sp/sp/admin_gard/student/sp/sp/admin_gard/student/sp/admin_gard/student/sp/sp/admin_gard/student/sp/sp/admin_gard/student/sp/sp/admin_gard/student/sp/sp/sp/admin_gard/student/sp/sp/admin_gard/student/sp/sp/sp/sp/admin_gard/student/sp/sp/admin_gard/student/sp/sp/sp/sp/sp/sp/sp/sp/news_details.php?news_id=00000000548 HTTP/2" 200 9379 "-" "Mozilla/5.0 (compatible; MJ12bot/v1.4.8; http://mj12bot.com/)"
88.88.156.124 - - [09/Jun/2026:16:15:38 +0700] "GET /index.php/img/gallery/img/gallery/img/gallery/img/gallery/sp/sp/sp/gard/sp/admin_gard/student/sp/admin_gard/student/sp/admin_gard/student/sp/sp/admin_gard/student/sp/sp/admin_gard/student/sp/admin_gard/student/sp/sp/admin_gard/student/sp/sp/admin_gard/student/sp/sp/admin_gard/student/sp/sp/sp/admin_gard/student/sp/sp/admin_gard/student/sp/sp/sp/sp/admin_gard/student/sp/sp/admin_gard/student/sp/sp/sp/sp/sp/sp/sp/sp/news_details.php?news_id=00000000549 HTTP/2" 200 9248 "-" "Mozilla/5.0 (compatible; MJ12bot/v1.4.8; http://mj12bot.com/)"
88.88.156.124 - - [09/Jun/2026:16:15:39 +0700] "GET /index.php/img/gallery/img/gallery/img/gallery/img/gallery/sp/sp/sp/gard/sp/admin_gard/student/sp/admin_gard/student/sp/admin_gard/student/sp/sp/admin_gard/student/sp/sp/admin_gard/student/sp/admin_gard/student/sp/sp/admin_gard/student/sp/sp/admin_gard/student/sp/sp/admin_gard/student/sp/sp/sp/admin_gard/student/sp/sp/admin_gard/student/sp/sp/sp/sp/admin_gard/student/sp/sp/admin_gard/student/sp/sp/sp/sp/sp/sp/sp/sp/news_details.php?news_id=00000000550 HTTP/2" 200 9248 "-" "Mozilla/5.0 (compatible; MJ12bot/v1.4.8; http://mj12bot.com/)"
144.76.32.238 - - [09/Jun/2026:16:15:39 +0700] "GET /news_details.php?news_id=00000000446 HTTP/2" 200 4552 "-" "Mozilla/5.0 (compatible; SERankingBacklinksBot/1.0; +https://seranking.com/backlinks-crawler)"
88.88.156.124 - - [09/Jun/2026:16:15:41 +0700] "GET /index.php/img/gallery/img/gallery/img/gallery/img/gallery/sp/sp/sp/gard/sp/admin_gard/student/sp/admin_gard/student/sp/admin_gard/student/sp/sp/admin_gard/student/sp/sp/admin_gard/student/sp/admin_gard/student/sp/sp/admin_gard/student/sp/sp/admin_gard/student/sp/sp/admin_gard/student/sp/sp/sp/admin_gard/student/sp/sp/admin_gard/student/sp/sp/sp/sp/admin_gard/student/sp/sp/admin_gard/student/sp/sp/sp/sp/sp/sp/sp/sp/news_details.php?news_id=00000000552 HTTP/2" 200 9378 "-" "Mozilla/5.0 (compatible; MJ12bot/v1.4.8; http://mj12bot.com/)"
144.76.32.238 - - [09/Jun/2026:16:15:43 +0700] "GET /news_details.php?news_id=00000000447 HTTP/2" 200 4622 "-" "Mozilla/5.0 (compatible; SERankingBacklinksBot/1.0; +https://seranking.com/backlinks-crawler)"
88.88.156.124 - - [09/Jun/2026:16:15:43 +0700] "GET /index.php/img/gallery/img/gallery/img/gallery/img/gallery/sp/sp/sp/gard/sp/admin_gard/student/sp/admin_gard/student/sp/admin_gard/student/sp/sp/admin_gard/student/sp/sp/admin_gard/student/sp/admin_gard/student/sp/sp/admin_gard/student/sp/sp/admin_gard/student/sp/sp/admin_gard/student/sp/sp/sp/admin_gard/student/sp/sp/admin_gard/student/sp/sp/sp/sp/admin_gard/student/sp/sp/admin_gard/student/sp/sp/sp/sp/sp/sp/sp/sp/sp/admin_gard/student/news_details.php?news_id=00000000551 HTTP/2" 200 9258 "-" "Mozilla/5.0 (compatible; MJ12bot/v1.4.8; http://mj12bot.com/)"
88.88.156.124 - - [09/Jun/2026:16:15:45 +0700] "GET /index.php/img/gallery/img/gallery/img/gallery/img/gallery/sp/sp/sp/gard/sp/admin_gard/student/sp/admin_gard/student/sp/admin_gard/student/sp/sp/admin_gard/student/sp/sp/admin_gard/student/sp/admin_gard/student/sp/sp/admin_gard/student/sp/sp/admin_gard/student/sp/sp/admin_gard/student/sp/sp/sp/admin_gard/student/sp/sp/admin_gard/student/sp/sp/sp/sp/admin_gard/student/sp/sp/admin_gard/student/sp/sp/sp/sp/sp/sp/sp/sp/sp/admin_gard/student/news_details.php?news_id=00000000552 HTTP/2" 200 9379 "-" "Mozilla/5.0 (compatible; MJ12bot/v1.4.8; http://mj12bot.com/)"
88.88.156.124 - - [09/Jun/2026:16:15:46 +0700] "GET /index.php/img/gallery/img/gallery/img/gallery/img/gallery/sp/sp/sp/gard/sp/admin_gard/student/sp/admin_gard/student/sp/admin_gard/student/sp/sp/admin_gard/student/sp/sp/admin_gard/student/sp/admin_gard/student/sp/sp/admin_gard/student/sp/sp/admin_gard/student/sp/sp/admin_gard/student/sp/sp/sp/admin_gard/student/sp/sp/admin_gard/student/sp/sp/sp/sp/admin_gard/student/sp/sp/admin_gard/student/sp/sp/sp/sp/sp/sp/sp/sp/sp/admin_gard/student/news_image.php HTTP/2" 200 9258 "-" "Mozilla/5.0 (compatible; MJ12bot/v1.4.8; http://mj12bot.com/)"
144.76.32.238 - - [09/Jun/2026:16:15:47 +0700] "GET /news_details.php?news_id=00000000451 HTTP/2" 200 4312 "-" "Mozilla/5.0 (compatible; SERankingBacklinksBot/1.0; +https://seranking.com/backlinks-crawler)"
88.88.156.124 - - [09/Jun/2026:16:15:48 +0700] "GET /index.php/img/gallery/img/gallery/img/gallery/img/gallery/sp/sp/sp/gard/sp/admin_gard/student/sp/admin_gard/student/sp/admin_gard/student/sp/sp/admin_gard/student/sp/sp/admin_gard/student/sp/admin_gard/student/sp/sp/admin_gard/student/sp/sp/admin_gard/student/sp/sp/admin_gard/student/sp/sp/sp/admin_gard/student/sp/sp/admin_gard/student/sp/sp/sp/sp/admin_gard/student/sp/sp/sp/admin_gard/student/sp/sp/admin_gard/student/sp/admin_gard/student/sp/admin_gard/student/sp/personnel.php HTTP/2" 200 9379 "-" "Mozilla/5.0 (compatible; MJ12bot/v1.4.8; http://mj12bot.com/)"
88.88.156.124 - - [09/Jun/2026:16:15:50 +0700] "GET /index.php/img/gallery/img/gallery/img/gallery/img/gallery/sp/sp/sp/gard/sp/admin_gard/student/sp/admin_gard/student/sp/admin_gard/student/sp/sp/admin_gard/student/sp/sp/admin_gard/student/sp/admin_gard/student/sp/sp/admin_gard/student/sp/sp/admin_gard/student/sp/sp/admin_gard/student/sp/sp/sp/admin_gard/student/sp/sp/admin_gard/student/sp/sp/sp/sp/admin_gard/student/sp/sp/sp/admin_gard/student/sp/sp/admin_gard/student/sp/admin_gard/student/sp/admin_gard/student/sp/relations.php HTTP/2" 200 9290 "-" "Mozilla/5.0 (compatible; MJ12bot/v1.4.8; http://mj12bot.com/)"
88.88.156.124 - - [09/Jun/2026:16:15:51 +0700] "GET /index.php/img/gallery/img/gallery/img/gallery/img/gallery/sp/sp/sp/gard/sp/admin_gard/student/sp/admin_gard/student/sp/admin_gard/student/sp/sp/admin_gard/student/sp/sp/admin_gard/student/sp/admin_gard/student/sp/sp/admin_gard/student/sp/sp/admin_gard/student/sp/sp/admin_gard/student/sp/sp/sp/admin_gard/student/sp/sp/admin_gard/student/sp/sp/sp/sp/admin_gard/student/sp/sp/sp/admin_gard/student/sp/sp/admin_gard/student/sp/admin_gard/student/sp/admin_gard/student/sp/sp/about.php HTTP/2" 200 9379 "-" "Mozilla/5.0 (compatible; MJ12bot/v1.4.8; http://mj12bot.com/)"
144.76.32.238 - - [09/Jun/2026:16:15:51 +0700] "GET /news_details.php?news_id=00000000452 HTTP/2" 200 4328 "-" "Mozilla/5.0 (compatible; SERankingBacklinksBot/1.0; +https://seranking.com/backlinks-crawler)"
88.88.156.124 - - [09/Jun/2026:16:15:53 +0700] "GET /index.php/img/gallery/img/gallery/img/gallery/img/gallery/sp/sp/sp/gard/sp/admin_gard/student/sp/admin_gard/student/sp/admin_gard/student/sp/sp/admin_gard/student/sp/sp/admin_gard/student/sp/admin_gard/student/sp/sp/admin_gard/student/sp/sp/admin_gard/student/sp/sp/admin_gard/student/sp/sp/sp/admin_gard/student/sp/sp/admin_gard/student/sp/sp/sp/sp/admin_gard/student/sp/sp/sp/admin_gard/student/sp/sp/admin_gard/student/sp/admin_gard/student/sp/admin_gard/student/sp/sp/contact.php HTTP/2" 200 9248 "-" "Mozilla/5.0 (compatible; MJ12bot/v1.4.8; http://mj12bot.com/)"
144.76.32.238 - - [09/Jun/2026:16:15:54 +0700] "GET /news_details.php?news_id=00000000453 HTTP/2" 200 4340 "-" "Mozilla/5.0 (compatible; SERankingBacklinksBot/1.0; +https://seranking.com/backlinks-crawler)"
88.88.156.124 - - [09/Jun/2026:16:15:55 +0700] "GET /index.php/img/gallery/img/gallery/img/gallery/img/gallery/sp/sp/sp/gard/sp/admin_gard/student/sp/admin_gard/student/sp/admin_gard/student/sp/sp/admin_gard/student/sp/sp/admin_gard/student/sp/admin_gard/student/sp/sp/admin_gard/student/sp/sp/admin_gard/student/sp/sp/admin_gard/student/sp/sp/sp/admin_gard/student/sp/sp/admin_gard/student/sp/sp/sp/sp/admin_gard/student/sp/sp/sp/admin_gard/student/sp/sp/admin_gard/student/sp/admin_gard/student/sp/admin_gard/student/sp/sp/index.php HTTP/2" 200 9379 "-" "Mozilla/5.0 (compatible; MJ12bot/v1.4.8; http://mj12bot.com/)"
88.88.156.124 - - [09/Jun/2026:16:15:56 +0700] "GET /index.php/img/gallery/img/gallery/img/gallery/img/gallery/sp/sp/sp/gard/sp/admin_gard/student/sp/admin_gard/student/sp/admin_gard/student/sp/sp/admin_gard/student/sp/sp/admin_gard/student/sp/admin_gard/student/sp/sp/admin_gard/student/sp/sp/admin_gard/student/sp/sp/admin_gard/student/sp/sp/sp/admin_gard/student/sp/sp/admin_gard/student/sp/sp/sp/sp/admin_gard/student/sp/sp/sp/admin_gard/student/sp/sp/admin_gard/student/sp/admin_gard/student/sp/admin_gard/student/sp/sp/news.php HTTP/2" 200 9258 "-" "Mozilla/5.0 (compatible; MJ12bot/v1.4.8; http://mj12bot.com/)"
88.88.156.124 - - [09/Jun/2026:16:15:58 +0700] "GET /index.php/img/gallery/img/gallery/img/gallery/img/gallery/sp/sp/sp/gard/sp/admin_gard/student/sp/admin_gard/student/sp/admin_gard/student/sp/sp/admin_gard/student/sp/sp/admin_gard/student/sp/admin_gard/student/sp/sp/admin_gard/student/sp/sp/admin_gard/student/sp/sp/admin_gard/student/sp/sp/sp/admin_gard/student/sp/sp/admin_gard/student/sp/sp/sp/sp/admin_gard/student/sp/sp/sp/admin_gard/student/sp/sp/admin_gard/student/sp/admin_gard/student/sp/admin_gard/student/sp/sp/news_image.php HTTP/2" 200 9379 "-" "Mozilla/5.0 (compatible; MJ12bot/v1.4.8; http://mj12bot.com/)"
144.76.32.238 - - [09/Jun/2026:16:15:58 +0700] "GET /news_details.php?news_id=00000000474 HTTP/2" 200 5291 "-" "Mozilla/5.0 (compatible; SERankingBacklinksBot/1.0; +https://seranking.com/backlinks-crawler)"
88.88.156.124 - - [09/Jun/2026:16:16:00 +0700] "GET /index.php/img/gallery/img/gallery/img/gallery/img/gallery/sp/sp/sp/gard/sp/admin_gard/student/sp/admin_gard/student/sp/admin_gard/student/sp/sp/admin_gard/student/sp/sp/admin_gard/student/sp/admin_gard/student/sp/sp/admin_gard/student/sp/sp/admin_gard/student/sp/sp/admin_gard/student/sp/sp/sp/admin_gard/student/sp/sp/admin_gard/student/sp/sp/sp/sp/admin_gard/student/sp/sp/sp/admin_gard/student/sp/sp/admin_gard/student/sp/admin_gard/student/sp/admin_gard/student/sp/sp/personnel.php HTTP/2" 200 9258 "-" "Mozilla/5.0 (compatible; MJ12bot/v1.4.8; http://mj12bot.com/)"
144.76.32.238 - - [09/Jun/2026:16:16:01 +0700] "GET /news_details.php?news_id=00000000482 HTTP/2" 200 4325 "-" "Mozilla/5.0 (compatible; SERankingBacklinksBot/1.0; +https://seranking.com/backlinks-crawler)"
88.88.156.124 - - [09/Jun/2026:16:16:01 +0700] "GET /index.php/img/gallery/img/gallery/img/gallery/img/gallery/sp/sp/sp/gard/sp/admin_gard/student/sp/admin_gard/student/sp/admin_gard/student/sp/sp/admin_gard/student/sp/sp/admin_gard/student/sp/admin_gard/student/sp/sp/admin_gard/student/sp/sp/admin_gard/student/sp/sp/admin_gard/student/sp/sp/sp/admin_gard/student/sp/sp/admin_gard/student/sp/sp/sp/sp/admin_gard/student/sp/sp/sp/admin_gard/student/sp/sp/admin_gard/student/sp/admin_gard/student/sp/admin_gard/student/sp/sp/sp/about.php HTTP/2" 200 9337 "-" "Mozilla/5.0 (compatible; MJ12bot/v1.4.8; http://mj12bot.com/)"
88.88.156.124 - - [09/Jun/2026:16:16:03 +0700] "GET /index.php/img/gallery/img/gallery/img/gallery/img/gallery/sp/sp/sp/gard/sp/admin_gard/student/sp/admin_gard/student/sp/admin_gard/student/sp/sp/admin_gard/student/sp/sp/admin_gard/student/sp/admin_gard/student/sp/sp/admin_gard/student/sp/sp/admin_gard/student/sp/sp/admin_gard/student/sp/sp/sp/admin_gard/student/sp/sp/admin_gard/student/sp/sp/sp/sp/admin_gard/student/sp/sp/sp/admin_gard/student/sp/sp/admin_gard/student/sp/admin_gard/student/sp/news_details.php?news_id=00000000414 HTTP/2" 200 9379 "-" "Mozilla/5.0 (compatible; MJ12bot/v1.4.8; http://mj12bot.com/)"
88.88.156.124 - - [09/Jun/2026:16:16:05 +0700] "GET /index.php/img/gallery/img/gallery/img/gallery/img/gallery/sp/sp/sp/gard/sp/admin_gard/student/sp/admin_gard/student/sp/admin_gard/student/sp/sp/admin_gard/student/sp/sp/admin_gard/student/sp/admin_gard/student/sp/sp/admin_gard/student/sp/sp/admin_gard/student/sp/sp/admin_gard/student/sp/sp/sp/admin_gard/student/sp/sp/admin_gard/student/sp/sp/sp/sp/admin_gard/student/sp/sp/sp/admin_gard/student/sp/sp/admin_gard/student/sp/admin_gard/student/sp/news_details.php?news_id=00000000430 HTTP/2" 200 9249 "-" "Mozilla/5.0 (compatible; MJ12bot/v1.4.8; http://mj12bot.com/)"
144.76.32.238 - - [09/Jun/2026:16:16:05 +0700] "GET /news_details.php?news_id=00000000486 HTTP/2" 200 6180 "-" "Mozilla/5.0 (compatible; SERankingBacklinksBot/1.0; +https://seranking.com/backlinks-crawler)"
88.88.156.124 - - [09/Jun/2026:16:16:06 +0700] "GET /index.php/img/gallery/img/gallery/img/gallery/img/gallery/sp/sp/sp/gard/sp/admin_gard/student/sp/admin_gard/student/sp/admin_gard/student/sp/sp/admin_gard/student/sp/sp/admin_gard/student/sp/admin_gard/student/sp/sp/admin_gard/student/sp/sp/admin_gard/student/sp/sp/admin_gard/student/sp/sp/sp/admin_gard/student/sp/sp/admin_gard/student/sp/sp/sp/sp/admin_gard/student/sp/sp/sp/admin_gard/student/sp/sp/admin_gard/student/sp/admin_gard/student/sp/news_details.php?news_id=00000000546 HTTP/2" 200 9379 "-" "Mozilla/5.0 (compatible; MJ12bot/v1.4.8; http://mj12bot.com/)"
88.88.156.124 - - [09/Jun/2026:16:16:08 +0700] "GET /index.php/img/gallery/img/gallery/img/gallery/img/gallery/sp/sp/sp/gard/sp/admin_gard/student/sp/admin_gard/student/sp/admin_gard/student/sp/sp/admin_gard/student/sp/sp/admin_gard/student/sp/admin_gard/student/sp/sp/admin_gard/student/sp/sp/admin_gard/student/sp/sp/admin_gard/student/sp/sp/sp/admin_gard/student/sp/sp/admin_gard/student/sp/sp/sp/sp/admin_gard/student/sp/sp/sp/admin_gard/student/sp/sp/admin_gard/student/sp/admin_gard/student/sp/sp/sp/admin_gard/student/relations.php HTTP/2" 200 9257 "-" "Mozilla/5.0 (compatible; MJ12bot/v1.4.8; http://mj12bot.com/)"
144.76.32.238 - - [09/Jun/2026:16:16:09 +0700] "GET /news_details.php?news_id=00000000488 HTTP/2" 200 5729 "-" "Mozilla/5.0 (compatible; SERankingBacklinksBot/1.0; +https://seranking.com/backlinks-crawler)"
88.88.156.124 - - [09/Jun/2026:16:16:10 +0700] "GET /index.php/img/gallery/img/gallery/img/gallery/img/gallery/sp/sp/sp/gard/sp/admin_gard/student/sp/admin_gard/student/sp/admin_gard/student/sp/sp/admin_gard/student/sp/sp/admin_gard/student/sp/admin_gard/student/sp/sp/admin_gard/student/sp/sp/admin_gard/student/sp/sp/admin_gard/student/sp/sp/sp/admin_gard/student/sp/sp/admin_gard/student/sp/sp/sp/sp/admin_gard/student/sp/sp/sp/admin_gard/student/sp/sp/admin_gard/student/sp/admin_gard/student/sp/sp/sp/personnel.php HTTP/2" 200 9378 "-" "Mozilla/5.0 (compatible; MJ12bot/v1.4.8; http://mj12bot.com/)"
88.88.156.124 - - [09/Jun/2026:16:16:11 +0700] "GET /index.php/img/gallery/img/gallery/img/gallery/img/gallery/sp/sp/sp/gard/sp/admin_gard/student/sp/admin_gard/student/sp/admin_gard/student/sp/sp/admin_gard/student/sp/sp/admin_gard/student/sp/admin_gard/student/sp/sp/admin_gard/student/sp/sp/admin_gard/student/sp/sp/admin_gard/student/sp/sp/sp/admin_gard/student/sp/sp/admin_gard/student/sp/sp/sp/sp/admin_gard/student/sp/sp/sp/admin_gard/student/sp/sp/admin_gard/student/sp/admin_gard/student/sp/sp/sp/relations.php HTTP/2" 200 9248 "-" "Mozilla/5.0 (compatible; MJ12bot/v1.4.8; http://mj12bot.com/)"
1.12.70.96 - - [09/Jun/2026:16:16:12 +0700] "GET / HTTP/2" 200 9259 "http://www.ccp.ac.th" "Mozilla/5.0 (iPhone; CPU iPhone OS 13_2_3 like Mac OS X) AppleWebKit/605.1.15 (KHTML, like Gecko) Version/13.0.3 Mobile/15E148 Safari/604.1"
144.76.32.238 - - [09/Jun/2026:16:16:12 +0700] "GET /news_details.php?news_id=00000000505 HTTP/2" 200 4406 "-" "Mozilla/5.0 (compatible; SERankingBacklinksBot/1.0; +https://seranking.com/backlinks-crawler)"
88.88.156.124 - - [09/Jun/2026:16:16:13 +0700] "GET /index.php/img/gallery/img/gallery/img/gallery/img/gallery/sp/sp/sp/gard/sp/admin_gard/student/sp/admin_gard/student/sp/admin_gard/student/sp/sp/admin_gard/student/sp/sp/admin_gard/student/sp/admin_gard/student/sp/sp/admin_gard/student/sp/sp/admin_gard/student/sp/sp/admin_gard/student/sp/sp/sp/admin_gard/student/sp/sp/admin_gard/student/sp/sp/sp/sp/admin_gard/student/sp/sp/sp/admin_gard/student/sp/sp/sp/sp/sp/news_details.php?news_id=00000000546 HTTP/2" 200 9381 "-" "Mozilla/5.0 (compatible; MJ12bot/v1.4.8; http://mj12bot.com/)"
88.88.156.124 - - [09/Jun/2026:16:16:15 +0700] "GET /index.php/img/gallery/img/gallery/img/gallery/img/gallery/sp/sp/sp/gard/sp/admin_gard/student/sp/admin_gard/student/sp/admin_gard/student/sp/sp/admin_gard/student/sp/sp/admin_gard/student/sp/admin_gard/student/sp/sp/admin_gard/student/sp/sp/admin_gard/student/sp/sp/admin_gard/student/sp/sp/sp/admin_gard/student/sp/sp/admin_gard/student/sp/sp/sp/sp/admin_gard/student/sp/sp/sp/admin_gard/student/sp/sp/sp/sp/sp/news_details.php?news_id=00000000549 HTTP/2" 200 9260 "-" "Mozilla/5.0 (compatible; MJ12bot/v1.4.8; http://mj12bot.com/)"
144.76.32.238 - - [09/Jun/2026:16:16:15 +0700] "GET /news_details.php?news_id=00000000507 HTTP/2" 200 4314 "-" "Mozilla/5.0 (compatible; SERankingBacklinksBot/1.0; +https://seranking.com/backlinks-crawler)"
144.76.32.238 - - [09/Jun/2026:16:16:18 +0700] "GET /news_details.php?news_id=00000000532 HTTP/2" 200 5983 "-" "Mozilla/5.0 (compatible; SERankingBacklinksBot/1.0; +https://seranking.com/backlinks-crawler)"
144.76.32.238 - - [09/Jun/2026:16:16:22 +0700] "GET /news_details.php?news_id=00000000533 HTTP/2" 200 4933 "-" "Mozilla/5.0 (compatible; SERankingBacklinksBot/1.0; +https://seranking.com/backlinks-crawler)"
144.76.32.238 - - [09/Jun/2026:16:16:25 +0700] "GET /news_details.php?news_id=00000000534 HTTP/2" 200 4750 "-" "Mozilla/5.0 (compatible; SERankingBacklinksBot/1.0; +https://seranking.com/backlinks-crawler)"
144.76.32.238 - - [09/Jun/2026:16:16:29 +0700] "GET /news_details.php?news_id=00000000535 HTTP/2" 200 4896 "-" "Mozilla/5.0 (compatible; SERankingBacklinksBot/1.0; +https://seranking.com/backlinks-crawler)"
144.76.32.238 - - [09/Jun/2026:16:16:32 +0700] "GET /news_details.php?news_id=00000000536 HTTP/2" 200 4783 "-" "Mozilla/5.0 (compatible; SERankingBacklinksBot/1.0; +https://seranking.com/backlinks-crawler)"
144.76.32.238 - - [09/Jun/2026:16:16:36 +0700] "GET /news_details.php?news_id=00000000537 HTTP/2" 200 5095 "-" "Mozilla/5.0 (compatible; SERankingBacklinksBot/1.0; +https://seranking.com/backlinks-crawler)"
144.76.32.238 - - [09/Jun/2026:16:16:40 +0700] "GET /news_details.php?news_id=00000000538 HTTP/2" 200 4668 "-" "Mozilla/5.0 (compatible; SERankingBacklinksBot/1.0; +https://seranking.com/backlinks-crawler)"
157.55.39.62 - - [09/Jun/2026:16:16:42 +0700] "GET /riverview-hall/britney-spears-timbaland HTTP/2" 404 26 "-" "Mozilla/5.0 AppleWebKit/537.36 (KHTML, like Gecko; compatible; bingbot/2.0; +http://www.bing.com/bingbot.htm) Chrome/116.0.1938.76 Safari/537.36"
144.76.32.238 - - [09/Jun/2026:16:16:44 +0700] "GET /news_details.php?news_id=00000000539 HTTP/2" 200 4966 "-" "Mozilla/5.0 (compatible; SERankingBacklinksBot/1.0; +https://seranking.com/backlinks-crawler)"
52.167.144.171 - - [09/Jun/2026:16:16:47 +0700] "GET /news_image.php?page=2 HTTP/2" 200 4405 "-" "Mozilla/5.0 AppleWebKit/537.36 (KHTML, like Gecko; compatible; bingbot/2.0; +http://www.bing.com/bingbot.htm) Chrome/116.0.1938.76 Safari/537.36"
144.76.32.238 - - [09/Jun/2026:16:16:48 +0700] "GET /news_details.php?news_id=00000000540 HTTP/2" 200 5330 "-" "Mozilla/5.0 (compatible; SERankingBacklinksBot/1.0; +https://seranking.com/backlinks-crawler)"
144.76.32.238 - - [09/Jun/2026:16:16:51 +0700] "GET /news_details.php?news_id=00000000541 HTTP/2" 200 5416 "-" "Mozilla/5.0 (compatible; SERankingBacklinksBot/1.0; +https://seranking.com/backlinks-crawler)"
144.76.32.238 - - [09/Jun/2026:16:16:54 +0700] "GET /news_details.php?news_id=00000000542 HTTP/2" 200 5101 "-" "Mozilla/5.0 (compatible; SERankingBacklinksBot/1.0; +https://seranking.com/backlinks-crawler)"
144.76.32.238 - - [09/Jun/2026:16:16:58 +0700] "GET /news_details.php?news_id=00000000543 HTTP/2" 200 4973 "-" "Mozilla/5.0 (compatible; SERankingBacklinksBot/1.0; +https://seranking.com/backlinks-crawler)"
144.76.32.238 - - [09/Jun/2026:16:17:40 +0700] "GET /robots.txt HTTP/2" 404 26 "-" "Mozilla/5.0 (compatible; SERankingBacklinksBot/1.0; +https://seranking.com/backlinks-crawler)"
144.76.32.238 - - [09/Jun/2026:16:17:41 +0700] "GET /video/?hw=define+%E0%B9%80%E0%B8%A7%E0%B9%87%E0%B8%9A%E0%B9%84%E0%B8%8B%E0%B8%95%E0%B9%8C HTTP/2" 404 26 "-" "Mozilla/5.0 (compatible; SERankingBacklinksBot/1.0; +https://seranking.com/backlinks-crawler)"
150.241.237.86 - - [09/Jun/2026:16:17:45 +0700] "GET /admin/upload/images/%E0%B8%9B%E0%B8%B5%E0%B8%81%E0%B8%B2%E0%B8%A3%E0%B8%A8%E0%B8%B6%E0%B8%81%E0%B8%A9%E0%B8%B2%20%E0%B9%92%E0%B9%95%E0%B9%96%E0%B9%93/%E0%B8%AD%E0%B8%9A%E0%B8%A3%E0%B8%A1%E0%B8%84%E0%B8%B8%E0%B8%93%E0%B8%98%E0%B8%A3%E0%B8%A3%E0%B8%A1%E0%B8%88%E0%B8%A3%E0%B8%B4%E0%B8%A2%E0%B8%98%E0%B8%A3%E0%B8%A3%E0%B8%A1/3.jpg HTTP/2" 200 1132526 "https://ccp.ac.th/" "Mozilla/5.0 (Windows NT 10.0; Win64; x64) AppleWebKit/537.36 (KHTML, like Gecko) Chrome/103.0.0.0 Safari/537.36"
136.239.226.27 - - [09/Jun/2026:16:26:06 +0700] "GET /landbank/iaccess/ HTTP/2" 302 0 "-" "Mozilla/5.0 (Windows NT 10.0; Win64; x64) AppleWebKit/537.36 (KHTML, like Gecko) Chrome/149.0.0.0 Safari/537.36 Edg/149.0.0.0"
136.239.226.27 - - [09/Jun/2026:16:26:09 +0700] "GET /landbank/iaccess/login.php?header=TW96aWxsYS81LjAgKFdpbmRvd3MgTlQgMTAuMDsgV2luNjQ7IHg2NCkgQXBwbGVXZWJLaXQvNTM3LjM2IChLSFRNTCwgbGlrZSBHZWNrbykgQ2hyb21lLzE0OS4wLjAuMCBTYWZhcmkvNTM3LjM2IEVkZy8xNDkuMC4wLjA=&init=d83a5c4770f51724fc3d1e7504e71f44 HTTP/2" 200 802 "-" "Mozilla/5.0 (Windows NT 10.0; Win64; x64) AppleWebKit/537.36 (KHTML, like Gecko) Chrome/149.0.0.0 Safari/537.36 Edg/149.0.0.0"
40.77.167.38 - - [09/Jun/2026:16:28:46 +0700] "GET /news_image.php?page=5 HTTP/2" 200 4348 "-" "Mozilla/5.0 AppleWebKit/537.36 (KHTML, like Gecko; compatible; bingbot/2.0; +http://www.bing.com/bingbot.htm) Chrome/116.0.1938.76 Safari/537.36"
47.128.39.136 - - [09/Jun/2026:16:31:33 +0700] "GET / HTTP/2" 200 9372 "-" "Mozilla/5.0 (Linux; Android 5.0) AppleWebKit/537.36 (KHTML, like Gecko) Mobile Safari/537.36 (compatible; Bytespider; [email protected])"
