2001:41d0:303:1e7e::1 - - [09/Jun/2026:15:06:53 +0700] "GET /index.php/img/gallery/img/gallery/img/gallery/img/gallery/sp/sp/sp/gard/sp/admin_gard/student/sp/admin_gard/student/sp/admin_gard/student/sp/sp/admin_gard/student/sp/sp/admin_gard/student/sp/admin_gard/student/sp/sp/admin_gard/student/sp/sp/admin_gard/student/sp/sp/admin_gard/student/sp/sp/sp/admin_gard/student/sp/sp/admin_gard/student/sp/sp/sp/sp/admin_gard/student/sp/sp/admin_gard/student/sp/sp/sp/sp/sp/sp/news_details.php?news_id=00000000396 HTTP/2" 200 9261 "-" "Mozilla/5.0 (compatible; MJ12bot/v1.4.8; http://mj12bot.com/)"
2001:41d0:303:1e7e::1 - - [09/Jun/2026:15:06:53 +0700] "GET /index.php/img/gallery/img/gallery/img/gallery/img/gallery/sp/sp/sp/gard/img/gallery/sp/admin_gard/student/sp/admin_gard/student/sp/sp/admin_gard/student/sp/admin_gard/student/sp/sp/admin_gard/student/sp/sp/sp/sp/sp/sp/index.php HTTP/2" 200 9261 "-" "Mozilla/5.0 (compatible; MJ12bot/v1.4.8; http://mj12bot.com/)"
2001:41d0:303:1e7e::1 - - [09/Jun/2026:15:06:54 +0700] "GET /index.php/img/gallery/img/gallery/img/gallery/img/gallery/sp/sp/sp/gard/sp/admin_gard/student/sp/admin_gard/student/sp/admin_gard/student/sp/sp/admin_gard/student/sp/sp/admin_gard/student/sp/admin_gard/student/sp/sp/admin_gard/student/sp/sp/admin_gard/student/sp/sp/admin_gard/student/sp/sp/sp/admin_gard/student/sp/sp/admin_gard/student/sp/sp/sp/sp/admin_gard/student/sp/sp/admin_gard/student/sp/sp/sp/sp/sp/sp/sp/admin_gard/student/news_details.php?news_id=00000000396 HTTP/2" 200 9293 "-" "Mozilla/5.0 (compatible; MJ12bot/v1.4.8; http://mj12bot.com/)"
2001:41d0:303:1e7e::1 - - [09/Jun/2026:15:06:55 +0700] "GET /index.php/img/gallery/img/gallery/img/gallery/img/gallery/sp/sp/sp/gard/sp/admin_gard/student/sp/admin_gard/student/sp/admin_gard/student/sp/sp/admin_gard/student/sp/sp/admin_gard/student/sp/admin_gard/student/sp/sp/admin_gard/student/sp/sp/admin_gard/student/sp/sp/admin_gard/student/sp/sp/sp/admin_gard/student/sp/sp/admin_gard/student/sp/sp/sp/sp/admin_gard/student/sp/sp/admin_gard/student/sp/sp/sp/sp/sp/sp/news_details.php?news_id=00000000546 HTTP/2" 200 9293 "-" "Mozilla/5.0 (compatible; MJ12bot/v1.4.8; http://mj12bot.com/)"
2001:41d0:303:1e7e::1 - - [09/Jun/2026:15:06:54 +0700] "GET /index.php/img/gallery/img/gallery/img/gallery/img/gallery/sp/sp/sp/gard/img/gallery/sp/admin_gard/student/sp/admin_gard/student/sp/sp/admin_gard/student/sp/admin_gard/student/sp/sp/sp/admin_gard/student/sp/sp/sp/about.php HTTP/2" 200 9293 "-" "Mozilla/5.0 (compatible; MJ12bot/v1.4.8; http://mj12bot.com/)"
2001:41d0:303:1e7e::1 - - [09/Jun/2026:15:06:55 +0700] "GET /index.php/img/gallery/img/gallery/img/gallery/img/gallery/sp/sp/sp/gard/sp/admin_gard/student/sp/admin_gard/student/sp/admin_gard/student/sp/sp/admin_gard/student/sp/sp/admin_gard/student/sp/admin_gard/student/sp/sp/admin_gard/student/sp/sp/admin_gard/student/sp/sp/admin_gard/student/sp/sp/sp/admin_gard/student/sp/sp/admin_gard/student/sp/sp/sp/sp/admin_gard/student/sp/sp/admin_gard/student/sp/sp/sp/sp/sp/sp/sp/admin_gard/student/news_details.php?news_id=00000000397 HTTP/2" 200 9324 "-" "Mozilla/5.0 (compatible; MJ12bot/v1.4.8; http://mj12bot.com/)"
2001:41d0:303:1e7e::1 - - [09/Jun/2026:15:06:56 +0700] "GET /index.php/img/gallery/img/gallery/img/gallery/img/gallery/sp/sp/sp/gard/sp/admin_gard/student/sp/admin_gard/student/sp/admin_gard/student/sp/sp/admin_gard/student/sp/sp/admin_gard/student/sp/admin_gard/student/sp/sp/admin_gard/student/sp/sp/admin_gard/student/sp/sp/admin_gard/student/sp/sp/sp/admin_gard/student/sp/sp/admin_gard/student/sp/sp/sp/sp/admin_gard/student/sp/sp/admin_gard/student/sp/sp/sp/sp/sp/sp/news_details.php?news_id=00000000548 HTTP/2" 200 9293 "-" "Mozilla/5.0 (compatible; MJ12bot/v1.4.8; http://mj12bot.com/)"
2001:41d0:303:1e7e::1 - - [09/Jun/2026:15:06:56 +0700] "GET /index.php/img/gallery/img/gallery/img/gallery/img/gallery/sp/sp/sp/gard/img/gallery/sp/admin_gard/student/sp/admin_gard/student/sp/sp/admin_gard/student/sp/admin_gard/student/sp/sp/sp/admin_gard/student/sp/sp/sp/contact.php HTTP/2" 200 9293 "-" "Mozilla/5.0 (compatible; MJ12bot/v1.4.8; http://mj12bot.com/)"
2001:41d0:303:1e7e::1 - - [09/Jun/2026:15:06:57 +0700] "GET /index.php/img/gallery/img/gallery/img/gallery/img/gallery/sp/sp/sp/gard/sp/admin_gard/student/sp/admin_gard/student/sp/admin_gard/student/sp/sp/admin_gard/student/sp/sp/admin_gard/student/sp/admin_gard/student/sp/sp/admin_gard/student/sp/sp/admin_gard/student/sp/sp/admin_gard/student/sp/sp/sp/admin_gard/student/sp/sp/admin_gard/student/sp/sp/sp/sp/admin_gard/student/sp/sp/admin_gard/student/sp/sp/sp/sp/sp/sp/sp/admin_gard/student/news_details.php?news_id=00000000414 HTTP/2" 200 9261 "-" "Mozilla/5.0 (compatible; MJ12bot/v1.4.8; http://mj12bot.com/)"
2001:41d0:303:1e7e::1 - - [09/Jun/2026:15:06:58 +0700] "GET /index.php/img/gallery/img/gallery/img/gallery/img/gallery/sp/sp/sp/gard/img/gallery/sp/admin_gard/student/sp/admin_gard/student/sp/sp/admin_gard/student/sp/admin_gard/student/sp/sp/sp/admin_gard/student/sp/sp/sp/news.php HTTP/2" 200 9261 "-" "Mozilla/5.0 (compatible; MJ12bot/v1.4.8; http://mj12bot.com/)"
2001:41d0:303:1e7e::1 - - [09/Jun/2026:15:06:58 +0700] "GET /index.php/img/gallery/img/gallery/img/gallery/img/gallery/sp/sp/sp/gard/sp/admin_gard/student/sp/admin_gard/student/sp/admin_gard/student/sp/sp/admin_gard/student/sp/sp/admin_gard/student/sp/admin_gard/student/sp/sp/admin_gard/student/sp/sp/admin_gard/student/sp/sp/admin_gard/student/sp/sp/sp/admin_gard/student/sp/sp/admin_gard/student/sp/sp/sp/sp/admin_gard/student/sp/sp/admin_gard/student/sp/sp/sp/sp/sp/sp/sp/admin_gard/student/news_details.php?news_id=00000000396 HTTP/2" 200 9261 "-" "Mozilla/5.0 (compatible; MJ12bot/v1.4.8; http://mj12bot.com/)"
2001:41d0:303:1e7e::1 - - [09/Jun/2026:15:06:59 +0700] "GET /index.php/img/gallery/img/gallery/img/gallery/img/gallery/sp/sp/sp/gard/sp/admin_gard/student/sp/admin_gard/student/sp/admin_gard/student/sp/sp/admin_gard/student/sp/sp/admin_gard/student/sp/admin_gard/student/sp/sp/admin_gard/student/sp/sp/admin_gard/student/sp/sp/admin_gard/student/sp/sp/sp/admin_gard/student/sp/sp/admin_gard/student/sp/sp/sp/sp/admin_gard/student/sp/sp/admin_gard/student/sp/sp/sp/sp/sp/sp/sp/admin_gard/student/news_details.php?news_id=00000000430 HTTP/2" 200 9205 "-" "Mozilla/5.0 (compatible; MJ12bot/v1.4.8; http://mj12bot.com/)"
2001:41d0:303:1e7e::1 - - [09/Jun/2026:15:07:00 +0700] "GET /index.php/img/gallery/img/gallery/img/gallery/img/gallery/sp/sp/sp/gard/sp/admin_gard/student/sp/admin_gard/student/sp/admin_gard/student/sp/sp/admin_gard/student/sp/sp/admin_gard/student/sp/admin_gard/student/sp/sp/admin_gard/student/sp/sp/admin_gard/student/sp/sp/admin_gard/student/sp/sp/sp/admin_gard/student/sp/sp/admin_gard/student/sp/sp/sp/sp/admin_gard/student/sp/sp/admin_gard/student/sp/sp/sp/sp/sp/sp/admin_gard/student/sp/index.php HTTP/2" 200 9261 "-" "Mozilla/5.0 (compatible; MJ12bot/v1.4.8; http://mj12bot.com/)"
2001:41d0:303:1e7e::1 - - [09/Jun/2026:15:07:00 +0700] "GET /index.php/img/gallery/img/gallery/img/gallery/img/gallery/sp/sp/sp/gard/sp/admin_gard/student/sp/admin_gard/student/sp/admin_gard/student/sp/sp/admin_gard/student/sp/sp/admin_gard/student/sp/admin_gard/student/sp/sp/admin_gard/student/sp/sp/admin_gard/student/sp/sp/admin_gard/student/sp/sp/sp/admin_gard/student/sp/sp/admin_gard/student/sp/sp/sp/sp/admin_gard/student/sp/sp/admin_gard/student/sp/sp/sp/sp/sp/sp/sp/admin_gard/student/news_details.php?news_id=00000000397 HTTP/2" 200 9261 "-" "Mozilla/5.0 (compatible; MJ12bot/v1.4.8; http://mj12bot.com/)"
2001:41d0:303:1e7e::1 - - [09/Jun/2026:15:07:00 +0700] "GET /index.php/img/gallery/img/gallery/img/gallery/img/gallery/sp/sp/sp/gard/sp/admin_gard/student/sp/admin_gard/student/sp/admin_gard/student/sp/sp/admin_gard/student/sp/sp/admin_gard/student/sp/admin_gard/student/sp/sp/admin_gard/student/sp/sp/admin_gard/student/sp/sp/admin_gard/student/sp/sp/sp/admin_gard/student/sp/sp/admin_gard/student/sp/sp/sp/sp/admin_gard/student/sp/sp/admin_gard/student/sp/sp/sp/sp/sp/sp/sp/admin_gard/student/news_details.php?news_id=00000000546 HTTP/2" 200 9261 "-" "Mozilla/5.0 (compatible; MJ12bot/v1.4.8; http://mj12bot.com/)"
2001:41d0:303:1e7e::1 - - [09/Jun/2026:15:07:01 +0700] "GET /index.php/img/gallery/img/gallery/img/gallery/img/gallery/sp/sp/sp/gard/sp/admin_gard/student/sp/admin_gard/student/sp/admin_gard/student/sp/sp/admin_gard/student/sp/sp/admin_gard/student/sp/admin_gard/student/sp/sp/admin_gard/student/sp/sp/admin_gard/student/sp/sp/admin_gard/student/sp/sp/sp/admin_gard/student/sp/sp/admin_gard/student/sp/sp/sp/sp/admin_gard/student/sp/sp/admin_gard/student/sp/sp/sp/sp/sp/sp/sp/admin_gard/student/news_details.php?news_id=00000000414 HTTP/2" 200 9252 "-" "Mozilla/5.0 (compatible; MJ12bot/v1.4.8; http://mj12bot.com/)"
2001:41d0:303:1e7e::1 - - [09/Jun/2026:15:07:01 +0700] "GET /index.php/img/gallery/img/gallery/img/gallery/img/gallery/sp/sp/sp/gard/sp/admin_gard/student/sp/admin_gard/student/sp/admin_gard/student/sp/sp/admin_gard/student/sp/sp/admin_gard/student/sp/admin_gard/student/sp/sp/admin_gard/student/sp/sp/admin_gard/student/sp/sp/admin_gard/student/sp/sp/sp/admin_gard/student/sp/sp/admin_gard/student/sp/sp/sp/sp/admin_gard/student/sp/sp/admin_gard/student/sp/sp/sp/sp/sp/sp/admin_gard/student/student_login.php HTTP/2" 200 9262 "-" "Mozilla/5.0 (compatible; MJ12bot/v1.4.8; http://mj12bot.com/)"
2001:41d0:303:1e7e::1 - - [09/Jun/2026:15:07:02 +0700] "GET /index.php/img/gallery/img/gallery/img/gallery/img/gallery/sp/sp/sp/gard/sp/admin_gard/student/sp/admin_gard/student/sp/admin_gard/student/sp/sp/admin_gard/student/sp/sp/admin_gard/student/sp/admin_gard/student/sp/sp/admin_gard/student/sp/sp/admin_gard/student/sp/sp/admin_gard/student/sp/sp/sp/admin_gard/student/sp/sp/admin_gard/student/sp/sp/sp/sp/admin_gard/student/sp/sp/admin_gard/student/sp/sp/sp/sp/sp/sp/sp/admin_gard/student/news_details.php?news_id=00000000548 HTTP/2" 200 9252 "-" "Mozilla/5.0 (compatible; MJ12bot/v1.4.8; http://mj12bot.com/)"
2001:41d0:303:1e7e::1 - - [09/Jun/2026:15:07:03 +0700] "GET /index.php/img/gallery/img/gallery/img/gallery/img/gallery/sp/sp/sp/gard/sp/admin_gard/student/sp/admin_gard/student/sp/admin_gard/student/sp/sp/admin_gard/student/sp/sp/admin_gard/student/sp/admin_gard/student/sp/sp/admin_gard/student/sp/sp/admin_gard/student/sp/sp/admin_gard/student/sp/sp/sp/admin_gard/student/sp/sp/admin_gard/student/sp/sp/sp/sp/admin_gard/student/sp/sp/admin_gard/student/sp/sp/sp/sp/sp/sp/contact.php HTTP/2" 200 9252 "-" "Mozilla/5.0 (compatible; MJ12bot/v1.4.8; http://mj12bot.com/)"
2001:41d0:303:1e7e::1 - - [09/Jun/2026:15:07:03 +0700] "GET /index.php/img/gallery/img/gallery/img/gallery/img/gallery/sp/sp/sp/gard/sp/admin_gard/student/sp/admin_gard/student/sp/admin_gard/student/sp/sp/admin_gard/student/sp/sp/admin_gard/student/sp/admin_gard/student/sp/sp/admin_gard/student/sp/sp/admin_gard/student/sp/sp/admin_gard/student/sp/sp/sp/admin_gard/student/sp/sp/admin_gard/student/sp/sp/sp/sp/admin_gard/student/sp/sp/admin_gard/student/sp/sp/sp/sp/sp/sp/sp/admin_gard/student/news_details.php?news_id=00000000430 HTTP/2" 200 9262 "-" "Mozilla/5.0 (compatible; MJ12bot/v1.4.8; http://mj12bot.com/)"
2001:41d0:303:1e7e::1 - - [09/Jun/2026:15:07:04 +0700] "GET /index.php/img/gallery/img/gallery/img/gallery/img/gallery/sp/sp/sp/gard/sp/admin_gard/student/sp/admin_gard/student/sp/admin_gard/student/sp/sp/admin_gard/student/sp/sp/admin_gard/student/sp/admin_gard/student/sp/sp/admin_gard/student/sp/sp/admin_gard/student/sp/sp/admin_gard/student/sp/sp/sp/admin_gard/student/sp/sp/admin_gard/student/sp/sp/sp/sp/admin_gard/student/sp/sp/admin_gard/student/sp/sp/sp/sp/sp/sp/sp/admin_gard/student/news_details.php?news_id=00000000549 HTTP/2" 200 9205 "-" "Mozilla/5.0 (compatible; MJ12bot/v1.4.8; http://mj12bot.com/)"
2001:41d0:303:1e7e::1 - - [09/Jun/2026:15:07:05 +0700] "GET /index.php/img/gallery/img/gallery/img/gallery/img/gallery/sp/sp/sp/gard/sp/admin_gard/student/sp/admin_gard/student/sp/admin_gard/student/sp/sp/admin_gard/student/sp/sp/admin_gard/student/sp/admin_gard/student/sp/sp/admin_gard/student/sp/sp/admin_gard/student/sp/sp/admin_gard/student/sp/sp/sp/admin_gard/student/sp/sp/admin_gard/student/sp/sp/sp/sp/admin_gard/student/sp/sp/admin_gard/student/sp/sp/sp/sp/sp/sp/index.php HTTP/2" 200 9293 "-" "Mozilla/5.0 (compatible; MJ12bot/v1.4.8; http://mj12bot.com/)"
2001:41d0:303:1e7e::1 - - [09/Jun/2026:15:07:05 +0700] "GET /index.php/img/gallery/img/gallery/img/gallery/img/gallery/sp/sp/sp/gard/sp/admin_gard/student/sp/admin_gard/student/sp/admin_gard/student/sp/sp/admin_gard/student/sp/sp/admin_gard/student/sp/admin_gard/student/sp/sp/admin_gard/student/sp/sp/admin_gard/student/sp/sp/admin_gard/student/sp/sp/sp/admin_gard/student/sp/sp/admin_gard/student/sp/sp/sp/sp/admin_gard/student/sp/sp/admin_gard/student/sp/sp/sp/sp/sp/sp/sp/admin_gard/student/news_details.php?news_id=00000000546 HTTP/2" 200 9261 "-" "Mozilla/5.0 (compatible; MJ12bot/v1.4.8; http://mj12bot.com/)"
2001:41d0:303:1e7e::1 - - [09/Jun/2026:15:07:06 +0700] "GET /index.php/img/gallery/img/gallery/img/gallery/img/gallery/sp/sp/sp/gard/sp/admin_gard/student/sp/admin_gard/student/sp/admin_gard/student/sp/sp/admin_gard/student/sp/sp/admin_gard/student/sp/admin_gard/student/sp/sp/admin_gard/student/sp/sp/admin_gard/student/sp/sp/admin_gard/student/sp/sp/sp/admin_gard/student/sp/sp/admin_gard/student/sp/sp/sp/sp/admin_gard/student/sp/sp/admin_gard/student/sp/sp/sp/sp/sp/sp/news_details.php?news_id=00000000396 HTTP/2" 200 9261 "-" "Mozilla/5.0 (compatible; MJ12bot/v1.4.8; http://mj12bot.com/)"
2001:41d0:303:1e7e::1 - - [09/Jun/2026:15:07:06 +0700] "GET /index.php/img/gallery/img/gallery/img/gallery/img/gallery/sp/sp/sp/gard/sp/admin_gard/student/sp/admin_gard/student/sp/admin_gard/student/sp/sp/admin_gard/student/sp/sp/admin_gard/student/sp/admin_gard/student/sp/sp/admin_gard/student/sp/sp/admin_gard/student/sp/sp/admin_gard/student/sp/sp/sp/admin_gard/student/sp/sp/admin_gard/student/sp/sp/sp/sp/admin_gard/student/sp/sp/admin_gard/student/sp/sp/sp/sp/sp/sp/sp/admin_gard/student/news_details.php?news_id=00000000552 HTTP/2" 200 9252 "-" "Mozilla/5.0 (compatible; MJ12bot/v1.4.8; http://mj12bot.com/)"
2001:41d0:303:1e7e::1 - - [09/Jun/2026:15:07:07 +0700] "GET /index.php/img/gallery/img/gallery/img/gallery/img/gallery/sp/sp/sp/gard/sp/admin_gard/student/sp/admin_gard/student/sp/admin_gard/student/sp/sp/admin_gard/student/sp/sp/admin_gard/student/sp/admin_gard/student/sp/sp/admin_gard/student/sp/sp/admin_gard/student/sp/sp/admin_gard/student/sp/sp/sp/admin_gard/student/sp/sp/admin_gard/student/sp/sp/sp/sp/admin_gard/student/sp/sp/admin_gard/student/sp/sp/sp/sp/sp/sp/sp/admin_gard/student/news_details.php?news_id=00000000553 HTTP/2" 200 9252 "-" "Mozilla/5.0 (compatible; MJ12bot/v1.4.8; http://mj12bot.com/)"
2001:41d0:303:1e7e::1 - - [09/Jun/2026:15:07:06 +0700] "GET /index.php/img/gallery/img/gallery/img/gallery/img/gallery/sp/sp/sp/gard/sp/admin_gard/student/sp/admin_gard/student/sp/admin_gard/student/sp/sp/admin_gard/student/sp/sp/admin_gard/student/sp/admin_gard/student/sp/sp/admin_gard/student/sp/sp/admin_gard/student/sp/sp/admin_gard/student/sp/sp/sp/admin_gard/student/sp/sp/admin_gard/student/sp/sp/sp/sp/admin_gard/student/sp/sp/admin_gard/student/sp/sp/sp/sp/sp/sp/sp/admin_gard/student/news_details.php?news_id=00000000548 HTTP/2" 200 9261 "-" "Mozilla/5.0 (compatible; MJ12bot/v1.4.8; http://mj12bot.com/)"
207.46.13.64 - - [09/Jun/2026:15:07:07 +0700] "GET /fertilizer/register.php HTTP/2" 200 4250 "-" "Mozilla/5.0 AppleWebKit/537.36 (KHTML, like Gecko; compatible; bingbot/2.0; +http://www.bing.com/bingbot.htm) Chrome/116.0.1938.76 Safari/537.36"
2001:41d0:303:1e7e::1 - - [09/Jun/2026:15:07:08 +0700] "GET /index.php/img/gallery/img/gallery/img/gallery/img/gallery/sp/sp/sp/gard/sp/admin_gard/student/sp/admin_gard/student/sp/admin_gard/student/sp/sp/admin_gard/student/sp/sp/admin_gard/student/sp/admin_gard/student/sp/sp/admin_gard/student/sp/sp/admin_gard/student/sp/sp/admin_gard/student/sp/sp/sp/admin_gard/student/sp/sp/admin_gard/student/sp/sp/sp/sp/admin_gard/student/sp/sp/admin_gard/student/sp/sp/sp/sp/sp/sp/news_details.php?news_id=00000000546 HTTP/2" 200 9261 "-" "Mozilla/5.0 (compatible; MJ12bot/v1.4.8; http://mj12bot.com/)"
2001:41d0:303:1e7e::1 - - [09/Jun/2026:15:07:08 +0700] "GET /index.php/img/gallery/img/gallery/img/gallery/img/gallery/sp/sp/sp/gard/sp/admin_gard/student/sp/admin_gard/student/sp/admin_gard/student/sp/sp/admin_gard/student/sp/sp/admin_gard/student/sp/admin_gard/student/sp/sp/admin_gard/student/sp/sp/admin_gard/student/sp/sp/admin_gard/student/sp/sp/sp/admin_gard/student/sp/sp/admin_gard/student/sp/sp/sp/sp/admin_gard/student/sp/sp/admin_gard/student/sp/sp/sp/sp/sp/sp/sp/admin_gard/student/news_details.php?news_id=00000000549 HTTP/2" 200 9252 "-" "Mozilla/5.0 (compatible; MJ12bot/v1.4.8; http://mj12bot.com/)"
2001:41d0:303:1e7e::1 - - [09/Jun/2026:15:07:09 +0700] "GET /index.php/img/gallery/img/gallery/img/gallery/img/gallery/sp/sp/sp/gard/sp/admin_gard/student/sp/admin_gard/student/sp/admin_gard/student/sp/sp/admin_gard/student/sp/sp/admin_gard/student/sp/admin_gard/student/sp/sp/admin_gard/student/sp/sp/admin_gard/student/sp/sp/admin_gard/student/sp/sp/sp/admin_gard/student/sp/sp/admin_gard/student/sp/sp/sp/sp/admin_gard/student/sp/sp/admin_gard/student/sp/sp/sp/sp/sp/sp/sp/news.php HTTP/2" 200 9261 "-" "Mozilla/5.0 (compatible; MJ12bot/v1.4.8; http://mj12bot.com/)"
2001:41d0:303:1e7e::1 - - [09/Jun/2026:15:07:10 +0700] "GET /index.php/img/gallery/img/gallery/img/gallery/img/gallery/sp/sp/sp/gard/sp/admin_gard/student/sp/admin_gard/student/sp/admin_gard/student/sp/sp/admin_gard/student/sp/sp/admin_gard/student/sp/admin_gard/student/sp/sp/admin_gard/student/sp/sp/admin_gard/student/sp/sp/admin_gard/student/sp/sp/sp/admin_gard/student/sp/sp/admin_gard/student/sp/sp/sp/sp/admin_gard/student/sp/sp/admin_gard/student/sp/sp/sp/sp/sp/sp/sp/admin_gard/student/news_details.php?news_id=00000000552 HTTP/2" 200 9293 "-" "Mozilla/5.0 (compatible; MJ12bot/v1.4.8; http://mj12bot.com/)"
2001:41d0:303:1e7e::1 - - [09/Jun/2026:15:07:10 +0700] "GET /index.php/img/gallery/img/gallery/img/gallery/img/gallery/sp/sp/sp/gard/sp/admin_gard/student/sp/admin_gard/student/sp/admin_gard/student/sp/sp/admin_gard/student/sp/sp/admin_gard/student/sp/admin_gard/student/sp/sp/admin_gard/student/sp/sp/admin_gard/student/sp/sp/admin_gard/student/sp/sp/sp/admin_gard/student/sp/sp/admin_gard/student/sp/sp/sp/sp/admin_gard/student/sp/sp/admin_gard/student/sp/sp/sp/sp/sp/sp/news_details.php?news_id=00000000548 HTTP/2" 200 9261 "-" "Mozilla/5.0 (compatible; MJ12bot/v1.4.8; http://mj12bot.com/)"
2001:41d0:303:1e7e::1 - - [09/Jun/2026:15:07:11 +0700] "GET /index.php/img/gallery/img/gallery/img/gallery/img/gallery/sp/sp/sp/gard/sp/admin_gard/student/sp/admin_gard/student/sp/admin_gard/student/sp/sp/admin_gard/student/sp/sp/admin_gard/student/sp/admin_gard/student/sp/sp/admin_gard/student/sp/sp/admin_gard/student/sp/sp/admin_gard/student/sp/sp/sp/admin_gard/student/sp/sp/admin_gard/student/sp/sp/sp/sp/admin_gard/student/sp/sp/admin_gard/student/sp/sp/sp/sp/sp/sp/sp/news_details.php?news_id=00000000396 HTTP/2" 200 9261 "-" "Mozilla/5.0 (compatible; MJ12bot/v1.4.8; http://mj12bot.com/)"
2001:41d0:303:1e7e::1 - - [09/Jun/2026:15:07:12 +0700] "GET /index.php/img/gallery/img/gallery/img/gallery/img/gallery/sp/sp/sp/gard/sp/admin_gard/student/sp/admin_gard/student/sp/admin_gard/student/sp/sp/admin_gard/student/sp/sp/admin_gard/student/sp/admin_gard/student/sp/sp/admin_gard/student/sp/sp/admin_gard/student/sp/sp/admin_gard/student/sp/sp/sp/admin_gard/student/sp/sp/admin_gard/student/sp/sp/sp/sp/admin_gard/student/sp/sp/admin_gard/student/sp/sp/sp/sp/sp/sp/sp/admin_gard/student/news_details.php?news_id=00000000553 HTTP/2" 200 9252 "-" "Mozilla/5.0 (compatible; MJ12bot/v1.4.8; http://mj12bot.com/)"
2001:41d0:303:1e7e::1 - - [09/Jun/2026:15:07:12 +0700] "GET /index.php/img/gallery/img/gallery/img/gallery/img/gallery/sp/sp/sp/gard/sp/admin_gard/student/sp/admin_gard/student/sp/admin_gard/student/sp/sp/admin_gard/student/sp/sp/admin_gard/student/sp/admin_gard/student/sp/sp/admin_gard/student/sp/sp/admin_gard/student/sp/sp/admin_gard/student/sp/sp/sp/admin_gard/student/sp/sp/admin_gard/student/sp/sp/sp/sp/admin_gard/student/sp/sp/admin_gard/student/sp/sp/sp/sp/sp/sp/sp/admin_gard/student/news_details.php?news_id=00000000396 HTTP/2" 200 9252 "-" "Mozilla/5.0 (compatible; MJ12bot/v1.4.8; http://mj12bot.com/)"
2001:41d0:303:1e7e::1 - - [09/Jun/2026:15:07:13 +0700] "GET /index.php/img/gallery/img/gallery/img/gallery/img/gallery/sp/sp/sp/gard/sp/admin_gard/student/sp/admin_gard/student/sp/admin_gard/student/sp/sp/admin_gard/student/sp/sp/admin_gard/student/sp/admin_gard/student/sp/sp/admin_gard/student/sp/sp/admin_gard/student/sp/sp/admin_gard/student/sp/sp/sp/admin_gard/student/sp/sp/admin_gard/student/sp/sp/sp/sp/admin_gard/student/sp/sp/admin_gard/student/sp/sp/sp/sp/sp/sp/sp/admin_gard/student/news_details.php?news_id=00000000397 HTTP/2" 200 9205 "-" "Mozilla/5.0 (compatible; MJ12bot/v1.4.8; http://mj12bot.com/)"
2001:41d0:303:1e7e::1 - - [09/Jun/2026:15:07:12 +0700] "GET /index.php/img/gallery/img/gallery/img/gallery/img/gallery/sp/sp/sp/gard/sp/admin_gard/student/sp/admin_gard/student/sp/admin_gard/student/sp/sp/admin_gard/student/sp/sp/admin_gard/student/sp/admin_gard/student/sp/sp/admin_gard/student/sp/sp/admin_gard/student/sp/sp/admin_gard/student/sp/sp/sp/admin_gard/student/sp/sp/admin_gard/student/sp/sp/sp/sp/admin_gard/student/sp/sp/admin_gard/student/sp/sp/sp/sp/sp/sp/sp/news_details.php?news_id=00000000414 HTTP/2" 200 9382 "-" "Mozilla/5.0 (compatible; MJ12bot/v1.4.8; http://mj12bot.com/)"
2001:41d0:303:1e7e::1 - - [09/Jun/2026:15:07:13 +0700] "GET /index.php/img/gallery/img/gallery/img/gallery/img/gallery/sp/sp/sp/gard/sp/admin_gard/student/sp/admin_gard/student/sp/admin_gard/student/sp/sp/admin_gard/student/sp/sp/admin_gard/student/sp/admin_gard/student/sp/sp/admin_gard/student/sp/sp/admin_gard/student/sp/sp/admin_gard/student/sp/sp/sp/admin_gard/student/sp/sp/admin_gard/student/sp/sp/sp/sp/admin_gard/student/sp/sp/admin_gard/student/sp/sp/sp/sp/sp/sp/sp/news.php HTTP/2" 200 9261 "-" "Mozilla/5.0 (compatible; MJ12bot/v1.4.8; http://mj12bot.com/)"
2001:41d0:303:1e7e::1 - - [09/Jun/2026:15:07:14 +0700] "GET /index.php/img/gallery/img/gallery/img/gallery/img/gallery/sp/sp/sp/gard/sp/admin_gard/student/sp/admin_gard/student/sp/admin_gard/student/sp/sp/admin_gard/student/sp/sp/admin_gard/student/sp/admin_gard/student/sp/sp/admin_gard/student/sp/sp/admin_gard/student/sp/sp/admin_gard/student/sp/sp/sp/admin_gard/student/sp/sp/admin_gard/student/sp/sp/sp/sp/admin_gard/student/sp/sp/admin_gard/student/sp/sp/sp/sp/sp/sp/sp/news_details.php?news_id=00000000548 HTTP/2" 200 9252 "-" "Mozilla/5.0 (compatible; MJ12bot/v1.4.8; http://mj12bot.com/)"
2001:41d0:303:1e7e::1 - - [09/Jun/2026:15:07:15 +0700] "GET /index.php/img/gallery/img/gallery/img/gallery/img/gallery/sp/sp/sp/gard/sp/admin_gard/student/sp/admin_gard/student/sp/admin_gard/student/sp/sp/admin_gard/student/sp/sp/admin_gard/student/sp/admin_gard/student/sp/sp/admin_gard/student/sp/sp/admin_gard/student/sp/sp/admin_gard/student/sp/sp/sp/admin_gard/student/sp/sp/admin_gard/student/sp/sp/sp/sp/admin_gard/student/sp/sp/admin_gard/student/sp/sp/sp/sp/sp/sp/sp/admin_gard/student/news_details.php?news_id=00000000414 HTTP/2" 200 9261 "-" "Mozilla/5.0 (compatible; MJ12bot/v1.4.8; http://mj12bot.com/)"
2001:41d0:303:1e7e::1 - - [09/Jun/2026:15:07:15 +0700] "GET /index.php/img/gallery/img/gallery/img/gallery/img/gallery/sp/sp/sp/gard/sp/admin_gard/student/sp/admin_gard/student/sp/admin_gard/student/sp/sp/admin_gard/student/sp/sp/admin_gard/student/sp/admin_gard/student/sp/sp/admin_gard/student/sp/sp/admin_gard/student/sp/sp/admin_gard/student/sp/sp/sp/admin_gard/student/sp/sp/admin_gard/student/sp/sp/sp/sp/admin_gard/student/sp/sp/admin_gard/student/sp/sp/sp/sp/sp/sp/sp/news_details.php?news_id=00000000396 HTTP/2" 200 9252 "-" "Mozilla/5.0 (compatible; MJ12bot/v1.4.8; http://mj12bot.com/)"
2001:41d0:303:1e7e::1 - - [09/Jun/2026:15:07:16 +0700] "GET /index.php/img/gallery/img/gallery/img/gallery/img/gallery/sp/sp/sp/gard/sp/admin_gard/student/sp/admin_gard/student/sp/admin_gard/student/sp/sp/admin_gard/student/sp/sp/admin_gard/student/sp/admin_gard/student/sp/sp/admin_gard/student/sp/sp/admin_gard/student/sp/sp/admin_gard/student/sp/sp/sp/admin_gard/student/sp/sp/admin_gard/student/sp/sp/sp/sp/admin_gard/student/sp/sp/admin_gard/student/sp/sp/sp/sp/sp/sp/sp/sp/admin_gard/student/sp/news_details.php?news_id=00000000396 HTTP/2" 200 9261 "-" "Mozilla/5.0 (compatible; MJ12bot/v1.4.8; http://mj12bot.com/)"
207.46.13.64 - - [09/Jun/2026:15:07:17 +0700] "GET /hardest-gold/harvard-benefits-enrollment HTTP/2" 404 26 "-" "Mozilla/5.0 AppleWebKit/537.36 (KHTML, like Gecko; compatible; bingbot/2.0; +http://www.bing.com/bingbot.htm) Chrome/116.0.1938.76 Safari/537.36"
2001:41d0:303:1e7e::1 - - [09/Jun/2026:15:07:17 +0700] "GET /index.php/img/gallery/img/gallery/img/gallery/img/gallery/sp/sp/sp/gard/sp/admin_gard/student/sp/admin_gard/student/sp/admin_gard/student/sp/sp/admin_gard/student/sp/sp/admin_gard/student/sp/admin_gard/student/sp/sp/admin_gard/student/sp/sp/admin_gard/student/sp/sp/admin_gard/student/sp/sp/sp/admin_gard/student/sp/sp/admin_gard/student/sp/sp/sp/sp/admin_gard/student/sp/sp/admin_gard/student/sp/sp/sp/sp/sp/sp/sp/news_details.php?news_id=00000000414 HTTP/2" 200 9252 "-" "Mozilla/5.0 (compatible; MJ12bot/v1.4.8; http://mj12bot.com/)"
2001:41d0:303:1e7e::1 - - [09/Jun/2026:15:07:17 +0700] "GET /index.php/img/gallery/img/gallery/img/gallery/img/gallery/sp/sp/sp/gard/sp/admin_gard/student/sp/admin_gard/student/sp/admin_gard/student/sp/sp/admin_gard/student/sp/sp/admin_gard/student/sp/admin_gard/student/sp/sp/admin_gard/student/sp/sp/admin_gard/student/sp/sp/admin_gard/student/sp/sp/sp/admin_gard/student/sp/sp/admin_gard/student/sp/sp/sp/sp/admin_gard/student/sp/sp/admin_gard/student/sp/sp/sp/sp/sp/sp/sp/admin_gard/student/news_details.php?news_id=00000000430 HTTP/2" 200 9261 "-" "Mozilla/5.0 (compatible; MJ12bot/v1.4.8; http://mj12bot.com/)"
207.46.13.64 - - [09/Jun/2026:15:07:18 +0700] "GET /hardest-gold/open-container-orc-penalty HTTP/2" 404 26 "-" "Mozilla/5.0 AppleWebKit/537.36 (KHTML, like Gecko; compatible; bingbot/2.0; +http://www.bing.com/bingbot.htm) Chrome/116.0.1938.76 Safari/537.36"
2001:41d0:303:1e7e::1 - - [09/Jun/2026:15:07:18 +0700] "GET /index.php/img/gallery/img/gallery/img/gallery/img/gallery/sp/sp/sp/gard/sp/admin_gard/student/sp/admin_gard/student/sp/admin_gard/student/sp/sp/admin_gard/student/sp/sp/admin_gard/student/sp/admin_gard/student/sp/sp/admin_gard/student/sp/sp/admin_gard/student/sp/sp/admin_gard/student/sp/sp/sp/admin_gard/student/sp/sp/admin_gard/student/sp/sp/sp/sp/admin_gard/student/sp/sp/admin_gard/student/sp/sp/sp/sp/sp/sp/sp/admin_gard/student/news_details.php?news_id=00000000546 HTTP/2" 200 9252 "-" "Mozilla/5.0 (compatible; MJ12bot/v1.4.8; http://mj12bot.com/)"
2001:41d0:303:1e7e::1 - - [09/Jun/2026:15:07:18 +0700] "GET /index.php/img/gallery/img/gallery/img/gallery/img/gallery/sp/sp/sp/gard/sp/admin_gard/student/sp/admin_gard/student/sp/admin_gard/student/sp/sp/admin_gard/student/sp/sp/admin_gard/student/sp/admin_gard/student/sp/sp/admin_gard/student/sp/sp/admin_gard/student/sp/sp/admin_gard/student/sp/sp/sp/admin_gard/student/sp/sp/admin_gard/student/sp/sp/sp/sp/admin_gard/student/sp/sp/admin_gard/student/sp/sp/sp/sp/sp/sp/sp/sp/admin_gard/student/sp/news_details.php?news_id=00000000397 HTTP/2" 200 9261 "-" "Mozilla/5.0 (compatible; MJ12bot/v1.4.8; http://mj12bot.com/)"
2001:41d0:303:1e7e::1 - - [09/Jun/2026:15:07:18 +0700] "GET /index.php/img/gallery/img/gallery/img/gallery/img/gallery/sp/sp/sp/gard/sp/admin_gard/student/sp/admin_gard/student/sp/admin_gard/student/sp/sp/admin_gard/student/sp/sp/admin_gard/student/sp/admin_gard/student/sp/sp/admin_gard/student/sp/sp/admin_gard/student/sp/sp/admin_gard/student/sp/sp/sp/admin_gard/student/sp/sp/admin_gard/student/sp/sp/sp/sp/admin_gard/student/sp/sp/admin_gard/student/sp/sp/sp/sp/sp/sp/sp/news_details.php?news_id=00000000548 HTTP/2" 200 9252 "-" "Mozilla/5.0 (compatible; MJ12bot/v1.4.8; http://mj12bot.com/)"
2001:41d0:303:1e7e::1 - - [09/Jun/2026:15:07:19 +0700] "GET /index.php/img/gallery/img/gallery/img/gallery/img/gallery/sp/sp/sp/gard/sp/admin_gard/student/sp/admin_gard/student/sp/admin_gard/student/sp/sp/admin_gard/student/sp/sp/admin_gard/student/sp/admin_gard/student/sp/sp/admin_gard/student/sp/sp/admin_gard/student/sp/sp/admin_gard/student/sp/sp/sp/admin_gard/student/sp/sp/admin_gard/student/sp/sp/sp/sp/admin_gard/student/sp/sp/admin_gard/student/sp/sp/sp/sp/sp/sp/sp/sp/admin_gard/student/sp/news_details.php?news_id=00000000549 HTTP/2" 200 9252 "-" "Mozilla/5.0 (compatible; MJ12bot/v1.4.8; http://mj12bot.com/)"
207.46.13.64 - - [09/Jun/2026:15:07:19 +0700] "GET /fertilizer/assets/js/jquery-3.1.1.min.js HTTP/2" 200 29460 "https://www.ccp.ac.th/fertilizer/register.php" "Mozilla/5.0 AppleWebKit/537.36 (KHTML, like Gecko; compatible; bingbot/2.0; +http://www.bing.com/bingbot.htm) Chrome/136.0.0.0 Safari/537.36 AppleWebKit/537.36 (KHTML, like Gecko; compatible; bingbot/2.0; +http://www.bing.com/bingbot.htm) Chrome/116.0.1938.76 Safari/537.36"
207.46.13.64 - - [09/Jun/2026:15:07:20 +0700] "GET /fertilizer/assets/js/jasny-bootstrap.min.js HTTP/2" 200 4580 "https://www.ccp.ac.th/fertilizer/register.php" "Mozilla/5.0 AppleWebKit/537.36 (KHTML, like Gecko; compatible; bingbot/2.0; +http://www.bing.com/bingbot.htm) Chrome/136.0.0.0 Safari/537.36 AppleWebKit/537.36 (KHTML, like Gecko; compatible; bingbot/2.0; +http://www.bing.com/bingbot.htm) Chrome/116.0.1938.76 Safari/537.36"
2001:41d0:303:1e7e::1 - - [09/Jun/2026:15:07:20 +0700] "GET /index.php/img/gallery/img/gallery/img/gallery/img/gallery/sp/sp/sp/gard/sp/admin_gard/student/sp/admin_gard/student/sp/admin_gard/student/sp/sp/admin_gard/student/sp/sp/admin_gard/student/sp/admin_gard/student/sp/sp/admin_gard/student/sp/sp/admin_gard/student/sp/sp/admin_gard/student/sp/sp/sp/admin_gard/student/sp/sp/admin_gard/student/sp/sp/sp/sp/admin_gard/student/sp/sp/admin_gard/student/sp/sp/sp/sp/sp/sp/sp/sp/admin_gard/student/sp/news_details.php?news_id=00000000396 HTTP/2" 200 9252 "-" "Mozilla/5.0 (compatible; MJ12bot/v1.4.8; http://mj12bot.com/)"
2001:41d0:303:1e7e::1 - - [09/Jun/2026:15:07:20 +0700] "GET /index.php/img/gallery/img/gallery/img/gallery/img/gallery/sp/sp/sp/gard/sp/admin_gard/student/sp/admin_gard/student/sp/admin_gard/student/sp/sp/admin_gard/student/sp/sp/admin_gard/student/sp/admin_gard/student/sp/sp/admin_gard/student/sp/sp/admin_gard/student/sp/sp/admin_gard/student/sp/sp/sp/admin_gard/student/sp/sp/admin_gard/student/sp/sp/sp/sp/admin_gard/student/sp/sp/admin_gard/student/sp/sp/sp/sp/sp/sp/sp/admin_gard/student/news_details.php?news_id=00000000548 HTTP/2" 200 9261 "-" "Mozilla/5.0 (compatible; MJ12bot/v1.4.8; http://mj12bot.com/)"
207.46.13.64 - - [09/Jun/2026:15:07:21 +0700] "GET /fertilizer/assets/js/perfect-scrollbar.jquery.min.js HTTP/2" 200 6145 "https://www.ccp.ac.th/fertilizer/register.php" "Mozilla/5.0 AppleWebKit/537.36 (KHTML, like Gecko; compatible; bingbot/2.0; +http://www.bing.com/bingbot.htm) Chrome/136.0.0.0 Safari/537.36 AppleWebKit/537.36 (KHTML, like Gecko; compatible; bingbot/2.0; +http://www.bing.com/bingbot.htm) Chrome/116.0.1938.76 Safari/537.36"
2001:41d0:303:1e7e::1 - - [09/Jun/2026:15:07:21 +0700] "GET /index.php/img/gallery/img/gallery/img/gallery/img/gallery/sp/sp/sp/gard/sp/admin_gard/student/sp/admin_gard/student/sp/admin_gard/student/sp/sp/admin_gard/student/sp/sp/admin_gard/student/sp/admin_gard/student/sp/sp/admin_gard/student/sp/sp/admin_gard/student/sp/sp/admin_gard/student/sp/sp/sp/admin_gard/student/sp/sp/admin_gard/student/sp/sp/sp/sp/admin_gard/student/sp/sp/admin_gard/student/sp/sp/sp/sp/sp/sp/sp/sp/admin_gard/student/sp/news_details.php?news_id=00000000550 HTTP/2" 200 9252 "-" "Mozilla/5.0 (compatible; MJ12bot/v1.4.8; http://mj12bot.com/)"
2001:41d0:303:1e7e::1 - - [09/Jun/2026:15:07:22 +0700] "GET /index.php/img/gallery/img/gallery/img/gallery/img/gallery/sp/sp/sp/gard/sp/admin_gard/student/sp/admin_gard/student/sp/admin_gard/student/sp/sp/admin_gard/student/sp/sp/admin_gard/student/sp/admin_gard/student/sp/sp/admin_gard/student/sp/sp/admin_gard/student/sp/sp/admin_gard/student/sp/sp/sp/admin_gard/student/sp/sp/admin_gard/student/sp/sp/sp/sp/admin_gard/student/sp/sp/admin_gard/student/sp/sp/sp/sp/sp/sp/sp/sp/admin_gard/student/sp/news_details.php?news_id=00000000397 HTTP/2" 200 9293 "-" "Mozilla/5.0 (compatible; MJ12bot/v1.4.8; http://mj12bot.com/)"
2001:41d0:303:1e7e::1 - - [09/Jun/2026:15:07:23 +0700] "GET /index.php/img/gallery/img/gallery/img/gallery/img/gallery/sp/sp/sp/gard/sp/admin_gard/student/sp/admin_gard/student/sp/admin_gard/student/sp/sp/admin_gard/student/sp/sp/admin_gard/student/sp/admin_gard/student/sp/sp/admin_gard/student/sp/sp/admin_gard/student/sp/sp/admin_gard/student/sp/sp/sp/admin_gard/student/sp/sp/admin_gard/student/sp/sp/sp/sp/admin_gard/student/sp/sp/admin_gard/student/sp/sp/sp/sp/sp/sp/sp/admin_gard/student/news_details.php?news_id=00000000549 HTTP/2" 200 9261 "-" "Mozilla/5.0 (compatible; MJ12bot/v1.4.8; http://mj12bot.com/)"
2001:41d0:303:1e7e::1 - - [09/Jun/2026:15:07:23 +0700] "GET /index.php/img/gallery/img/gallery/img/gallery/img/gallery/sp/sp/sp/gard/sp/admin_gard/student/sp/admin_gard/student/sp/admin_gard/student/sp/sp/admin_gard/student/sp/sp/admin_gard/student/sp/admin_gard/student/sp/sp/admin_gard/student/sp/sp/admin_gard/student/sp/sp/admin_gard/student/sp/sp/sp/admin_gard/student/sp/sp/admin_gard/student/sp/sp/sp/sp/admin_gard/student/sp/sp/admin_gard/student/sp/sp/sp/sp/sp/sp/sp/sp/admin_gard/student/sp/news_details.php?news_id=00000000551 HTTP/2" 200 9252 "-" "Mozilla/5.0 (compatible; MJ12bot/v1.4.8; http://mj12bot.com/)"
2001:41d0:303:1e7e::1 - - [09/Jun/2026:15:07:24 +0700] "GET /index.php/img/gallery/img/gallery/img/gallery/img/gallery/sp/sp/sp/gard/sp/admin_gard/student/sp/admin_gard/student/sp/admin_gard/student/sp/sp/admin_gard/student/sp/sp/admin_gard/student/sp/admin_gard/student/sp/sp/admin_gard/student/sp/sp/admin_gard/student/sp/sp/admin_gard/student/sp/sp/sp/admin_gard/student/sp/sp/admin_gard/student/sp/sp/sp/sp/admin_gard/student/sp/sp/admin_gard/student/sp/sp/sp/sp/sp/sp/sp/sp/admin_gard/student/sp/sp/about.php HTTP/2" 200 9252 "-" "Mozilla/5.0 (compatible; MJ12bot/v1.4.8; http://mj12bot.com/)"
2001:41d0:303:1e7e::1 - - [09/Jun/2026:15:07:24 +0700] "GET /index.php/img/gallery/img/gallery/img/gallery/img/gallery/sp/sp/sp/gard/sp/admin_gard/student/sp/admin_gard/student/sp/admin_gard/student/sp/sp/admin_gard/student/sp/sp/admin_gard/student/sp/admin_gard/student/sp/sp/admin_gard/student/sp/sp/admin_gard/student/sp/sp/admin_gard/student/sp/sp/sp/admin_gard/student/sp/sp/admin_gard/student/sp/sp/sp/sp/admin_gard/student/sp/sp/admin_gard/student/sp/sp/sp/sp/sp/sp/sp/sp/admin_gard/student/sp/news_details.php?news_id=00000000549 HTTP/2" 200 9261 "-" "Mozilla/5.0 (compatible; MJ12bot/v1.4.8; http://mj12bot.com/)"
52.167.144.211 - - [09/Jun/2026:15:07:25 +0700] "GET /fertilizer/assets/js/jquery-jvectormap.js HTTP/2" 200 73268 "https://www.ccp.ac.th/fertilizer/register.php" "Mozilla/5.0 AppleWebKit/537.36 (KHTML, like Gecko; compatible; bingbot/2.0; +http://www.bing.com/bingbot.htm) Chrome/136.0.0.0 Safari/537.36 AppleWebKit/537.36 (KHTML, like Gecko; compatible; bingbot/2.0; +http://www.bing.com/bingbot.htm) Chrome/116.0.1938.76 Safari/537.36"
2001:41d0:303:1e7e::1 - - [09/Jun/2026:15:07:24 +0700] "GET /index.php/img/gallery/img/gallery/img/gallery/img/gallery/sp/sp/sp/gard/sp/admin_gard/student/sp/admin_gard/student/sp/admin_gard/student/sp/sp/admin_gard/student/sp/sp/admin_gard/student/sp/admin_gard/student/sp/sp/admin_gard/student/sp/sp/admin_gard/student/sp/sp/admin_gard/student/sp/sp/sp/admin_gard/student/sp/sp/admin_gard/student/sp/sp/sp/sp/admin_gard/student/sp/sp/admin_gard/student/sp/sp/sp/sp/sp/sp/sp/admin_gard/student/news_details.php?news_id=00000000552 HTTP/2" 200 9215 "-" "Mozilla/5.0 (compatible; MJ12bot/v1.4.8; http://mj12bot.com/)"
2001:41d0:303:1e7e::1 - - [09/Jun/2026:15:07:25 +0700] "GET /index.php/img/gallery/img/gallery/img/gallery/img/gallery/sp/sp/sp/gard/sp/admin_gard/student/sp/admin_gard/student/sp/admin_gard/student/sp/sp/admin_gard/student/sp/sp/admin_gard/student/sp/admin_gard/student/sp/sp/admin_gard/student/sp/sp/admin_gard/student/sp/sp/admin_gard/student/sp/sp/sp/admin_gard/student/sp/sp/admin_gard/student/sp/sp/sp/sp/admin_gard/student/sp/sp/admin_gard/student/sp/sp/sp/sp/sp/sp/sp/sp/admin_gard/student/sp/news_details.php?news_id=00000000550 HTTP/2" 200 9261 "-" "Mozilla/5.0 (compatible; MJ12bot/v1.4.8; http://mj12bot.com/)"
2001:41d0:303:1e7e::1 - - [09/Jun/2026:15:07:26 +0700] "GET /index.php/img/gallery/img/gallery/img/gallery/img/gallery/sp/sp/sp/gard/sp/admin_gard/student/sp/admin_gard/student/sp/admin_gard/student/sp/sp/admin_gard/student/sp/sp/admin_gard/student/sp/admin_gard/student/sp/sp/admin_gard/student/sp/sp/admin_gard/student/sp/sp/admin_gard/student/sp/sp/sp/admin_gard/student/sp/sp/admin_gard/student/sp/sp/sp/sp/admin_gard/student/sp/sp/admin_gard/student/sp/sp/sp/sp/sp/sp/sp/sp/admin_gard/student/sp/sp/news.php HTTP/2" 200 9261 "-" "Mozilla/5.0 (compatible; MJ12bot/v1.4.8; http://mj12bot.com/)"
2001:41d0:303:1e7e::1 - - [09/Jun/2026:15:07:26 +0700] "GET /index.php/img/gallery/img/gallery/img/gallery/img/gallery/sp/sp/sp/gard/sp/admin_gard/student/sp/admin_gard/student/sp/admin_gard/student/sp/sp/admin_gard/student/sp/sp/admin_gard/student/sp/admin_gard/student/sp/sp/admin_gard/student/sp/sp/admin_gard/student/sp/sp/admin_gard/student/sp/sp/sp/admin_gard/student/sp/sp/admin_gard/student/sp/sp/sp/sp/admin_gard/student/sp/sp/admin_gard/student/sp/sp/sp/sp/sp/sp/sp/admin_gard/student/news_details.php?news_id=00000000553 HTTP/2" 200 9261 "-" "Mozilla/5.0 (compatible; MJ12bot/v1.4.8; http://mj12bot.com/)"
52.167.144.211 - - [09/Jun/2026:15:07:26 +0700] "GET /fertilizer/assets/js/jquery.datatables.js HTTP/2" 200 113146 "https://www.ccp.ac.th/fertilizer/register.php" "Mozilla/5.0 AppleWebKit/537.36 (KHTML, like Gecko; compatible; bingbot/2.0; +http://www.bing.com/bingbot.htm) Chrome/136.0.0.0 Safari/537.36 AppleWebKit/537.36 (KHTML, like Gecko; compatible; bingbot/2.0; +http://www.bing.com/bingbot.htm) Chrome/116.0.1938.76 Safari/537.36"
2001:41d0:303:1e7e::1 - - [09/Jun/2026:15:07:27 +0700] "GET /index.php/img/gallery/img/gallery/img/gallery/img/gallery/sp/sp/sp/gard/sp/admin_gard/student/sp/admin_gard/student/sp/admin_gard/student/sp/sp/admin_gard/student/sp/sp/admin_gard/student/sp/admin_gard/student/sp/sp/admin_gard/student/sp/sp/admin_gard/student/sp/sp/admin_gard/student/sp/sp/sp/admin_gard/student/sp/sp/admin_gard/student/sp/sp/sp/sp/admin_gard/student/sp/sp/admin_gard/student/sp/sp/sp/sp/sp/sp/sp/sp/admin_gard/student/sp/news_details.php?news_id=00000000551 HTTP/2" 200 9252 "-" "Mozilla/5.0 (compatible; MJ12bot/v1.4.8; http://mj12bot.com/)"
52.167.144.211 - - [09/Jun/2026:15:07:28 +0700] "GET /fertilizer/assets/js/bootstrap-notify.js HTTP/2" 200 3746 "https://www.ccp.ac.th/fertilizer/register.php" "Mozilla/5.0 AppleWebKit/537.36 (KHTML, like Gecko; compatible; bingbot/2.0; +http://www.bing.com/bingbot.htm) Chrome/136.0.0.0 Safari/537.36 AppleWebKit/537.36 (KHTML, like Gecko; compatible; bingbot/2.0; +http://www.bing.com/bingbot.htm) Chrome/116.0.1938.76 Safari/537.36"
2001:41d0:303:1e7e::1 - - [09/Jun/2026:15:07:28 +0700] "GET /index.php/img/gallery/img/gallery/img/gallery/img/gallery/sp/sp/sp/gard/sp/admin_gard/student/sp/admin_gard/student/sp/admin_gard/student/sp/sp/admin_gard/student/sp/sp/admin_gard/student/sp/admin_gard/student/sp/sp/admin_gard/student/sp/sp/admin_gard/student/sp/sp/admin_gard/student/sp/sp/sp/admin_gard/student/sp/sp/admin_gard/student/sp/sp/sp/sp/admin_gard/student/sp/sp/admin_gard/student/sp/sp/sp/sp/sp/sp/sp/sp/admin_gard/student/sp/sp/news_details.php?news_id=00000000552 HTTP/2" 200 9261 "-" "Mozilla/5.0 (compatible; MJ12bot/v1.4.8; http://mj12bot.com/)"
2001:41d0:303:1e7e::1 - - [09/Jun/2026:15:07:28 +0700] "GET /index.php/img/gallery/img/gallery/img/gallery/img/gallery/sp/sp/sp/gard/sp/admin_gard/student/sp/admin_gard/student/sp/admin_gard/student/sp/sp/admin_gard/student/sp/sp/admin_gard/student/sp/admin_gard/student/sp/sp/admin_gard/student/sp/sp/admin_gard/student/sp/sp/admin_gard/student/sp/sp/sp/admin_gard/student/sp/sp/admin_gard/student/sp/sp/sp/sp/admin_gard/student/sp/sp/admin_gard/student/sp/sp/sp/sp/sp/sp/sp/news.php HTTP/2" 200 9261 "-" "Mozilla/5.0 (compatible; MJ12bot/v1.4.8; http://mj12bot.com/)"
2001:41d0:303:1e7e::1 - - [09/Jun/2026:15:07:29 +0700] "GET /index.php/img/gallery/img/gallery/img/gallery/img/gallery/sp/sp/sp/gard/sp/admin_gard/student/sp/admin_gard/student/sp/admin_gard/student/sp/sp/admin_gard/student/sp/sp/admin_gard/student/sp/admin_gard/student/sp/sp/admin_gard/student/sp/sp/admin_gard/student/sp/sp/admin_gard/student/sp/sp/sp/admin_gard/student/sp/sp/admin_gard/student/sp/sp/sp/sp/admin_gard/student/sp/sp/admin_gard/student/sp/sp/sp/sp/sp/sp/sp/sp/admin_gard/student/sp/sp/about.php HTTP/2" 200 9252 "-" "Mozilla/5.0 (compatible; MJ12bot/v1.4.8; http://mj12bot.com/)"
52.167.144.211 - - [09/Jun/2026:15:07:29 +0700] "GET /fertilizer/assets/js/jquery.select-bootstrap.js HTTP/2" 200 15401 "https://www.ccp.ac.th/fertilizer/register.php" "Mozilla/5.0 AppleWebKit/537.36 (KHTML, like Gecko; compatible; bingbot/2.0; +http://www.bing.com/bingbot.htm) Chrome/136.0.0.0 Safari/537.36 AppleWebKit/537.36 (KHTML, like Gecko; compatible; bingbot/2.0; +http://www.bing.com/bingbot.htm) Chrome/116.0.1938.76 Safari/537.36"
2001:41d0:303:1e7e::1 - - [09/Jun/2026:15:07:30 +0700] "GET /index.php/img/gallery/img/gallery/img/gallery/img/gallery/sp/sp/sp/gard/sp/admin_gard/student/sp/admin_gard/student/sp/admin_gard/student/sp/sp/admin_gard/student/sp/sp/admin_gard/student/sp/admin_gard/student/sp/sp/admin_gard/student/sp/sp/admin_gard/student/sp/sp/admin_gard/student/sp/sp/sp/admin_gard/student/sp/sp/admin_gard/student/sp/sp/sp/sp/admin_gard/student/sp/sp/admin_gard/student/sp/sp/sp/sp/sp/sp/sp/news_details.php?news_id=00000000396 HTTP/2" 200 9252 "-" "Mozilla/5.0 (compatible; MJ12bot/v1.4.8; http://mj12bot.com/)"
2001:41d0:303:1e7e::1 - - [09/Jun/2026:15:07:30 +0700] "GET /index.php/img/gallery/img/gallery/img/gallery/img/gallery/sp/sp/sp/gard/sp/admin_gard/student/sp/admin_gard/student/sp/admin_gard/student/sp/sp/admin_gard/student/sp/sp/admin_gard/student/sp/admin_gard/student/sp/sp/admin_gard/student/sp/sp/admin_gard/student/sp/sp/admin_gard/student/sp/sp/sp/admin_gard/student/sp/sp/admin_gard/student/sp/sp/sp/sp/admin_gard/student/sp/sp/admin_gard/student/sp/sp/sp/sp/sp/sp/sp/sp/admin_gard/student/sp/sp/news_details.php?news_id=00000000553 HTTP/2" 200 9262 "-" "Mozilla/5.0 (compatible; MJ12bot/v1.4.8; http://mj12bot.com/)"
52.167.144.211 - - [09/Jun/2026:15:07:31 +0700] "GET /fertilizer/assets/js/material-dashboard.js HTTP/2" 200 3799 "https://www.ccp.ac.th/fertilizer/register.php" "Mozilla/5.0 AppleWebKit/537.36 (KHTML, like Gecko; compatible; bingbot/2.0; +http://www.bing.com/bingbot.htm) Chrome/136.0.0.0 Safari/537.36 AppleWebKit/537.36 (KHTML, like Gecko; compatible; bingbot/2.0; +http://www.bing.com/bingbot.htm) Chrome/116.0.1938.76 Safari/537.36"
2001:41d0:303:1e7e::1 - - [09/Jun/2026:15:07:31 +0700] "GET /index.php/img/gallery/img/gallery/img/gallery/img/gallery/sp/sp/sp/gard/sp/admin_gard/student/sp/admin_gard/student/sp/admin_gard/student/sp/sp/admin_gard/student/sp/sp/admin_gard/student/sp/admin_gard/student/sp/sp/admin_gard/student/sp/sp/admin_gard/student/sp/sp/admin_gard/student/sp/sp/sp/admin_gard/student/sp/sp/admin_gard/student/sp/sp/sp/sp/admin_gard/student/sp/sp/sp/admin_gard/student/sp/sp/sp/sp/admin_gard/student/sp/admin_gard/student/news_details.php?news_id=00000000553 HTTP/2" 200 9261 "-" "Mozilla/5.0 (compatible; MJ12bot/v1.4.8; http://mj12bot.com/)"
2001:41d0:303:1e7e::1 - - [09/Jun/2026:15:07:31 +0700] "GET /index.php/img/gallery/img/gallery/img/gallery/img/gallery/sp/sp/sp/gard/sp/admin_gard/student/sp/admin_gard/student/sp/admin_gard/student/sp/sp/admin_gard/student/sp/sp/admin_gard/student/sp/admin_gard/student/sp/sp/admin_gard/student/sp/sp/admin_gard/student/sp/sp/admin_gard/student/sp/sp/sp/admin_gard/student/sp/sp/admin_gard/student/sp/sp/sp/sp/admin_gard/student/sp/sp/admin_gard/student/sp/sp/sp/sp/sp/sp/sp/news_details.php?news_id=00000000414 HTTP/2" 200 9252 "-" "Mozilla/5.0 (compatible; MJ12bot/v1.4.8; http://mj12bot.com/)"
2001:41d0:303:1e7e::1 - - [09/Jun/2026:15:07:30 +0700] "GET /index.php/img/gallery/img/gallery/img/gallery/img/gallery/sp/sp/sp/gard/sp/admin_gard/student/sp/admin_gard/student/sp/admin_gard/student/sp/sp/admin_gard/student/sp/sp/admin_gard/student/sp/admin_gard/student/sp/sp/admin_gard/student/sp/sp/admin_gard/student/sp/sp/admin_gard/student/sp/sp/sp/admin_gard/student/sp/sp/admin_gard/student/sp/sp/sp/sp/admin_gard/student/sp/sp/admin_gard/student/sp/sp/sp/sp/sp/sp/sp/sp/admin_gard/student/sp/sp/news.php HTTP/2" 200 9261 "-" "Mozilla/5.0 (compatible; MJ12bot/v1.4.8; http://mj12bot.com/)"
2001:41d0:303:1e7e::1 - - [09/Jun/2026:15:07:32 +0700] "GET /index.php/img/gallery/img/gallery/img/gallery/img/gallery/sp/sp/sp/gard/sp/admin_gard/student/sp/admin_gard/student/sp/admin_gard/student/sp/sp/admin_gard/student/sp/sp/admin_gard/student/sp/admin_gard/student/sp/sp/admin_gard/student/sp/sp/admin_gard/student/sp/sp/admin_gard/student/sp/sp/sp/admin_gard/student/sp/sp/admin_gard/student/sp/sp/sp/sp/admin_gard/student/sp/sp/admin_gard/student/sp/sp/sp/sp/sp/sp/sp/sp/admin_gard/student/sp/sp/news_details.php?news_id=00000000552 HTTP/2" 200 9261 "-" "Mozilla/5.0 (compatible; MJ12bot/v1.4.8; http://mj12bot.com/)"
52.167.144.211 - - [09/Jun/2026:15:07:32 +0700] "GET /fertilizer/assets/js/moment.min.js HTTP/2" 200 19733 "https://www.ccp.ac.th/fertilizer/register.php" "Mozilla/5.0 AppleWebKit/537.36 (KHTML, like Gecko; compatible; bingbot/2.0; +http://www.bing.com/bingbot.htm) Chrome/136.0.0.0 Safari/537.36 AppleWebKit/537.36 (KHTML, like Gecko; compatible; bingbot/2.0; +http://www.bing.com/bingbot.htm) Chrome/116.0.1938.76 Safari/537.36"
2001:41d0:303:1e7e::1 - - [09/Jun/2026:15:07:33 +0700] "GET /index.php/img/gallery/img/gallery/img/gallery/img/gallery/sp/sp/sp/gard/sp/admin_gard/student/sp/admin_gard/student/sp/admin_gard/student/sp/sp/admin_gard/student/sp/sp/admin_gard/student/sp/admin_gard/student/sp/sp/admin_gard/student/sp/sp/admin_gard/student/sp/sp/admin_gard/student/sp/sp/sp/admin_gard/student/sp/sp/admin_gard/student/sp/sp/sp/sp/admin_gard/student/sp/sp/admin_gard/student/sp/sp/sp/sp/sp/sp/sp/news_details.php?news_id=00000000548 HTTP/2" 200 9261 "-" "Mozilla/5.0 (compatible; MJ12bot/v1.4.8; http://mj12bot.com/)"
52.167.144.211 - - [09/Jun/2026:15:07:33 +0700] "GET /fertilizer/assets/css/material-dashboard.css HTTP/2" 200 44356 "https://www.ccp.ac.th/fertilizer/register.php" "Mozilla/5.0 AppleWebKit/537.36 (KHTML, like Gecko; compatible; bingbot/2.0; +http://www.bing.com/bingbot.htm) Chrome/136.0.0.0 Safari/537.36 AppleWebKit/537.36 (KHTML, like Gecko; compatible; bingbot/2.0; +http://www.bing.com/bingbot.htm) Chrome/116.0.1938.76 Safari/537.36"
2001:41d0:303:1e7e::1 - - [09/Jun/2026:15:07:33 +0700] "GET /index.php/img/gallery/img/gallery/img/gallery/img/gallery/sp/sp/sp/gard/sp/admin_gard/student/sp/admin_gard/student/sp/admin_gard/student/sp/sp/admin_gard/student/sp/sp/admin_gard/student/sp/admin_gard/student/sp/sp/admin_gard/student/sp/sp/admin_gard/student/sp/sp/admin_gard/student/sp/sp/sp/admin_gard/student/sp/sp/admin_gard/student/sp/sp/sp/sp/admin_gard/student/sp/sp/sp/admin_gard/student/sp/sp/sp/sp/admin_gard/student/sp/admin_gard/student/personnel.php HTTP/2" 200 9261 "-" "Mozilla/5.0 (compatible; MJ12bot/v1.4.8; http://mj12bot.com/)"
2001:41d0:303:1e7e::1 - - [09/Jun/2026:15:07:34 +0700] "GET /index.php/img/gallery/img/gallery/img/gallery/img/gallery/sp/sp/sp/gard/sp/admin_gard/student/sp/admin_gard/student/sp/admin_gard/student/sp/sp/admin_gard/student/sp/sp/admin_gard/student/sp/admin_gard/student/sp/sp/admin_gard/student/sp/sp/admin_gard/student/sp/sp/admin_gard/student/sp/sp/sp/admin_gard/student/sp/sp/admin_gard/student/sp/sp/sp/sp/admin_gard/student/sp/sp/admin_gard/student/sp/sp/sp/sp/sp/sp/sp/sp/admin_gard/student/sp/sp/news_details.php?news_id=00000000553 HTTP/2" 200 9261 "-" "Mozilla/5.0 (compatible; MJ12bot/v1.4.8; http://mj12bot.com/)"
40.77.167.55 - - [09/Jun/2026:15:07:35 +0700] "GET /fertilizer/assets/css/fonts1.css HTTP/2" 200 542 "https://www.ccp.ac.th/fertilizer/register.php" "Mozilla/5.0 AppleWebKit/537.36 (KHTML, like Gecko; compatible; bingbot/2.0; +http://www.bing.com/bingbot.htm) Chrome/136.0.0.0 Safari/537.36 AppleWebKit/537.36 (KHTML, like Gecko; compatible; bingbot/2.0; +http://www.bing.com/bingbot.htm) Chrome/116.0.1938.76 Safari/537.36"
2001:41d0:303:1e7e::1 - - [09/Jun/2026:15:07:35 +0700] "GET /index.php/img/gallery/img/gallery/img/gallery/img/gallery/sp/sp/sp/gard/sp/admin_gard/student/sp/admin_gard/student/sp/admin_gard/student/sp/sp/admin_gard/student/sp/sp/admin_gard/student/sp/admin_gard/student/sp/sp/admin_gard/student/sp/sp/admin_gard/student/sp/sp/admin_gard/student/sp/sp/sp/admin_gard/student/sp/sp/admin_gard/student/sp/sp/sp/sp/admin_gard/student/sp/sp/sp/admin_gard/student/sp/sp/sp/sp/admin_gard/student/sp/admin_gard/student/news_details.php?news_id=00000000553 HTTP/2" 200 9252 "-" "Mozilla/5.0 (compatible; MJ12bot/v1.4.8; http://mj12bot.com/)"
