81.167.26.57 - - [14/Jun/2026:13:34:25 +0700] "GET /index.php/img/gallery/img/gallery/img/gallery/img/gallery/sp/sp/sp/gard/sp/admin_gard/student/sp/admin_gard/student/sp/admin_gard/student/sp/sp/admin_gard/student/sp/sp/admin_gard/student/sp/admin_gard/student/sp/sp/admin_gard/student/sp/sp/admin_gard/student/sp/sp/admin_gard/student/sp/sp/sp/admin_gard/student/sp/sp/admin_gard/student/sp/sp/sp/sp/admin_gard/student/sp/sp/sp/sp/sp/sp/sp/admin_gard/student/sp/sp/sp/news_image.php HTTP/2" 200 9229 "-" "Mozilla/5.0 (compatible; MJ12bot/v1.4.8; http://mj12bot.com/)"
81.167.26.57 - - [14/Jun/2026:13:34:27 +0700] "GET /index.php/img/gallery/img/gallery/img/gallery/img/gallery/sp/sp/sp/gard/sp/admin_gard/student/sp/admin_gard/student/sp/admin_gard/student/sp/sp/admin_gard/student/sp/sp/admin_gard/student/sp/admin_gard/student/sp/sp/admin_gard/student/sp/sp/admin_gard/student/sp/sp/admin_gard/student/sp/sp/sp/admin_gard/student/sp/sp/admin_gard/student/sp/sp/sp/sp/admin_gard/student/sp/sp/sp/sp/sp/sp/sp/admin_gard/student/sp/sp/sp/personnel.php HTTP/2" 200 9230 "-" "Mozilla/5.0 (compatible; MJ12bot/v1.4.8; http://mj12bot.com/)"
81.167.26.57 - - [14/Jun/2026:13:34:28 +0700] "GET /index.php/img/gallery/img/gallery/img/gallery/img/gallery/sp/sp/sp/gard/sp/admin_gard/student/sp/admin_gard/student/sp/admin_gard/student/sp/sp/admin_gard/student/sp/sp/admin_gard/student/sp/admin_gard/student/sp/sp/admin_gard/student/sp/sp/admin_gard/student/sp/sp/admin_gard/student/sp/sp/sp/admin_gard/student/sp/sp/admin_gard/student/sp/sp/sp/sp/admin_gard/student/sp/sp/sp/sp/sp/sp/sp/admin_gard/student/sp/sp/sp/relations.php HTTP/2" 200 9230 "-" "Mozilla/5.0 (compatible; MJ12bot/v1.4.8; http://mj12bot.com/)"
81.167.26.57 - - [14/Jun/2026:13:34:30 +0700] "GET /index.php/img/gallery/img/gallery/img/gallery/img/gallery/sp/sp/sp/gard/sp/admin_gard/student/sp/admin_gard/student/sp/admin_gard/student/sp/sp/admin_gard/student/sp/sp/admin_gard/student/sp/admin_gard/student/sp/sp/admin_gard/student/sp/sp/admin_gard/student/sp/sp/admin_gard/student/sp/sp/sp/admin_gard/student/sp/sp/admin_gard/student/sp/sp/sp/sp/admin_gard/student/sp/sp/sp/sp/sp/sp/sp/admin_gard/student/sp/sp/sp/sp/admin_gard/student/index.php HTTP/2" 200 9229 "-" "Mozilla/5.0 (compatible; MJ12bot/v1.4.8; http://mj12bot.com/)"
81.167.26.57 - - [14/Jun/2026:13:34:32 +0700] "GET /index.php/img/gallery/img/gallery/img/gallery/img/gallery/sp/sp/sp/gard/sp/admin_gard/student/sp/admin_gard/student/sp/admin_gard/student/sp/sp/admin_gard/student/sp/sp/admin_gard/student/sp/admin_gard/student/sp/sp/admin_gard/student/sp/sp/admin_gard/student/sp/sp/admin_gard/student/sp/sp/sp/admin_gard/student/sp/sp/admin_gard/student/sp/sp/sp/sp/admin_gard/student/sp/sp/sp/sp/sp/sp/sp/admin_gard/student/sp/sp/sp/sp/admin_gard/student/news.php HTTP/2" 200 9229 "-" "Mozilla/5.0 (compatible; MJ12bot/v1.4.8; http://mj12bot.com/)"
27.3.168.250 - - [14/Jun/2026:13:34:44 +0700] "GET /news.php?page=0 HTTP/2" 200 4916 "-" "Mozilla/5.0 (Macintosh; Intel Mac OS X 10.15; rv:133.0) Gecko/20100101 Firefox/133.0"
2a13:dcc7:3ea9:5696:2d15:bb1b:4396:c61d - - [14/Jun/2026:13:35:05 +0700] "GET /news_details.php?news_id=00000000400 HTTP/2" 200 4702 "-" "Mozilla/5.0 (Macintosh; Intel Mac OS X 10.15; rv:133.0) Gecko/20100101 Firefox/133.0"
52.167.144.192 - - [14/Jun/2026:13:36:14 +0700] "GET /hardest-gold/ub-financial-aid-office-address HTTP/2" 404 26 "-" "Mozilla/5.0 AppleWebKit/537.36 (KHTML, like Gecko; compatible; bingbot/2.0; +http://www.bing.com/bingbot.htm) Chrome/116.0.1938.76 Safari/537.36"
52.167.144.192 - - [14/Jun/2026:13:36:15 +0700] "GET /riverview-hall/best-syslog-server-for-mikrotik HTTP/2" 404 26 "-" "Mozilla/5.0 AppleWebKit/537.36 (KHTML, like Gecko; compatible; bingbot/2.0; +http://www.bing.com/bingbot.htm) Chrome/116.0.1938.76 Safari/537.36"
94.26.106.167 - - [14/Jun/2026:13:40:32 +0700] "GET /wp-login.php HTTP/2" 404 26 "-" "Mozilla/5.0 (Windows NT 10.0; Win64; x64) Gecko/20100101 Firefox/122.0"
94.26.106.167 - - [14/Jun/2026:13:40:33 +0700] "GET /administrator/ HTTP/2" 404 26 "-" "Mozilla/5.0 (X11; Linux x86_64) Gecko/20100101 Firefox/118.0.2"
157.245.216.198 - - [14/Jun/2026:13:41:15 +0700] "GET / HTTP/2" 200 9370 "-" "Mozilla/5.0 (X11; Linux x86_64) AppleWebKit/537.36 (KHTML, like Gecko) Chrome/142.0.0.0 Safari/537.36"
157.245.216.198 - - [14/Jun/2026:13:41:17 +0700] "GET /img/logoccp.ico HTTP/2" 200 84336 "https://ccp.ac.th/" "Mozilla/5.0 (X11; Linux x86_64) AppleWebKit/537.36 (KHTML, like Gecko) Chrome/142.0.0.0 Safari/537.36"
185.191.171.15 - - [14/Jun/2026:13:46:22 +0700] "GET /news_details.php?news_id=00000000350 HTTP/2" 200 4577 "-" "Mozilla/5.0 (compatible; SemrushBot/7~bl; +http://www.semrush.com/bot.html)"
180.153.236.92 - - [14/Jun/2026:13:46:54 +0700] "GET /index.php HTTP/2" 403 26 "https://ccp.ac.th/index.php" "User-Agent:Mozilla/5.0 (Windows NT 10.0; Win64; x64) AppleWebKit/537.36 (KHTML, like Gecko) Chrome/140.0.0.0 Safari/537.36 Edg/140.0.0.0; 360Spider"
180.153.236.98 - - [14/Jun/2026:13:46:55 +0700] "GET / HTTP/2" 403 26 "https://ccp.ac.th/" "User-Agent:Mozilla/5.0 (Windows NT 10.0; Win64; x64) AppleWebKit/537.36 (KHTML, like Gecko) Chrome/140.0.0.0 Safari/537.36 Edg/140.0.0.0; 360Spider"
47.128.41.83 - - [14/Jun/2026:13:47:48 +0700] "GET /news_details.php?news_id=00000000310 HTTP/2" 200 4623 "-" "Mozilla/5.0 (Linux; Android 5.0) AppleWebKit/537.36 (KHTML, like Gecko) Mobile Safari/537.36 (compatible; Bytespider; [email protected])"
47.128.41.83 - - [14/Jun/2026:13:47:50 +0700] "GET /admin/upload/images/%E0%B8%9B%E0%B8%B5%E0%B8%81%E0%B8%B2%E0%B8%A3%E0%B8%A8%E0%B8%B6%E0%B8%81%E0%B8%A9%E0%B8%B2%202564/%E0%B9%80%E0%B8%94%E0%B8%B7%E0%B8%AD%E0%B8%99%E0%B8%A1%E0%B8%B4%E0%B8%96%E0%B8%B8%E0%B8%99%E0%B8%B2%E0%B8%A2%E0%B8%99-%E0%B8%9E%E0%B8%A4%E0%B8%A8%E0%B8%88%E0%B8%B4%E0%B8%81%E0%B8%B2%E0%B8%A2%E0%B8%99/%E0%B8%9B.6%20%E0%B8%A3%E0%B8%B1%E0%B8%9A%E0%B8%A7%E0%B8%B1%E0%B8%84%E0%B8%8B%E0%B8%B5%E0%B8%99%E0%B9%80%E0%B8%82%E0%B9%87%E0%B8%A12/288288.jpg HTTP/2" 200 219347 "https://www.ccp.ac.th/news_details.php?news_id=00000000310" "Mozilla/5.0 (Linux; Android 5.0) AppleWebKit/537.36 (KHTML, like Gecko) Mobile Safari/537.36 (compatible; Bytespider; [email protected])"
47.128.41.83 - - [14/Jun/2026:13:47:50 +0700] "GET /admin/upload/images/%E0%B8%9B%E0%B8%B5%E0%B8%81%E0%B8%B2%E0%B8%A3%E0%B8%A8%E0%B8%B6%E0%B8%81%E0%B8%A9%E0%B8%B2%202564/%E0%B9%80%E0%B8%94%E0%B8%B7%E0%B8%AD%E0%B8%99%E0%B8%A1%E0%B8%B4%E0%B8%96%E0%B8%B8%E0%B8%99%E0%B8%B2%E0%B8%A2%E0%B8%99-%E0%B8%9E%E0%B8%A4%E0%B8%A8%E0%B8%88%E0%B8%B4%E0%B8%81%E0%B8%B2%E0%B8%A2%E0%B8%99/%E0%B8%9B.6%20%E0%B8%A3%E0%B8%B1%E0%B8%9A%E0%B8%A7%E0%B8%B1%E0%B8%84%E0%B8%8B%E0%B8%B5%E0%B8%99%E0%B9%80%E0%B8%82%E0%B9%87%E0%B8%A12/288285.jpg HTTP/2" 200 222690 "https://www.ccp.ac.th/news_details.php?news_id=00000000310" "Mozilla/5.0 (Linux; Android 5.0) AppleWebKit/537.36 (KHTML, like Gecko) Mobile Safari/537.36 (compatible; Bytespider; [email protected])"
47.128.41.83 - - [14/Jun/2026:13:47:50 +0700] "GET /css/style2.css HTTP/2" 404 26 "https://www.ccp.ac.th/news_details.php?news_id=00000000310" "Mozilla/5.0 (Linux; Android 5.0) AppleWebKit/537.36 (KHTML, like Gecko) Mobile Safari/537.36 (compatible; Bytespider; [email protected])"
47.128.41.83 - - [14/Jun/2026:13:47:50 +0700] "GET /admin/images/news_6199c8ff64a85.jpg HTTP/2" 200 184390 "https://www.ccp.ac.th/news_details.php?news_id=00000000310" "Mozilla/5.0 (Linux; Android 5.0) AppleWebKit/537.36 (KHTML, like Gecko) Mobile Safari/537.36 (compatible; Bytespider; [email protected])"
47.128.41.83 - - [14/Jun/2026:13:47:50 +0700] "GET /admin/upload/images/%E0%B8%9B%E0%B8%B5%E0%B8%81%E0%B8%B2%E0%B8%A3%E0%B8%A8%E0%B8%B6%E0%B8%81%E0%B8%A9%E0%B8%B2%202564/%E0%B9%80%E0%B8%94%E0%B8%B7%E0%B8%AD%E0%B8%99%E0%B8%A1%E0%B8%B4%E0%B8%96%E0%B8%B8%E0%B8%99%E0%B8%B2%E0%B8%A2%E0%B8%99-%E0%B8%9E%E0%B8%A4%E0%B8%A8%E0%B8%88%E0%B8%B4%E0%B8%81%E0%B8%B2%E0%B8%A2%E0%B8%99/%E0%B8%9B.6%20%E0%B8%A3%E0%B8%B1%E0%B8%9A%E0%B8%A7%E0%B8%B1%E0%B8%84%E0%B8%8B%E0%B8%B5%E0%B8%99%E0%B9%80%E0%B8%82%E0%B9%87%E0%B8%A12/249391.jpg HTTP/2" 200 208069 "https://www.ccp.ac.th/news_details.php?news_id=00000000310" "Mozilla/5.0 (Linux; Android 5.0) AppleWebKit/537.36 (KHTML, like Gecko) Mobile Safari/537.36 (compatible; Bytespider; [email protected])"
47.128.41.83 - - [14/Jun/2026:13:47:50 +0700] "GET /admin/upload/images/%E0%B8%9B%E0%B8%B5%E0%B8%81%E0%B8%B2%E0%B8%A3%E0%B8%A8%E0%B8%B6%E0%B8%81%E0%B8%A9%E0%B8%B2%202564/%E0%B9%80%E0%B8%94%E0%B8%B7%E0%B8%AD%E0%B8%99%E0%B8%A1%E0%B8%B4%E0%B8%96%E0%B8%B8%E0%B8%99%E0%B8%B2%E0%B8%A2%E0%B8%99-%E0%B8%9E%E0%B8%A4%E0%B8%A8%E0%B8%88%E0%B8%B4%E0%B8%81%E0%B8%B2%E0%B8%A2%E0%B8%99/%E0%B8%9B.6%20%E0%B8%A3%E0%B8%B1%E0%B8%9A%E0%B8%A7%E0%B8%B1%E0%B8%84%E0%B8%8B%E0%B8%B5%E0%B8%99%E0%B9%80%E0%B8%82%E0%B9%87%E0%B8%A12/288291.jpg HTTP/2" 200 179679 "https://www.ccp.ac.th/news_details.php?news_id=00000000310" "Mozilla/5.0 (Linux; Android 5.0) AppleWebKit/537.36 (KHTML, like Gecko) Mobile Safari/537.36 (compatible; Bytespider; [email protected])"
17.22.237.65 - - [14/Jun/2026:13:48:15 +0700] "GET /robots.txt HTTP/2" 404 26 "-" "Mozilla/5.0 (Macintosh; Intel Mac OS X 10_15_7) AppleWebKit/605.1.15 (KHTML, like Gecko) Version/17.4 Safari/605.1.15 (Applebot/0.1; +http://www.apple.com/go/applebot)"
17.22.237.65 - - [14/Jun/2026:13:48:16 +0700] "GET /news_details.php?news_id=00000000561 HTTP/2" 200 5348 "-" "Mozilla/5.0 (Macintosh; Intel Mac OS X 10_15_7) AppleWebKit/605.1.15 (KHTML, like Gecko) Version/17.4 Safari/605.1.15 (Applebot/0.1; +http://www.apple.com/go/applebot)"
147.135.252.145 - - [14/Jun/2026:13:48:21 +0700] "GET /robots.txt HTTP/2" 404 26 "-" "Mozilla/5.0 (compatible; MJ12bot/v1.4.8; http://mj12bot.com/)"
147.135.252.145 - - [14/Jun/2026:13:48:23 +0700] "GET /index.php/img/gallery/img/gallery/img/gallery/img/gallery/img/gallery/sp/img/gallery/img/gallery/sp/sp/admin_gard/student/sp/admin_gard/student/sp/admin_gard/student/sp/admin_gard/student/sp/admin_gard/student/sp/admin_gard/student/sp/admin_gard/student/sp/admin_gard/student/sp/admin_gard/student/sp/admin_gard/student/sp/admin_gard/student/sp/admin_gard/student/sp/sp/admin_gard/student/sp/admin_gard/student/sp/admin_gard/student/sp/sp/sp/admin_gard/student/student_login.php HTTP/2" 200 9371 "-" "Mozilla/5.0 (compatible; MJ12bot/v1.4.8; http://mj12bot.com/)"
147.135.252.145 - - [14/Jun/2026:13:48:25 +0700] "GET /index.php/img/gallery/img/gallery/img/gallery/img/gallery/sp/sp/img/gallery/sp/sp/sp/sp/sp/admin_gard/student/sp/admin_gard/student/sp/sp/admin_gard/student/sp/admin_gard/student/sp/admin_gard/student/sp/admin_gard/student/sp/admin_gard/student/sp/admin_gard/student/sp/news_details.php?news_id=00000000562 HTTP/2" 200 9229 "-" "Mozilla/5.0 (compatible; MJ12bot/v1.4.8; http://mj12bot.com/)"
147.135.252.145 - - [14/Jun/2026:13:48:42 +0700] "GET /index.php/img/gallery/img/gallery/img/gallery/img/gallery/sp/sp/img/gallery/sp/sp/sp/sp/sp/admin_gard/student/sp/admin_gard/student/sp/sp/admin_gard/student/sp/admin_gard/student/sp/admin_gard/student/sp/admin_gard/student/sp/admin_gard/student/sp/sp/admin_gard/student/index.php HTTP/2" 200 9229 "-" "Mozilla/5.0 (compatible; MJ12bot/v1.4.8; http://mj12bot.com/)"
147.135.252.145 - - [14/Jun/2026:13:48:44 +0700] "GET /index.php/img/gallery/img/gallery/img/gallery/img/gallery/sp/sp/img/gallery/sp/sp/sp/sp/sp/admin_gard/student/sp/admin_gard/student/sp/sp/admin_gard/student/sp/admin_gard/student/sp/admin_gard/student/sp/admin_gard/student/sp/admin_gard/student/sp/sp/admin_gard/student/news.php HTTP/2" 200 9229 "-" "Mozilla/5.0 (compatible; MJ12bot/v1.4.8; http://mj12bot.com/)"
85.208.96.193 - - [14/Jun/2026:13:52:35 +0700] "GET /news_details.php?news_id=00000000322 HTTP/2" 200 4718 "-" "Mozilla/5.0 (compatible; SemrushBot/7~bl; +http://www.semrush.com/bot.html)"
17.22.245.29 - - [14/Jun/2026:13:55:50 +0700] "GET /css/style2.css HTTP/2" 404 26 "https://ccp.ac.th/news_details.php?news_id=00000000561" "Mozilla/5.0 (Macintosh; Intel Mac OS X 10_15_7) AppleWebKit/605.1.15 (KHTML, like Gecko) Version/17.4 Safari/605.1.15 (Applebot/0.1; +http://www.apple.com/go/applebot)"
17.22.245.29 - - [14/Jun/2026:13:55:54 +0700] "GET /js/jquery-3.2.1.min.js HTTP/2" 304 0 "https://ccp.ac.th/news_details.php?news_id=00000000561" "Mozilla/5.0 (Macintosh; Intel Mac OS X 10_15_7) AppleWebKit/605.1.15 (KHTML, like Gecko) Version/17.4 Safari/605.1.15 (Applebot/0.1; +http://www.apple.com/go/applebot)"
17.22.245.29 - - [14/Jun/2026:13:55:55 +0700] "GET /js/jquery.countdown.js HTTP/2" 304 0 "https://ccp.ac.th/news_details.php?news_id=00000000561" "Mozilla/5.0 (Macintosh; Intel Mac OS X 10_15_7) AppleWebKit/605.1.15 (KHTML, like Gecko) Version/17.4 Safari/605.1.15 (Applebot/0.1; +http://www.apple.com/go/applebot)"
17.22.245.29 - - [14/Jun/2026:13:55:57 +0700] "GET /js/magnific-popup.min.js HTTP/2" 304 0 "https://ccp.ac.th/news_details.php?news_id=00000000561" "Mozilla/5.0 (Macintosh; Intel Mac OS X 10_15_7) AppleWebKit/605.1.15 (KHTML, like Gecko) Version/17.4 Safari/605.1.15 (Applebot/0.1; +http://www.apple.com/go/applebot)"
17.22.245.29 - - [14/Jun/2026:13:55:58 +0700] "GET /js/bootstrap.min.js HTTP/2" 304 0 "https://ccp.ac.th/news_details.php?news_id=00000000561" "Mozilla/5.0 (Macintosh; Intel Mac OS X 10_15_7) AppleWebKit/605.1.15 (KHTML, like Gecko) Version/17.4 Safari/605.1.15 (Applebot/0.1; +http://www.apple.com/go/applebot)"
17.22.245.163 - - [14/Jun/2026:13:55:58 +0700] "GET /js/owl.carousel.min.js HTTP/2" 304 0 "https://ccp.ac.th/news_details.php?news_id=00000000561" "Mozilla/5.0 (Macintosh; Intel Mac OS X 10_15_7) AppleWebKit/605.1.15 (KHTML, like Gecko) Version/17.4 Safari/605.1.15 (Applebot/0.1; +http://www.apple.com/go/applebot)"
17.22.245.163 - - [14/Jun/2026:13:55:59 +0700] "GET /js/masonry.pkgd.min.js HTTP/2" 304 0 "https://ccp.ac.th/news_details.php?news_id=00000000561" "Mozilla/5.0 (Macintosh; Intel Mac OS X 10_15_7) AppleWebKit/605.1.15 (KHTML, like Gecko) Version/17.4 Safari/605.1.15 (Applebot/0.1; +http://www.apple.com/go/applebot)"
17.22.245.163 - - [14/Jun/2026:13:56:01 +0700] "GET /js/main.js HTTP/2" 304 0 "https://ccp.ac.th/news_details.php?news_id=00000000561" "Mozilla/5.0 (Macintosh; Intel Mac OS X 10_15_7) AppleWebKit/605.1.15 (KHTML, like Gecko) Version/17.4 Safari/605.1.15 (Applebot/0.1; +http://www.apple.com/go/applebot)"
17.22.245.163 - - [14/Jun/2026:13:56:02 +0700] "GET /js/header.js HTTP/2" 404 26 "https://ccp.ac.th/news_details.php?news_id=00000000561" "Mozilla/5.0 (Macintosh; Intel Mac OS X 10_15_7) AppleWebKit/605.1.15 (KHTML, like Gecko) Version/17.4 Safari/605.1.15 (Applebot/0.1; +http://www.apple.com/go/applebot)"
17.22.245.163 - - [14/Jun/2026:13:56:04 +0700] "GET /js/popper.min.js HTTP/2" 304 0 "https://ccp.ac.th/news_details.php?news_id=00000000561" "Mozilla/5.0 (Macintosh; Intel Mac OS X 10_15_7) AppleWebKit/605.1.15 (KHTML, like Gecko) Version/17.4 Safari/605.1.15 (Applebot/0.1; +http://www.apple.com/go/applebot)"
64.227.5.49 - - [14/Jun/2026:13:56:22 +0700] "GET /admin/upload/images/%E0%B8%9B%E0%B8%B5%E0%B8%81%E0%B8%B2%E0%B8%A3%E0%B8%A8%E0%B8%B6%E0%B8%81%E0%B8%A9%E0%B8%B2%20%E0%B9%92%E0%B9%95%E0%B9%96%E0%B9%93/4%20%E0%B9%84%E0%B8%AB%E0%B8%A7%E0%B9%89%E0%B8%84%E0%B8%A3%E0%B8%B9%202/%E0%B8%A7%E0%B8%B1%E0%B8%99%E0%B9%84%E0%B8%AB%E0%B8%A7%E0%B9%89%E0%B8%84%E0%B8%A3%E0%B8%B9%20%E0%B8%9B%E0%B8%B5%E0%B8%81%E0%B8%B2%E0%B8%A3%E0%B8%A8%E0%B8%B6%E0%B8%81%E0%B8%A9%E0%B8%B2%202563_%E0%B9%92%E0%B9%90%E0%B9%90%E0%B9%97%E0%B9%91%E0%B9%98_5.jpg HTTP/2" 200 1402031 "https://ccp.ac.th/" "Mozilla/5.0 (Windows NT 10.0; Win64; x64) AppleWebKit/537.36 (KHTML, like Gecko) Chrome/112.0.0.0 Safari/537.36"
2001:4ca0:108:42::24 - - [14/Jun/2026:13:56:34 +0700] "GET /robots.txt HTTP/2" 404 26 "-" "Mozilla/5.0 (Windows NT 10.0; Win64; x64) AppleWebKit/537.36 (KHTML, like Gecko) Chrome/103.0.5060.134 Safari/537.36"
66.249.66.167 - - [14/Jun/2026:13:57:11 +0700] "GET /video/?id=%E0%B8%94%E0%B8%B9%E0%B8%97%E0%B8%B5%E0%B8%A7%E0%B8%B5 HTTP/2" 404 26 "-" "Mozilla/5.0 (Linux; Android 6.0.1; Nexus 5X Build/MMB29P) AppleWebKit/537.36 (KHTML, like Gecko) Chrome/148.0.7778.96 Mobile Safari/537.36 (compatible; Googlebot/2.1; +http://www.google.com/bot.html)"
2a09:bac2:5746:25c3::3c3:3a - - [14/Jun/2026:13:57:38 +0700] "GET /.well-known/passkey-endpoints HTTP/2" 404 26 "-" "com.apple.AuthenticationServicesCore.AuthenticationServicesAgent/8624.2.5.10.4 CFNetwork/3860.600.12 Darwin/25.5.0"
52.167.144.179 - - [14/Jun/2026:13:59:44 +0700] "GET /contact.php HTTP/2" 200 3958 "-" "Mozilla/5.0 AppleWebKit/537.36 (KHTML, like Gecko; compatible; bingbot/2.0; +http://www.bing.com/bingbot.htm) Chrome/116.0.1938.76 Safari/537.36"
52.167.144.145 - - [14/Jun/2026:14:00:00 +0700] "GET /css/style2.css HTTP/2" 404 26 "https://www.ccp.ac.th/contact.php" "Mozilla/5.0 AppleWebKit/537.36 (KHTML, like Gecko; compatible; bingbot/2.0; +http://www.bing.com/bingbot.htm) Chrome/136.0.0.0 Safari/537.36 AppleWebKit/537.36 (KHTML, like Gecko; compatible; bingbot/2.0; +http://www.bing.com/bingbot.htm) Chrome/116.0.1938.76 Safari/537.36"
34.186.154.83 - - [14/Jun/2026:14:00:46 +0700] "GET / HTTP/2" 200 9371 "-" "Mozilla/5.0 (X11; Linux x86_64) AppleWebKit/537.36 (KHTML, like Gecko) Chrome/124.0 Safari/537.36"
34.186.154.83 - - [14/Jun/2026:14:00:48 +0700] "GET /js/bootstrap.min.js HTTP/2" 304 0 "-" "Mozilla/5.0 (X11; Linux x86_64) AppleWebKit/537.36 (KHTML, like Gecko) Chrome/124.0 Safari/537.36"
34.186.154.83 - - [14/Jun/2026:14:00:48 +0700] "GET /js/owl.carousel.min.js HTTP/2" 304 0 "-" "Mozilla/5.0 (X11; Linux x86_64) AppleWebKit/537.36 (KHTML, like Gecko) Chrome/124.0 Safari/537.36"
34.186.154.83 - - [14/Jun/2026:14:00:48 +0700] "GET /js/header.js HTTP/2" 404 26 "-" "Mozilla/5.0 (X11; Linux x86_64) AppleWebKit/537.36 (KHTML, like Gecko) Chrome/124.0 Safari/537.36"
34.186.154.83 - - [14/Jun/2026:14:00:48 +0700] "GET /js/jquery-3.2.1.min.js HTTP/2" 304 0 "-" "Mozilla/5.0 (X11; Linux x86_64) AppleWebKit/537.36 (KHTML, like Gecko) Chrome/124.0 Safari/537.36"
34.186.154.83 - - [14/Jun/2026:14:00:48 +0700] "GET /js/main.js HTTP/2" 304 0 "-" "Mozilla/5.0 (X11; Linux x86_64) AppleWebKit/537.36 (KHTML, like Gecko) Chrome/124.0 Safari/537.36"
34.186.154.83 - - [14/Jun/2026:14:00:48 +0700] "GET /js/masonry.pkgd.min.js HTTP/2" 304 0 "-" "Mozilla/5.0 (X11; Linux x86_64) AppleWebKit/537.36 (KHTML, like Gecko) Chrome/124.0 Safari/537.36"
34.186.154.83 - - [14/Jun/2026:14:00:48 +0700] "GET /js/magnific-popup.min.js HTTP/2" 304 0 "-" "Mozilla/5.0 (X11; Linux x86_64) AppleWebKit/537.36 (KHTML, like Gecko) Chrome/124.0 Safari/537.36"
34.186.154.83 - - [14/Jun/2026:14:00:48 +0700] "GET /js/jquery.countdown.js HTTP/2" 304 0 "-" "Mozilla/5.0 (X11; Linux x86_64) AppleWebKit/537.36 (KHTML, like Gecko) Chrome/124.0 Safari/537.36"
34.186.154.83 - - [14/Jun/2026:14:00:48 +0700] "GET /js/popper.min.js HTTP/2" 304 0 "-" "Mozilla/5.0 (X11; Linux x86_64) AppleWebKit/537.36 (KHTML, like Gecko) Chrome/124.0 Safari/537.36"
34.186.154.83 - - [14/Jun/2026:14:00:50 +0700] "GET /js/jquery.countdown.js.map HTTP/2" 404 26 "-" "Mozilla/5.0 (X11; Linux x86_64) AppleWebKit/537.36 (KHTML, like Gecko) Chrome/124.0 Safari/537.36"
34.186.154.83 - - [14/Jun/2026:14:00:50 +0700] "GET /js/main.js.map HTTP/2" 404 26 "-" "Mozilla/5.0 (X11; Linux x86_64) AppleWebKit/537.36 (KHTML, like Gecko) Chrome/124.0 Safari/537.36"
34.186.154.83 - - [14/Jun/2026:14:00:51 +0700] "GET /js/masonry.pkgd.min.js.map HTTP/2" 404 26 "-" "Mozilla/5.0 (X11; Linux x86_64) AppleWebKit/537.36 (KHTML, like Gecko) Chrome/124.0 Safari/537.36"
34.186.154.83 - - [14/Jun/2026:14:00:51 +0700] "GET /js/owl.carousel.min.js.map HTTP/2" 404 26 "-" "Mozilla/5.0 (X11; Linux x86_64) AppleWebKit/537.36 (KHTML, like Gecko) Chrome/124.0 Safari/537.36"
34.186.154.83 - - [14/Jun/2026:14:00:52 +0700] "GET /js/popper.min.js.map HTTP/2" 404 26 "-" "Mozilla/5.0 (X11; Linux x86_64) AppleWebKit/537.36 (KHTML, like Gecko) Chrome/124.0 Safari/537.36"
34.186.154.83 - - [14/Jun/2026:14:00:52 +0700] "GET /js/magnific-popup.min.js.map HTTP/2" 404 26 "-" "Mozilla/5.0 (X11; Linux x86_64) AppleWebKit/537.36 (KHTML, like Gecko) Chrome/124.0 Safari/537.36"
34.186.154.83 - - [14/Jun/2026:14:00:52 +0700] "GET /js/owl.carousel.min.js?autoplay=1&rel=0&v= HTTP/2" 200 10649 "-" "Mozilla/5.0 (X11; Linux x86_64) AppleWebKit/537.36 (KHTML, like Gecko) Chrome/124.0 Safari/537.36"
34.186.154.83 - - [14/Jun/2026:14:00:54 +0700] "GET /js/bootstrap.min.js.map HTTP/2" 404 26 "-" "Mozilla/5.0 (X11; Linux x86_64) AppleWebKit/537.36 (KHTML, like Gecko) Chrome/124.0 Safari/537.36"
34.186.154.83 - - [14/Jun/2026:14:00:55 +0700] "GET /js/popper.js HTTP/2" 404 26 "-" "Mozilla/5.0 (X11; Linux x86_64) AppleWebKit/537.36 (KHTML, like Gecko) Chrome/124.0 Safari/537.36"
34.186.154.83 - - [14/Jun/2026:14:00:59 +0700] "GET /js/owl.carousel.min.js.map HTTP/2" 404 26 "-" "Mozilla/5.0 (X11; Linux x86_64) AppleWebKit/537.36 (KHTML, like Gecko) Chrome/124.0 Safari/537.36"
34.186.154.83 - - [14/Jun/2026:14:01:04 +0700] "GET /js/jquery-3.2.1.min.js.map HTTP/2" 404 26 "-" "Mozilla/5.0 (X11; Linux x86_64) AppleWebKit/537.36 (KHTML, like Gecko) Chrome/124.0 Safari/537.36"
216.73.217.153 - - [14/Jun/2026:14:01:52 +0700] "GET /robots.txt HTTP/2" 404 26 "-" "Mozilla/5.0 AppleWebKit/537.36 (KHTML, like Gecko; compatible; ClaudeBot/1.0; [email protected])"
216.73.217.153 - - [14/Jun/2026:14:01:53 +0700] "GET /sitemap.xml HTTP/2" 404 26 "-" "Mozilla/5.0 AppleWebKit/537.36 (KHTML, like Gecko; compatible; ClaudeBot/1.0; [email protected])"
180.153.236.124 - - [14/Jun/2026:14:08:09 +0700] "GET / HTTP/2" 403 26 "https://www.ccp.ac.th/" "User-Agent:Mozilla/5.0 (Windows NT 10.0; Win64; x64) AppleWebKit/537.36 (KHTML, like Gecko) Chrome/140.0.0.0 Safari/537.36 Edg/140.0.0.0; 360Spider"
66.249.66.70 - - [14/Jun/2026:14:22:13 +0700] "GET /video/?id=%E0%B8%99%E0%B8%B5%E0%B9%82%E0%B8%A1 HTTP/2" 404 26 "-" "Mozilla/5.0 (Linux; Android 6.0.1; Nexus 5X Build/MMB29P) AppleWebKit/537.36 (KHTML, like Gecko) Chrome/148.0.7778.96 Mobile Safari/537.36 (compatible; Googlebot/2.1; +http://www.google.com/bot.html)"
162.222.195.90 - - [14/Jun/2026:14:22:24 +0700] "GET /admin/upload/images/%E0%B8%9B%E0%B8%B5%2068/%E0%B8%84%E0%B8%A3%E0%B8%B4%E0%B8%AA%E0%B8%A1%E0%B8%B2%E0%B8%AA%E0%B8%95%E0%B9%8C/604676127_1288179646451454_5430564064707381678_n.jpg HTTP/2" 200 491153 "-" "Mozilla/5.0 (Macintosh; Intel Mac OS X 10_15_7) AppleWebKit/537.36 (KHTML, like Gecko) Chrome/130.0.0.0 Safari/537.36"
2001:41d0:303:5899::1 - - [14/Jun/2026:14:26:51 +0700] "GET /robots.txt HTTP/2" 404 26 "-" "Mozilla/5.0 (compatible; MJ12bot/v1.4.8; http://mj12bot.com/)"
2001:41d0:303:5899::1 - - [14/Jun/2026:14:26:53 +0700] "GET /index.php/img/gallery/img/gallery/img/gallery/img/gallery/sp/sp/img/gallery/sp/sp/sp/sp/sp/admin_gard/student/sp/admin_gard/student/sp/sp/admin_gard/student/sp/admin_gard/student/sp/admin_gard/student/sp/admin_gard/student/sp/admin_gard/student/sp/sp/admin_gard/student/news_details.php?news_id=00000000561 HTTP/2" 200 9371 "-" "Mozilla/5.0 (compatible; MJ12bot/v1.4.8; http://mj12bot.com/)"
2001:41d0:303:5899::1 - - [14/Jun/2026:14:26:55 +0700] "GET /index.php/img/gallery/img/gallery/img/gallery/img/gallery/sp/sp/img/gallery/sp/sp/sp/sp/sp/admin_gard/student/sp/admin_gard/student/sp/sp/admin_gard/student/sp/admin_gard/student/sp/admin_gard/student/sp/admin_gard/student/sp/admin_gard/student/sp/sp/admin_gard/student/news_details.php?news_id=00000000562 HTTP/2" 200 9270 "-" "Mozilla/5.0 (compatible; MJ12bot/v1.4.8; http://mj12bot.com/)"
2001:41d0:303:5899::1 - - [14/Jun/2026:14:26:57 +0700] "GET /index.php/img/gallery/img/gallery/img/gallery/img/gallery/sp/sp/img/gallery/sp/sp/sp/sp/sp/admin_gard/student/sp/admin_gard/student/sp/sp/admin_gard/student/sp/admin_gard/student/sp/admin_gard/student/sp/admin_gard/student/sp/admin_gard/student/sp/sp/admin_gard/student/news_details.php?news_id=00000000563 HTTP/2" 200 9230 "-" "Mozilla/5.0 (compatible; MJ12bot/v1.4.8; http://mj12bot.com/)"
2001:41d0:303:5899::1 - - [14/Jun/2026:14:26:58 +0700] "GET /index.php/img/gallery/img/gallery/img/gallery/img/gallery/sp/sp/sp/gard/sp/admin_gard/student/sp/admin_gard/student/sp/admin_gard/student/sp/sp/admin_gard/student/sp/sp/admin_gard/student/sp/admin_gard/student/sp/sp/admin_gard/student/sp/sp/admin_gard/student/sp/sp/admin_gard/student/sp/sp/sp/admin_gard/student/sp/sp/admin_gard/student/sp/sp/sp/sp/admin_gard/student/sp/sp/sp/sp/sp/admin_gard/student/sp/sp/admin_gard/student/sp/sp/sp/sp/sp/sp/admin_gard/student/sp/relations.php HTTP/2" 200 9230 "-" "Mozilla/5.0 (compatible; MJ12bot/v1.4.8; http://mj12bot.com/)"
2001:41d0:303:5899::1 - - [14/Jun/2026:14:27:00 +0700] "GET /index.php/img/gallery/img/gallery/img/gallery/img/gallery/sp/sp/sp/gard/sp/admin_gard/student/sp/admin_gard/student/sp/admin_gard/student/sp/sp/admin_gard/student/sp/sp/admin_gard/student/sp/admin_gard/student/sp/sp/admin_gard/student/sp/sp/admin_gard/student/sp/sp/admin_gard/student/sp/sp/sp/admin_gard/student/sp/sp/admin_gard/student/sp/sp/sp/sp/admin_gard/student/sp/sp/sp/sp/sp/admin_gard/student/sp/sp/sp/sp/sp/sp/admin_gard/student/sp/admin_gard/student/sp/sp/sp/sp/index.php HTTP/2" 200 9239 "-" "Mozilla/5.0 (compatible; MJ12bot/v1.4.8; http://mj12bot.com/)"
2001:41d0:303:5899::1 - - [14/Jun/2026:14:27:02 +0700] "GET /index.php/img/gallery/img/gallery/img/gallery/img/gallery/sp/sp/sp/gard/sp/admin_gard/student/sp/admin_gard/student/sp/admin_gard/student/sp/sp/admin_gard/student/sp/sp/admin_gard/student/sp/admin_gard/student/sp/sp/admin_gard/student/sp/sp/admin_gard/student/sp/sp/admin_gard/student/sp/sp/sp/admin_gard/student/sp/sp/admin_gard/student/sp/sp/sp/sp/admin_gard/student/sp/sp/sp/sp/sp/sp/sp/admin_gard/student/sp/sp/admin_gard/student/sp/news_details.php?news_id=00000000549 HTTP/2" 200 9229 "-" "Mozilla/5.0 (compatible; MJ12bot/v1.4.8; http://mj12bot.com/)"
2001:41d0:303:5899::1 - - [14/Jun/2026:14:27:03 +0700] "GET /index.php/img/gallery/img/gallery/img/gallery/img/gallery/sp/sp/sp/gard/sp/admin_gard/student/sp/admin_gard/student/sp/admin_gard/student/sp/sp/admin_gard/student/sp/sp/admin_gard/student/sp/admin_gard/student/sp/sp/admin_gard/student/sp/sp/admin_gard/student/sp/sp/admin_gard/student/sp/sp/sp/admin_gard/student/sp/sp/admin_gard/student/sp/sp/sp/sp/admin_gard/student/sp/sp/sp/sp/sp/sp/sp/admin_gard/student/sp/sp/sp/sp/admin_gard/student/news_details.php?news_id=00000000396 HTTP/2" 200 9270 "-" "Mozilla/5.0 (compatible; MJ12bot/v1.4.8; http://mj12bot.com/)"
2001:41d0:303:5899::1 - - [14/Jun/2026:14:27:05 +0700] "GET /index.php/img/gallery/img/gallery/img/gallery/img/gallery/sp/sp/sp/gard/sp/admin_gard/student/sp/admin_gard/student/sp/admin_gard/student/sp/sp/admin_gard/student/sp/sp/admin_gard/student/sp/admin_gard/student/sp/sp/admin_gard/student/sp/sp/admin_gard/student/sp/sp/admin_gard/student/sp/sp/sp/admin_gard/student/sp/sp/admin_gard/student/sp/sp/sp/sp/admin_gard/student/sp/sp/sp/sp/sp/sp/sp/admin_gard/student/sp/sp/sp/sp/admin_gard/student/news_details.php?news_id=00000000397 HTTP/2" 200 9270 "-" "Mozilla/5.0 (compatible; MJ12bot/v1.4.8; http://mj12bot.com/)"
2001:41d0:303:5899::1 - - [14/Jun/2026:14:27:07 +0700] "GET /index.php/img/gallery/img/gallery/img/gallery/img/gallery/sp/sp/sp/gard/sp/admin_gard/student/sp/admin_gard/student/sp/admin_gard/student/sp/sp/admin_gard/student/sp/sp/admin_gard/student/sp/admin_gard/student/sp/sp/admin_gard/student/sp/sp/admin_gard/student/sp/sp/admin_gard/student/sp/sp/sp/admin_gard/student/sp/sp/admin_gard/student/sp/sp/sp/sp/admin_gard/student/sp/sp/sp/sp/sp/sp/sp/admin_gard/student/sp/sp/sp/sp/admin_gard/student/news_details.php?news_id=00000000414 HTTP/2" 200 9239 "-" "Mozilla/5.0 (compatible; MJ12bot/v1.4.8; http://mj12bot.com/)"
91.137.27.140 - - [14/Jun/2026:14:27:08 +0700] "GET /robots.txt HTTP/2" 404 26 "-" "Mozilla/5.0 (compatible; MJ12bot/v1.4.8; http://mj12bot.com/)"
2001:41d0:303:5899::1 - - [14/Jun/2026:14:27:08 +0700] "GET /index.php/img/gallery/img/gallery/img/gallery/img/gallery/sp/sp/sp/gard/sp/admin_gard/student/sp/admin_gard/student/sp/admin_gard/student/sp/sp/admin_gard/student/sp/sp/admin_gard/student/sp/admin_gard/student/sp/sp/admin_gard/student/sp/sp/admin_gard/student/sp/sp/admin_gard/student/sp/sp/sp/admin_gard/student/sp/sp/admin_gard/student/sp/sp/sp/sp/admin_gard/student/sp/sp/sp/sp/sp/sp/sp/admin_gard/student/sp/sp/sp/sp/admin_gard/student/news_details.php?news_id=00000000430 HTTP/2" 200 9230 "-" "Mozilla/5.0 (compatible; MJ12bot/v1.4.8; http://mj12bot.com/)"
2001:41d0:303:5899::1 - - [14/Jun/2026:14:27:10 +0700] "GET /index.php/img/gallery/img/gallery/img/gallery/img/gallery/sp/sp/sp/gard/sp/admin_gard/student/sp/admin_gard/student/sp/admin_gard/student/sp/sp/admin_gard/student/sp/sp/admin_gard/student/sp/admin_gard/student/sp/sp/admin_gard/student/sp/sp/admin_gard/student/sp/sp/admin_gard/student/sp/sp/sp/admin_gard/student/sp/sp/admin_gard/student/sp/sp/sp/sp/admin_gard/student/sp/sp/sp/sp/sp/sp/sp/admin_gard/student/sp/sp/sp/sp/admin_gard/student/news_details.php?news_id=00000000546 HTTP/2" 200 9229 "-" "Mozilla/5.0 (compatible; MJ12bot/v1.4.8; http://mj12bot.com/)"
91.137.27.140 - - [14/Jun/2026:14:27:10 +0700] "GET /index.php HTTP/2" 200 9371 "-" "Mozilla/5.0 (compatible; MJ12bot/v1.4.8; http://mj12bot.com/)"
2001:41d0:303:5899::1 - - [14/Jun/2026:14:27:12 +0700] "GET /index.php/img/gallery/img/gallery/img/gallery/img/gallery/sp/sp/sp/gard/sp/admin_gard/student/sp/admin_gard/student/sp/admin_gard/student/sp/sp/admin_gard/student/sp/sp/admin_gard/student/sp/admin_gard/student/sp/sp/admin_gard/student/sp/sp/admin_gard/student/sp/sp/admin_gard/student/sp/sp/sp/admin_gard/student/sp/sp/admin_gard/student/sp/sp/sp/sp/admin_gard/student/sp/sp/sp/sp/sp/sp/sp/admin_gard/student/sp/sp/sp/sp/admin_gard/student/news_details.php?news_id=00000000548 HTTP/2" 200 9229 "-" "Mozilla/5.0 (compatible; MJ12bot/v1.4.8; http://mj12bot.com/)"
91.137.27.140 - - [14/Jun/2026:14:27:13 +0700] "GET /news_details.php?news_id=00000000414 HTTP/2" 200 4458 "-" "Mozilla/5.0 (compatible; MJ12bot/v1.4.8; http://mj12bot.com/)"
91.137.27.140 - - [14/Jun/2026:14:27:14 +0700] "GET /robots.txt HTTP/2" 404 26 "-" "Mozilla/5.0 (compatible; MJ12bot/v1.4.8; http://mj12bot.com/)"
2001:41d0:303:5899::1 - - [14/Jun/2026:14:27:14 +0700] "GET /index.php/img/gallery/img/gallery/img/gallery/img/gallery/sp/sp/sp/gard/sp/admin_gard/student/sp/admin_gard/student/sp/admin_gard/student/sp/sp/admin_gard/student/sp/sp/admin_gard/student/sp/admin_gard/student/sp/sp/admin_gard/student/sp/sp/admin_gard/student/sp/sp/admin_gard/student/sp/sp/sp/admin_gard/student/sp/sp/admin_gard/student/sp/sp/sp/sp/admin_gard/student/sp/sp/sp/sp/sp/sp/sp/admin_gard/student/sp/sp/sp/sp/admin_gard/student/news_details.php?news_id=00000000549 HTTP/2" 200 9368 "-" "Mozilla/5.0 (compatible; MJ12bot/v1.4.8; http://mj12bot.com/)"
2001:41d0:303:5899::1 - - [14/Jun/2026:14:27:15 +0700] "GET /index.php/img/gallery/img/gallery/img/gallery/img/gallery/sp/sp/sp/gard/sp/admin_gard/student/sp/admin_gard/student/sp/admin_gard/student/sp/sp/admin_gard/student/sp/sp/admin_gard/student/sp/admin_gard/student/sp/sp/admin_gard/student/sp/sp/admin_gard/student/sp/sp/admin_gard/student/sp/sp/sp/admin_gard/student/sp/sp/admin_gard/student/sp/sp/sp/sp/admin_gard/student/sp/sp/sp/sp/sp/sp/sp/admin_gard/student/sp/sp/sp/sp/admin_gard/student/news_details.php?news_id=00000000550 HTTP/2" 200 9229 "-" "Mozilla/5.0 (compatible; MJ12bot/v1.4.8; http://mj12bot.com/)"
91.137.27.140 - - [14/Jun/2026:14:27:16 +0700] "GET /index.php/img/gallery/img/gallery/img/gallery/img/gallery/img/gallery/sp/img/gallery/img/gallery/sp/sp/admin_gard/student/sp/admin_gard/student/sp/admin_gard/student/sp/admin_gard/student/sp/admin_gard/student/sp/admin_gard/student/sp/admin_gard/student/sp/admin_gard/student/sp/admin_gard/student/sp/admin_gard/student/sp/admin_gard/student/sp/admin_gard/student/sp/sp/admin_gard/student/sp/admin_gard/student/sp/admin_gard/student/sp/sp/sp/index.php HTTP/2" 200 9229 "-" "Mozilla/5.0 (compatible; MJ12bot/v1.4.8; http://mj12bot.com/)"
2001:41d0:303:5899::1 - - [14/Jun/2026:14:27:17 +0700] "GET /index.php/img/gallery/img/gallery/img/gallery/img/gallery/sp/sp/sp/gard/sp/admin_gard/student/sp/admin_gard/student/sp/admin_gard/student/sp/sp/admin_gard/student/sp/sp/admin_gard/student/sp/admin_gard/student/sp/sp/admin_gard/student/sp/sp/admin_gard/student/sp/sp/admin_gard/student/sp/sp/sp/admin_gard/student/sp/sp/admin_gard/student/sp/sp/sp/sp/admin_gard/student/sp/sp/sp/sp/sp/sp/sp/admin_gard/student/sp/sp/sp/sp/admin_gard/student/news_details.php?news_id=00000000551 HTTP/2" 200 9229 "-" "Mozilla/5.0 (compatible; MJ12bot/v1.4.8; http://mj12bot.com/)"
91.137.27.140 - - [14/Jun/2026:14:27:18 +0700] "GET /index.php/img/gallery/img/gallery/img/gallery/img/gallery/sp/sp/img/gallery/sp/sp/sp/sp/admin_gard/student/news_details.php?news_id=00000000563 HTTP/2" 200 9270 "-" "Mozilla/5.0 (compatible; MJ12bot/v1.4.8; http://mj12bot.com/)"
2001:41d0:303:5899::1 - - [14/Jun/2026:14:27:19 +0700] "GET /index.php/img/gallery/img/gallery/img/gallery/img/gallery/sp/sp/sp/gard/sp/admin_gard/student/sp/admin_gard/student/sp/admin_gard/student/sp/sp/admin_gard/student/sp/sp/admin_gard/student/sp/admin_gard/student/sp/sp/admin_gard/student/sp/sp/admin_gard/student/sp/sp/admin_gard/student/sp/sp/sp/admin_gard/student/sp/sp/admin_gard/student/sp/sp/sp/sp/admin_gard/student/sp/sp/sp/sp/sp/sp/sp/admin_gard/student/sp/sp/sp/sp/admin_gard/student/news_details.php?news_id=00000000552 HTTP/2" 200 9230 "-" "Mozilla/5.0 (compatible; MJ12bot/v1.4.8; http://mj12bot.com/)"
91.137.27.140 - - [14/Jun/2026:14:27:20 +0700] "GET /index.php/img/gallery/img/gallery/img/gallery/img/gallery/sp/sp/img/gallery/sp/sp/sp/sp/admin_gard/student/news_details.php?news_id=00000000565 HTTP/2" 200 9230 "-" "Mozilla/5.0 (compatible; MJ12bot/v1.4.8; http://mj12bot.com/)"
2001:41d0:303:5899::1 - - [14/Jun/2026:14:27:20 +0700] "GET /index.php/img/gallery/img/gallery/img/gallery/img/gallery/sp/sp/sp/gard/sp/admin_gard/student/sp/admin_gard/student/sp/admin_gard/student/sp/sp/admin_gard/student/sp/sp/admin_gard/student/sp/admin_gard/student/sp/sp/admin_gard/student/sp/sp/admin_gard/student/sp/sp/admin_gard/student/sp/sp/sp/admin_gard/student/sp/sp/admin_gard/student/sp/sp/sp/sp/admin_gard/student/sp/sp/sp/sp/sp/sp/sp/admin_gard/student/sp/sp/sp/sp/admin_gard/student/news_details.php?news_id=00000000553 HTTP/2" 200 9230 "-" "Mozilla/5.0 (compatible; MJ12bot/v1.4.8; http://mj12bot.com/)"
91.137.27.140 - - [14/Jun/2026:14:27:21 +0700] "GET /index.php/img/gallery/img/gallery/img/gallery/img/gallery/sp/sp/img/gallery/sp/sp/sp/sp/sp/admin_gard/student/sp/admin_gard/student/sp/admin_gard/student/news_details.php?news_id=00000000414 HTTP/2" 200 9236 "-" "Mozilla/5.0 (compatible; MJ12bot/v1.4.8; http://mj12bot.com/)"
2001:41d0:303:5899::1 - - [14/Jun/2026:14:27:22 +0700] "GET /index.php/img/gallery/img/gallery/img/gallery/img/gallery/sp/sp/sp/gard/sp/admin_gard/student/sp/admin_gard/student/sp/admin_gard/student/sp/sp/admin_gard/student/sp/sp/admin_gard/student/sp/admin_gard/student/sp/sp/admin_gard/student/sp/sp/admin_gard/student/sp/sp/admin_gard/student/sp/sp/sp/admin_gard/student/sp/sp/admin_gard/student/sp/sp/sp/sp/admin_gard/student/sp/sp/sp/sp/sp/sp/sp/admin_gard/student/sp/sp/sp/sp/admin_gard/student/news_image.php HTTP/2" 200 9270 "-" "Mozilla/5.0 (compatible; MJ12bot/v1.4.8; http://mj12bot.com/)"
91.137.27.140 - - [14/Jun/2026:14:27:23 +0700] "GET /index.php/img/gallery/img/gallery/img/gallery/img/gallery/sp/sp/img/gallery/sp/sp/sp/sp/sp/admin_gard/student/sp/admin_gard/student/sp/admin_gard/student/news_details.php?news_id=00000000430 HTTP/2" 200 9230 "-" "Mozilla/5.0 (compatible; MJ12bot/v1.4.8; http://mj12bot.com/)"
2001:41d0:303:5899::1 - - [14/Jun/2026:14:27:24 +0700] "GET /index.php/img/gallery/img/gallery/img/gallery/img/gallery/sp/sp/sp/gard/sp/admin_gard/student/sp/admin_gard/student/sp/admin_gard/student/sp/sp/admin_gard/student/sp/sp/admin_gard/student/sp/admin_gard/student/sp/sp/admin_gard/student/sp/sp/admin_gard/student/sp/sp/admin_gard/student/sp/sp/sp/admin_gard/student/sp/sp/admin_gard/student/sp/sp/sp/sp/admin_gard/student/sp/sp/sp/sp/sp/sp/sp/admin_gard/student/sp/sp/sp/sp/admin_gard/student/relations.php HTTP/2" 200 9229 "-" "Mozilla/5.0 (compatible; MJ12bot/v1.4.8; http://mj12bot.com/)"
91.137.27.140 - - [14/Jun/2026:14:27:25 +0700] "GET /index.php/img/gallery/img/gallery/img/gallery/img/gallery/sp/sp/img/gallery/sp/sp/sp/sp/sp/admin_gard/student/sp/admin_gard/student/sp/admin_gard/student/news_details.php?news_id=00000000556 HTTP/2" 200 9231 "-" "Mozilla/5.0 (compatible; MJ12bot/v1.4.8; http://mj12bot.com/)"
2001:41d0:303:5899::1 - - [14/Jun/2026:14:27:25 +0700] "GET /index.php/img/gallery/img/gallery/img/gallery/img/gallery/sp/sp/sp/gard/sp/admin_gard/student/sp/admin_gard/student/sp/admin_gard/student/sp/sp/admin_gard/student/sp/sp/admin_gard/student/sp/admin_gard/student/sp/sp/admin_gard/student/sp/sp/admin_gard/student/sp/sp/admin_gard/student/sp/sp/sp/admin_gard/student/sp/sp/admin_gard/student/sp/sp/sp/sp/admin_gard/student/sp/sp/sp/sp/sp/sp/sp/admin_gard/student/sp/sp/sp/sp/admin_gard/student/sp/admin_gard/student/student_login.php HTTP/2" 200 9236 "-" "Mozilla/5.0 (compatible; MJ12bot/v1.4.8; http://mj12bot.com/)"
2001:41d0:303:5899::1 - - [14/Jun/2026:14:27:27 +0700] "GET /index.php/img/gallery/img/gallery/img/gallery/img/gallery/sp/sp/sp/gard/sp/admin_gard/student/sp/admin_gard/student/sp/admin_gard/student/sp/sp/admin_gard/student/sp/sp/admin_gard/student/sp/admin_gard/student/sp/sp/admin_gard/student/sp/sp/admin_gard/student/sp/sp/admin_gard/student/sp/sp/sp/admin_gard/student/sp/sp/admin_gard/student/sp/sp/sp/sp/admin_gard/student/sp/sp/sp/sp/sp/sp/sp/admin_gard/student/sp/sp/sp/sp/admin_gard/student/sp/index.php HTTP/2" 200 9229 "-" "Mozilla/5.0 (compatible; MJ12bot/v1.4.8; http://mj12bot.com/)"
91.137.27.140 - - [14/Jun/2026:14:27:27 +0700] "GET /index.php/img/gallery/img/gallery/img/gallery/img/gallery/sp/sp/img/gallery/sp/sp/sp/sp/sp/admin_gard/student/sp/admin_gard/student/sp/admin_gard/student/news_details.php?news_id=00000000561 HTTP/2" 200 9230 "-" "Mozilla/5.0 (compatible; MJ12bot/v1.4.8; http://mj12bot.com/)"
2001:41d0:303:5899::1 - - [14/Jun/2026:14:27:28 +0700] "GET /index.php/img/gallery/img/gallery/img/gallery/img/gallery/sp/sp/sp/gard/sp/admin_gard/student/sp/admin_gard/student/sp/admin_gard/student/sp/sp/admin_gard/student/sp/sp/admin_gard/student/sp/admin_gard/student/sp/sp/admin_gard/student/sp/sp/admin_gard/student/sp/sp/admin_gard/student/sp/sp/sp/admin_gard/student/sp/sp/admin_gard/student/sp/sp/sp/sp/admin_gard/student/sp/sp/sp/sp/sp/sp/sp/admin_gard/student/sp/sp/sp/sp/admin_gard/student/student_login.php HTTP/2" 200 9230 "-" "Mozilla/5.0 (compatible; MJ12bot/v1.4.8; http://mj12bot.com/)"
91.137.27.140 - - [14/Jun/2026:14:27:29 +0700] "GET /index.php/img/gallery/img/gallery/img/gallery/img/gallery/sp/sp/img/gallery/sp/sp/sp/sp/sp/admin_gard/student/sp/admin_gard/student/sp/admin_gard/student/news_image.php HTTP/2" 200 9229 "-" "Mozilla/5.0 (compatible; MJ12bot/v1.4.8; http://mj12bot.com/)"
91.137.27.140 - - [14/Jun/2026:14:27:30 +0700] "GET /index.php/img/gallery/img/gallery/img/gallery/img/gallery/sp/sp/img/gallery/sp/sp/sp/sp/sp/admin_gard/student/sp/admin_gard/student/sp/admin_gard/student/personnel.php HTTP/2" 200 9230 "-" "Mozilla/5.0 (compatible; MJ12bot/v1.4.8; http://mj12bot.com/)"
2001:41d0:303:5899::1 - - [14/Jun/2026:14:27:30 +0700] "GET /index.php/img/gallery/img/gallery/img/gallery/img/gallery/sp/sp/sp/gard/sp/admin_gard/student/sp/admin_gard/student/sp/admin_gard/student/sp/sp/admin_gard/student/sp/sp/admin_gard/student/sp/admin_gard/student/sp/sp/admin_gard/student/sp/sp/admin_gard/student/sp/sp/admin_gard/student/sp/sp/sp/admin_gard/student/sp/sp/admin_gard/student/sp/sp/sp/sp/admin_gard/student/sp/sp/sp/sp/sp/sp/sp/admin_gard/student/sp/sp/sp/sp/contact.php HTTP/2" 200 9230 "-" "Mozilla/5.0 (compatible; MJ12bot/v1.4.8; http://mj12bot.com/)"
91.137.27.140 - - [14/Jun/2026:14:27:32 +0700] "GET /index.php/img/gallery/img/gallery/img/gallery/img/gallery/sp/sp/img/gallery/sp/sp/sp/sp/sp/admin_gard/student/sp/admin_gard/student/sp/admin_gard/student/sp/about.php HTTP/2" 200 9230 "-" "Mozilla/5.0 (compatible; MJ12bot/v1.4.8; http://mj12bot.com/)"
2001:41d0:303:5899::1 - - [14/Jun/2026:14:27:32 +0700] "GET /index.php/img/gallery/img/gallery/img/gallery/img/gallery/sp/sp/sp/gard/sp/admin_gard/student/sp/admin_gard/student/sp/admin_gard/student/sp/sp/admin_gard/student/sp/sp/admin_gard/student/sp/admin_gard/student/sp/sp/admin_gard/student/sp/sp/admin_gard/student/sp/sp/admin_gard/student/sp/sp/sp/admin_gard/student/sp/sp/admin_gard/student/sp/sp/sp/sp/admin_gard/student/sp/sp/sp/sp/sp/sp/sp/admin_gard/student/sp/sp/sp/sp/index.php HTTP/2" 200 9230 "-" "Mozilla/5.0 (compatible; MJ12bot/v1.4.8; http://mj12bot.com/)"
2001:41d0:303:5899::1 - - [14/Jun/2026:14:27:33 +0700] "GET /index.php/img/gallery/img/gallery/img/gallery/img/gallery/sp/sp/sp/gard/sp/admin_gard/student/sp/admin_gard/student/sp/admin_gard/student/sp/sp/admin_gard/student/sp/sp/admin_gard/student/sp/admin_gard/student/sp/sp/admin_gard/student/sp/sp/admin_gard/student/sp/sp/admin_gard/student/sp/sp/sp/admin_gard/student/sp/sp/admin_gard/student/sp/sp/sp/sp/admin_gard/student/sp/sp/sp/sp/sp/sp/sp/sp/about.php HTTP/2" 200 9230 "-" "Mozilla/5.0 (compatible; MJ12bot/v1.4.8; http://mj12bot.com/)"
91.137.27.140 - - [14/Jun/2026:14:27:34 +0700] "GET /index.php/img/gallery/img/gallery/img/gallery/img/gallery/sp/sp/img/gallery/sp/sp/sp/sp/sp/admin_gard/student/sp/admin_gard/student/sp/admin_gard/student/sp/admin_gard/student/about.php HTTP/2" 200 9229 "-" "Mozilla/5.0 (compatible; MJ12bot/v1.4.8; http://mj12bot.com/)"
2001:41d0:303:5899::1 - - [14/Jun/2026:14:27:35 +0700] "GET /index.php/img/gallery/img/gallery/img/gallery/img/gallery/sp/sp/sp/gard/sp/admin_gard/student/sp/admin_gard/student/sp/admin_gard/student/sp/sp/admin_gard/student/sp/sp/admin_gard/student/sp/admin_gard/student/sp/sp/admin_gard/student/sp/sp/admin_gard/student/sp/sp/admin_gard/student/sp/sp/sp/admin_gard/student/sp/sp/admin_gard/student/sp/sp/sp/sp/admin_gard/student/sp/sp/sp/sp/sp/sp/sp/sp/admin_gard/student/about.php HTTP/2" 200 9229 "-" "Mozilla/5.0 (compatible; MJ12bot/v1.4.8; http://mj12bot.com/)"
91.137.27.140 - - [14/Jun/2026:14:27:36 +0700] "GET /index.php/img/gallery/img/gallery/img/gallery/img/gallery/sp/sp/img/gallery/sp/sp/sp/sp/sp/admin_gard/student/sp/admin_gard/student/sp/admin_gard/student/sp/admin_gard/student/contact.php HTTP/2" 200 9205 "-" "Mozilla/5.0 (compatible; MJ12bot/v1.4.8; http://mj12bot.com/)"
2001:41d0:303:5899::1 - - [14/Jun/2026:14:27:37 +0700] "GET /index.php/img/gallery/img/gallery/img/gallery/img/gallery/sp/sp/sp/gard/sp/admin_gard/student/sp/admin_gard/student/sp/admin_gard/student/sp/sp/admin_gard/student/sp/sp/admin_gard/student/sp/admin_gard/student/sp/sp/admin_gard/student/sp/sp/admin_gard/student/sp/sp/admin_gard/student/sp/sp/sp/admin_gard/student/sp/sp/admin_gard/student/sp/sp/sp/sp/admin_gard/student/sp/sp/sp/sp/sp/sp/sp/sp/admin_gard/student/contact.php HTTP/2" 200 9229 "-" "Mozilla/5.0 (compatible; MJ12bot/v1.4.8; http://mj12bot.com/)"
91.137.27.140 - - [14/Jun/2026:14:27:38 +0700] "GET /index.php/img/gallery/img/gallery/img/gallery/img/gallery/sp/sp/img/gallery/sp/sp/sp/sp/sp/admin_gard/student/sp/admin_gard/student/sp/admin_gard/student/sp/admin_gard/student/index.php HTTP/2" 200 9193 "-" "Mozilla/5.0 (compatible; MJ12bot/v1.4.8; http://mj12bot.com/)"
2001:41d0:303:5899::1 - - [14/Jun/2026:14:27:38 +0700] "GET /index.php/img/gallery/img/gallery/img/gallery/img/gallery/sp/sp/sp/gard/sp/admin_gard/student/sp/admin_gard/student/sp/admin_gard/student/sp/sp/admin_gard/student/sp/sp/admin_gard/student/sp/admin_gard/student/sp/sp/admin_gard/student/sp/sp/admin_gard/student/sp/sp/admin_gard/student/sp/sp/sp/admin_gard/student/sp/sp/admin_gard/student/sp/sp/sp/sp/admin_gard/student/sp/sp/sp/sp/sp/sp/sp/sp/admin_gard/student/index.php HTTP/2" 200 9270 "-" "Mozilla/5.0 (compatible; MJ12bot/v1.4.8; http://mj12bot.com/)"
91.137.27.140 - - [14/Jun/2026:14:27:40 +0700] "GET /index.php/img/gallery/img/gallery/img/gallery/img/gallery/sp/sp/img/gallery/sp/sp/sp/sp/sp/admin_gard/student/sp/admin_gard/student/sp/admin_gard/student/sp/admin_gard/student/news_details.php?news_id=00000000397 HTTP/2" 200 9230 "-" "Mozilla/5.0 (compatible; MJ12bot/v1.4.8; http://mj12bot.com/)"
2001:41d0:303:5899::1 - - [14/Jun/2026:14:27:40 +0700] "GET /index.php/img/gallery/img/gallery/img/gallery/img/gallery/sp/sp/sp/gard/sp/admin_gard/student/sp/admin_gard/student/sp/admin_gard/student/sp/sp/admin_gard/student/sp/sp/admin_gard/student/sp/admin_gard/student/sp/sp/admin_gard/student/sp/sp/admin_gard/student/sp/sp/admin_gard/student/sp/sp/sp/admin_gard/student/sp/sp/admin_gard/student/sp/sp/sp/sp/admin_gard/student/sp/sp/sp/sp/sp/sp/sp/sp/admin_gard/student/news.php HTTP/2" 200 9270 "-" "Mozilla/5.0 (compatible; MJ12bot/v1.4.8; http://mj12bot.com/)"
91.137.27.140 - - [14/Jun/2026:14:27:41 +0700] "GET /index.php/img/gallery/img/gallery/img/gallery/img/gallery/sp/sp/img/gallery/sp/sp/sp/sp/sp/admin_gard/student/sp/admin_gard/student/sp/admin_gard/student/sp/admin_gard/student/news_details.php?news_id=00000000414 HTTP/2" 200 9273 "-" "Mozilla/5.0 (compatible; MJ12bot/v1.4.8; http://mj12bot.com/)"
2001:41d0:303:5899::1 - - [14/Jun/2026:14:27:41 +0700] "GET /index.php/img/gallery/img/gallery/img/gallery/img/gallery/sp/sp/sp/gard/sp/admin_gard/student/sp/admin_gard/student/sp/admin_gard/student/sp/sp/admin_gard/student/sp/sp/admin_gard/student/sp/admin_gard/student/sp/sp/admin_gard/student/sp/sp/admin_gard/student/sp/sp/admin_gard/student/sp/sp/sp/admin_gard/student/sp/sp/admin_gard/student/sp/sp/sp/sp/admin_gard/student/sp/sp/sp/sp/sp/sp/sp/sp/admin_gard/student/news_details.php?news_id=00000000396 HTTP/2" 200 9229 "-" "Mozilla/5.0 (compatible; MJ12bot/v1.4.8; http://mj12bot.com/)"
2001:41d0:303:5899::1 - - [14/Jun/2026:14:27:43 +0700] "GET /index.php/img/gallery/img/gallery/img/gallery/img/gallery/sp/sp/sp/gard/sp/admin_gard/student/sp/admin_gard/student/sp/admin_gard/student/sp/sp/admin_gard/student/sp/sp/admin_gard/student/sp/admin_gard/student/sp/sp/admin_gard/student/sp/sp/admin_gard/student/sp/sp/admin_gard/student/sp/sp/sp/admin_gard/student/sp/sp/admin_gard/student/sp/sp/sp/sp/admin_gard/student/sp/sp/sp/sp/sp/sp/sp/sp/admin_gard/student/news_details.php?news_id=00000000397 HTTP/2" 200 9229 "-" "Mozilla/5.0 (compatible; MJ12bot/v1.4.8; http://mj12bot.com/)"
91.137.27.140 - - [14/Jun/2026:14:27:43 +0700] "GET /index.php/img/gallery/img/gallery/img/gallery/img/gallery/sp/sp/img/gallery/sp/sp/sp/sp/sp/admin_gard/student/sp/admin_gard/student/sp/admin_gard/student/sp/admin_gard/student/news_details.php?news_id=00000000430 HTTP/2" 200 9229 "-" "Mozilla/5.0 (compatible; MJ12bot/v1.4.8; http://mj12bot.com/)"
2001:41d0:303:5899::1 - - [14/Jun/2026:14:27:45 +0700] "GET /index.php/img/gallery/img/gallery/img/gallery/img/gallery/sp/sp/sp/gard/sp/admin_gard/student/sp/admin_gard/student/sp/admin_gard/student/sp/sp/admin_gard/student/sp/sp/admin_gard/student/sp/admin_gard/student/sp/sp/admin_gard/student/sp/sp/admin_gard/student/sp/sp/admin_gard/student/sp/sp/sp/admin_gard/student/sp/sp/admin_gard/student/sp/sp/sp/sp/admin_gard/student/sp/sp/sp/sp/sp/sp/sp/sp/admin_gard/student/news_details.php?news_id=00000000414 HTTP/2" 200 9229 "-" "Mozilla/5.0 (compatible; MJ12bot/v1.4.8; http://mj12bot.com/)"
91.137.27.140 - - [14/Jun/2026:14:27:45 +0700] "GET /index.php/img/gallery/img/gallery/img/gallery/img/gallery/sp/sp/img/gallery/sp/sp/sp/sp/sp/admin_gard/student/sp/admin_gard/student/sp/admin_gard/student/sp/admin_gard/student/news_details.php?news_id=00000000554 HTTP/2" 200 9229 "-" "Mozilla/5.0 (compatible; MJ12bot/v1.4.8; http://mj12bot.com/)"
2001:41d0:303:5899::1 - - [14/Jun/2026:14:27:46 +0700] "GET /index.php/img/gallery/img/gallery/img/gallery/img/gallery/sp/sp/sp/gard/sp/admin_gard/student/sp/admin_gard/student/sp/admin_gard/student/sp/sp/admin_gard/student/sp/sp/admin_gard/student/sp/admin_gard/student/sp/sp/admin_gard/student/sp/sp/admin_gard/student/sp/sp/admin_gard/student/sp/sp/sp/admin_gard/student/sp/sp/admin_gard/student/sp/sp/sp/sp/admin_gard/student/sp/sp/sp/sp/sp/sp/sp/sp/admin_gard/student/news_details.php?news_id=00000000430 HTTP/2" 200 9230 "-" "Mozilla/5.0 (compatible; MJ12bot/v1.4.8; http://mj12bot.com/)"
91.137.27.140 - - [14/Jun/2026:14:27:47 +0700] "GET /index.php/img/gallery/img/gallery/img/gallery/img/gallery/sp/sp/img/gallery/sp/sp/sp/sp/sp/admin_gard/student/sp/admin_gard/student/sp/admin_gard/student/sp/admin_gard/student/news_details.php?news_id=00000000555 HTTP/2" 200 9229 "-" "Mozilla/5.0 (compatible; MJ12bot/v1.4.8; http://mj12bot.com/)"
2001:41d0:303:5899::1 - - [14/Jun/2026:14:27:48 +0700] "GET /index.php/img/gallery/img/gallery/img/gallery/img/gallery/sp/sp/sp/gard/sp/admin_gard/student/sp/admin_gard/student/sp/admin_gard/student/sp/sp/admin_gard/student/sp/sp/admin_gard/student/sp/admin_gard/student/sp/sp/admin_gard/student/sp/sp/admin_gard/student/sp/sp/admin_gard/student/sp/sp/sp/admin_gard/student/sp/sp/admin_gard/student/sp/sp/sp/sp/admin_gard/student/sp/sp/sp/sp/sp/sp/sp/sp/admin_gard/student/news_details.php?news_id=00000000546 HTTP/2" 200 9230 "-" "Mozilla/5.0 (compatible; MJ12bot/v1.4.8; http://mj12bot.com/)"
91.137.27.140 - - [14/Jun/2026:14:27:49 +0700] "GET /index.php/img/gallery/img/gallery/img/gallery/img/gallery/sp/sp/img/gallery/sp/sp/sp/sp/sp/admin_gard/student/sp/admin_gard/student/sp/admin_gard/student/sp/admin_gard/student/sp/about.php HTTP/2" 200 9229 "-" "Mozilla/5.0 (compatible; MJ12bot/v1.4.8; http://mj12bot.com/)"
