2001:41d0:303:4954::1 - - [14/Jun/2026:11:04:52 +0700] "GET /index.php/img/gallery/img/gallery/img/gallery/img/gallery/sp/sp/sp/gard/sp/admin_gard/student/sp/admin_gard/student/sp/admin_gard/student/sp/sp/admin_gard/student/sp/sp/admin_gard/student/sp/admin_gard/student/sp/sp/admin_gard/student/sp/sp/admin_gard/student/sp/sp/admin_gard/student/sp/sp/sp/admin_gard/student/sp/sp/admin_gard/student/sp/sp/sp/sp/admin_gard/student/sp/sp/sp/sp/sp/admin_gard/student/sp/sp/sp/sp/sp/sp/admin_gard/student/sp/admin_gard/student/sp/sp/sp/sp/news.php HTTP/2" 200 9234 "-" "Mozilla/5.0 (compatible; MJ12bot/v1.4.8; http://mj12bot.com/)"
2001:41d0:303:4954::1 - - [14/Jun/2026:11:04:54 +0700] "GET /index.php/img/gallery/img/gallery/img/gallery/img/gallery/sp/sp/sp/gard/sp/admin_gard/student/sp/admin_gard/student/sp/admin_gard/student/sp/sp/admin_gard/student/sp/sp/admin_gard/student/sp/admin_gard/student/sp/sp/admin_gard/student/sp/sp/admin_gard/student/sp/sp/admin_gard/student/sp/sp/sp/admin_gard/student/sp/sp/admin_gard/student/sp/sp/sp/sp/admin_gard/student/sp/sp/sp/sp/sp/admin_gard/student/sp/sp/sp/sp/sp/sp/admin_gard/student/sp/admin_gard/student/sp/sp/sp/sp/news_image.php HTTP/2" 200 9234 "-" "Mozilla/5.0 (compatible; MJ12bot/v1.4.8; http://mj12bot.com/)"
2001:41d0:303:4954::1 - - [14/Jun/2026:11:04:55 +0700] "GET /index.php/img/gallery/img/gallery/img/gallery/img/gallery/sp/sp/sp/gard/sp/admin_gard/student/sp/admin_gard/student/sp/admin_gard/student/sp/sp/admin_gard/student/sp/sp/admin_gard/student/sp/admin_gard/student/sp/sp/admin_gard/student/sp/sp/admin_gard/student/sp/sp/admin_gard/student/sp/sp/sp/admin_gard/student/sp/sp/admin_gard/student/sp/sp/sp/sp/admin_gard/student/sp/sp/sp/sp/sp/admin_gard/student/sp/sp/sp/sp/sp/sp/admin_gard/student/sp/admin_gard/student/sp/sp/sp/sp/personnel.php HTTP/2" 200 9235 "-" "Mozilla/5.0 (compatible; MJ12bot/v1.4.8; http://mj12bot.com/)"
2001:41d0:303:4954::1 - - [14/Jun/2026:11:04:57 +0700] "GET /index.php/img/gallery/img/gallery/img/gallery/img/gallery/sp/sp/sp/gard/sp/admin_gard/student/sp/admin_gard/student/sp/admin_gard/student/sp/sp/admin_gard/student/sp/sp/admin_gard/student/sp/admin_gard/student/sp/sp/admin_gard/student/sp/sp/admin_gard/student/sp/sp/admin_gard/student/sp/sp/sp/admin_gard/student/sp/sp/admin_gard/student/sp/sp/sp/sp/admin_gard/student/sp/sp/sp/sp/sp/admin_gard/student/sp/sp/sp/sp/sp/sp/admin_gard/student/sp/admin_gard/student/sp/sp/sp/sp/relations.php HTTP/2" 200 9235 "-" "Mozilla/5.0 (compatible; MJ12bot/v1.4.8; http://mj12bot.com/)"
2001:41d0:303:4954::1 - - [14/Jun/2026:11:04:59 +0700] "GET /index.php/img/gallery/img/gallery/img/gallery/img/gallery/sp/sp/sp/gard/sp/admin_gard/student/sp/admin_gard/student/sp/admin_gard/student/sp/sp/admin_gard/student/sp/sp/admin_gard/student/sp/admin_gard/student/sp/sp/admin_gard/student/sp/sp/admin_gard/student/sp/sp/admin_gard/student/sp/sp/sp/admin_gard/student/sp/sp/admin_gard/student/sp/sp/sp/sp/admin_gard/student/sp/sp/sp/sp/sp/admin_gard/student/sp/sp/sp/sp/sp/sp/admin_gard/student/sp/admin_gard/student/sp/sp/sp/sp/sp/about.php HTTP/2" 200 9235 "-" "Mozilla/5.0 (compatible; MJ12bot/v1.4.8; http://mj12bot.com/)"
2001:41d0:303:4954::1 - - [14/Jun/2026:11:05:00 +0700] "GET /index.php/img/gallery/img/gallery/img/gallery/img/gallery/sp/sp/sp/gard/sp/admin_gard/student/sp/admin_gard/student/sp/admin_gard/student/sp/sp/admin_gard/student/sp/sp/admin_gard/student/sp/admin_gard/student/sp/sp/admin_gard/student/sp/sp/admin_gard/student/sp/sp/admin_gard/student/sp/sp/sp/admin_gard/student/sp/sp/admin_gard/student/sp/sp/sp/sp/admin_gard/student/sp/sp/sp/sp/sp/admin_gard/student/sp/sp/sp/sp/sp/sp/admin_gard/student/sp/admin_gard/student/sp/sp/sp/sp/sp/contact.php HTTP/2" 200 9234 "-" "Mozilla/5.0 (compatible; MJ12bot/v1.4.8; http://mj12bot.com/)"
2001:41d0:303:4954::1 - - [14/Jun/2026:11:05:02 +0700] "GET /index.php/img/gallery/img/gallery/img/gallery/img/gallery/sp/sp/sp/gard/sp/admin_gard/student/sp/admin_gard/student/sp/admin_gard/student/sp/sp/admin_gard/student/sp/sp/admin_gard/student/sp/admin_gard/student/sp/sp/admin_gard/student/sp/sp/admin_gard/student/sp/sp/admin_gard/student/sp/sp/sp/admin_gard/student/sp/sp/admin_gard/student/sp/sp/sp/sp/admin_gard/student/sp/sp/sp/sp/sp/admin_gard/student/sp/sp/sp/sp/sp/sp/admin_gard/student/sp/admin_gard/student/sp/sp/sp/sp/sp/index.php HTTP/2" 200 9277 "-" "Mozilla/5.0 (compatible; MJ12bot/v1.4.8; http://mj12bot.com/)"
2001:41d0:303:4954::1 - - [14/Jun/2026:11:05:04 +0700] "GET /index.php/img/gallery/img/gallery/img/gallery/img/gallery/sp/sp/sp/gard/sp/admin_gard/student/sp/admin_gard/student/sp/admin_gard/student/sp/sp/admin_gard/student/sp/sp/admin_gard/student/sp/admin_gard/student/sp/sp/admin_gard/student/sp/sp/admin_gard/student/sp/sp/admin_gard/student/sp/sp/sp/admin_gard/student/sp/sp/admin_gard/student/sp/sp/sp/sp/admin_gard/student/sp/sp/sp/sp/sp/admin_gard/student/sp/sp/sp/sp/sp/sp/admin_gard/student/sp/admin_gard/student/sp/sp/sp/sp/sp/news.php HTTP/2" 200 9234 "-" "Mozilla/5.0 (compatible; MJ12bot/v1.4.8; http://mj12bot.com/)"
2001:41d0:303:4954::1 - - [14/Jun/2026:11:05:05 +0700] "GET /index.php/img/gallery/img/gallery/img/gallery/img/gallery/sp/sp/sp/gard/sp/admin_gard/student/sp/admin_gard/student/sp/admin_gard/student/sp/sp/admin_gard/student/sp/sp/admin_gard/student/sp/admin_gard/student/sp/sp/admin_gard/student/sp/sp/admin_gard/student/sp/sp/admin_gard/student/sp/sp/sp/admin_gard/student/sp/sp/admin_gard/student/sp/sp/sp/sp/admin_gard/student/sp/sp/sp/sp/sp/admin_gard/student/sp/sp/sp/sp/sp/sp/admin_gard/student/sp/admin_gard/student/sp/sp/sp/sp/sp/sp/index.php HTTP/2" 200 9234 "-" "Mozilla/5.0 (compatible; MJ12bot/v1.4.8; http://mj12bot.com/)"
2001:41d0:303:4954::1 - - [14/Jun/2026:11:05:07 +0700] "GET /index.php/img/gallery/img/gallery/img/gallery/img/gallery/sp/sp/sp/gard/sp/admin_gard/student/sp/admin_gard/student/sp/admin_gard/student/sp/sp/admin_gard/student/sp/sp/admin_gard/student/sp/admin_gard/student/sp/sp/admin_gard/student/sp/sp/admin_gard/student/sp/sp/admin_gard/student/sp/sp/sp/admin_gard/student/sp/sp/admin_gard/student/sp/sp/sp/sp/admin_gard/student/sp/sp/sp/sp/sp/admin_gard/student/sp/sp/sp/sp/sp/sp/admin_gard/student/sp/admin_gard/student/student_login.php HTTP/2" 200 9235 "-" "Mozilla/5.0 (compatible; MJ12bot/v1.4.8; http://mj12bot.com/)"
2001:41d0:303:4954::1 - - [14/Jun/2026:11:05:09 +0700] "GET /index.php/img/gallery/img/gallery/img/gallery/img/gallery/sp/sp/sp/gard/sp/admin_gard/student/sp/admin_gard/student/sp/admin_gard/student/sp/sp/admin_gard/student/sp/sp/admin_gard/student/sp/admin_gard/student/sp/sp/admin_gard/student/sp/sp/admin_gard/student/sp/sp/admin_gard/student/sp/sp/sp/admin_gard/student/sp/sp/admin_gard/student/sp/sp/sp/sp/admin_gard/student/sp/sp/sp/sp/sp/admin_gard/student/sp/sp/sp/sp/sp/sp/admin_gard/student/sp/contact.php HTTP/2" 200 9235 "-" "Mozilla/5.0 (compatible; MJ12bot/v1.4.8; http://mj12bot.com/)"
2001:41d0:303:4954::1 - - [14/Jun/2026:11:05:10 +0700] "GET /index.php/img/gallery/img/gallery/img/gallery/img/gallery/sp/sp/sp/gard/sp/admin_gard/student/sp/admin_gard/student/sp/admin_gard/student/sp/sp/admin_gard/student/sp/sp/admin_gard/student/sp/admin_gard/student/sp/sp/admin_gard/student/sp/sp/admin_gard/student/sp/sp/admin_gard/student/sp/sp/sp/admin_gard/student/sp/sp/admin_gard/student/sp/sp/sp/sp/admin_gard/student/sp/sp/sp/sp/sp/admin_gard/student/sp/sp/sp/sp/sp/sp/admin_gard/student/sp/news_details.php?news_id=00000000546 HTTP/2" 200 9234 "-" "Mozilla/5.0 (compatible; MJ12bot/v1.4.8; http://mj12bot.com/)"
2001:41d0:303:4954::1 - - [14/Jun/2026:11:05:12 +0700] "GET /index.php/img/gallery/img/gallery/img/gallery/img/gallery/sp/sp/sp/gard/sp/admin_gard/student/sp/admin_gard/student/sp/admin_gard/student/sp/sp/admin_gard/student/sp/sp/admin_gard/student/sp/admin_gard/student/sp/sp/admin_gard/student/sp/sp/admin_gard/student/sp/sp/admin_gard/student/sp/sp/sp/admin_gard/student/sp/sp/admin_gard/student/sp/sp/sp/sp/admin_gard/student/sp/sp/sp/sp/sp/admin_gard/student/sp/sp/sp/sp/sp/sp/admin_gard/student/sp/news_details.php?news_id=00000000548 HTTP/2" 200 9235 "-" "Mozilla/5.0 (compatible; MJ12bot/v1.4.8; http://mj12bot.com/)"
2001:41d0:303:4954::1 - - [14/Jun/2026:11:05:13 +0700] "GET /index.php/img/gallery/img/gallery/img/gallery/img/gallery/sp/sp/sp/gard/sp/admin_gard/student/sp/admin_gard/student/sp/admin_gard/student/sp/sp/admin_gard/student/sp/sp/admin_gard/student/sp/admin_gard/student/sp/sp/admin_gard/student/sp/sp/admin_gard/student/sp/sp/admin_gard/student/sp/sp/sp/admin_gard/student/sp/sp/admin_gard/student/sp/sp/sp/sp/admin_gard/student/sp/sp/sp/sp/sp/sp/admin_gard/student/sp/sp/sp/sp/index.php HTTP/2" 200 9189 "-" "Mozilla/5.0 (compatible; MJ12bot/v1.4.8; http://mj12bot.com/)"
2001:41d0:303:4954::1 - - [14/Jun/2026:11:05:15 +0700] "GET /index.php/img/gallery/img/gallery/img/gallery/img/gallery/sp/sp/sp/gard/sp/admin_gard/student/sp/admin_gard/student/sp/admin_gard/student/sp/sp/admin_gard/student/sp/sp/admin_gard/student/sp/admin_gard/student/sp/sp/admin_gard/student/sp/sp/admin_gard/student/sp/sp/admin_gard/student/sp/sp/sp/admin_gard/student/sp/sp/admin_gard/student/sp/sp/sp/sp/admin_gard/student/sp/sp/sp/sp/sp/sp/sp/admin_gard/student/sp/about.php HTTP/2" 200 9235 "-" "Mozilla/5.0 (compatible; MJ12bot/v1.4.8; http://mj12bot.com/)"
2001:41d0:303:4954::1 - - [14/Jun/2026:11:05:17 +0700] "GET /index.php/img/gallery/img/gallery/img/gallery/img/gallery/sp/sp/sp/gard/sp/admin_gard/student/sp/admin_gard/student/sp/admin_gard/student/sp/sp/admin_gard/student/sp/sp/admin_gard/student/sp/admin_gard/student/sp/sp/admin_gard/student/sp/sp/admin_gard/student/sp/sp/admin_gard/student/sp/sp/sp/admin_gard/student/sp/sp/admin_gard/student/sp/sp/sp/sp/admin_gard/student/sp/sp/sp/sp/sp/sp/sp/admin_gard/student/sp/admin_gard/student/about.php HTTP/2" 200 9245 "-" "Mozilla/5.0 (compatible; MJ12bot/v1.4.8; http://mj12bot.com/)"
2001:41d0:303:4954::1 - - [14/Jun/2026:11:05:19 +0700] "GET /index.php/img/gallery/img/gallery/img/gallery/img/gallery/sp/sp/sp/gard/sp/admin_gard/student/sp/admin_gard/student/sp/admin_gard/student/sp/sp/admin_gard/student/sp/sp/admin_gard/student/sp/admin_gard/student/sp/sp/admin_gard/student/sp/sp/admin_gard/student/sp/sp/admin_gard/student/sp/sp/sp/admin_gard/student/sp/sp/admin_gard/student/sp/sp/sp/sp/admin_gard/student/sp/sp/sp/sp/sp/sp/sp/admin_gard/student/sp/admin_gard/student/contact.php HTTP/2" 200 9235 "-" "Mozilla/5.0 (compatible; MJ12bot/v1.4.8; http://mj12bot.com/)"
2001:41d0:303:4954::1 - - [14/Jun/2026:11:05:20 +0700] "GET /index.php/img/gallery/img/gallery/img/gallery/img/gallery/sp/sp/sp/gard/sp/admin_gard/student/sp/admin_gard/student/sp/admin_gard/student/sp/sp/admin_gard/student/sp/sp/admin_gard/student/sp/admin_gard/student/sp/sp/admin_gard/student/sp/sp/admin_gard/student/sp/sp/admin_gard/student/sp/sp/sp/admin_gard/student/sp/sp/admin_gard/student/sp/sp/sp/sp/admin_gard/student/sp/sp/sp/sp/sp/sp/sp/admin_gard/student/sp/admin_gard/student/index.php HTTP/2" 200 9235 "-" "Mozilla/5.0 (compatible; MJ12bot/v1.4.8; http://mj12bot.com/)"
2001:41d0:303:4954::1 - - [14/Jun/2026:11:05:22 +0700] "GET /index.php/img/gallery/img/gallery/img/gallery/img/gallery/sp/sp/sp/gard/sp/admin_gard/student/sp/admin_gard/student/sp/admin_gard/student/sp/sp/admin_gard/student/sp/sp/admin_gard/student/sp/admin_gard/student/sp/sp/admin_gard/student/sp/sp/admin_gard/student/sp/sp/admin_gard/student/sp/sp/sp/admin_gard/student/sp/sp/admin_gard/student/sp/sp/sp/sp/admin_gard/student/sp/sp/sp/sp/sp/sp/sp/admin_gard/student/sp/admin_gard/student/news.php HTTP/2" 200 9235 "-" "Mozilla/5.0 (compatible; MJ12bot/v1.4.8; http://mj12bot.com/)"
2001:41d0:303:4954::1 - - [14/Jun/2026:11:05:24 +0700] "GET /index.php/img/gallery/img/gallery/img/gallery/img/gallery/sp/sp/sp/gard/sp/admin_gard/student/sp/admin_gard/student/sp/admin_gard/student/sp/sp/admin_gard/student/sp/sp/admin_gard/student/sp/admin_gard/student/sp/sp/admin_gard/student/sp/sp/admin_gard/student/sp/sp/admin_gard/student/sp/sp/sp/admin_gard/student/sp/sp/admin_gard/student/sp/sp/sp/sp/admin_gard/student/sp/sp/sp/sp/sp/sp/sp/admin_gard/student/sp/admin_gard/student/news_details.php?news_id=00000000396 HTTP/2" 200 9234 "-" "Mozilla/5.0 (compatible; MJ12bot/v1.4.8; http://mj12bot.com/)"
2001:41d0:303:4954::1 - - [14/Jun/2026:11:05:25 +0700] "GET /index.php/img/gallery/img/gallery/img/gallery/img/gallery/sp/sp/sp/gard/sp/admin_gard/student/sp/admin_gard/student/sp/admin_gard/student/sp/sp/admin_gard/student/sp/sp/admin_gard/student/sp/admin_gard/student/sp/sp/admin_gard/student/sp/sp/admin_gard/student/sp/sp/admin_gard/student/sp/sp/sp/admin_gard/student/sp/sp/admin_gard/student/sp/sp/sp/sp/admin_gard/student/sp/sp/sp/sp/sp/sp/sp/admin_gard/student/sp/admin_gard/student/news_details.php?news_id=00000000397 HTTP/2" 200 9234 "-" "Mozilla/5.0 (compatible; MJ12bot/v1.4.8; http://mj12bot.com/)"
2001:41d0:303:4954::1 - - [14/Jun/2026:11:05:27 +0700] "GET /index.php/img/gallery/img/gallery/img/gallery/img/gallery/sp/sp/sp/gard/sp/admin_gard/student/sp/admin_gard/student/sp/admin_gard/student/sp/sp/admin_gard/student/sp/sp/admin_gard/student/sp/admin_gard/student/sp/sp/admin_gard/student/sp/sp/admin_gard/student/sp/sp/admin_gard/student/sp/sp/sp/admin_gard/student/sp/sp/admin_gard/student/sp/sp/sp/sp/admin_gard/student/sp/sp/sp/sp/sp/sp/sp/admin_gard/student/sp/admin_gard/student/news_details.php?news_id=00000000414 HTTP/2" 200 9234 "-" "Mozilla/5.0 (compatible; MJ12bot/v1.4.8; http://mj12bot.com/)"
2001:41d0:303:4954::1 - - [14/Jun/2026:11:05:29 +0700] "GET /index.php/img/gallery/img/gallery/img/gallery/img/gallery/sp/sp/sp/gard/sp/admin_gard/student/sp/admin_gard/student/sp/admin_gard/student/sp/sp/admin_gard/student/sp/sp/admin_gard/student/sp/admin_gard/student/sp/sp/admin_gard/student/sp/sp/admin_gard/student/sp/sp/admin_gard/student/sp/sp/sp/admin_gard/student/sp/sp/admin_gard/student/sp/sp/sp/sp/admin_gard/student/sp/sp/sp/sp/sp/sp/sp/admin_gard/student/sp/admin_gard/student/news_details.php?news_id=00000000430 HTTP/2" 200 9235 "-" "Mozilla/5.0 (compatible; MJ12bot/v1.4.8; http://mj12bot.com/)"
2001:41d0:303:4954::1 - - [14/Jun/2026:11:05:30 +0700] "GET /index.php/img/gallery/img/gallery/img/gallery/img/gallery/sp/sp/sp/gard/sp/admin_gard/student/sp/admin_gard/student/sp/admin_gard/student/sp/sp/admin_gard/student/sp/sp/admin_gard/student/sp/admin_gard/student/sp/sp/admin_gard/student/sp/sp/admin_gard/student/sp/sp/admin_gard/student/sp/sp/sp/admin_gard/student/sp/sp/admin_gard/student/sp/sp/sp/sp/admin_gard/student/sp/sp/sp/sp/sp/sp/sp/admin_gard/student/sp/admin_gard/student/news_details.php?news_id=00000000546 HTTP/2" 200 9190 "-" "Mozilla/5.0 (compatible; MJ12bot/v1.4.8; http://mj12bot.com/)"
2001:41d0:303:4954::1 - - [14/Jun/2026:11:05:32 +0700] "GET /index.php/img/gallery/img/gallery/img/gallery/img/gallery/sp/sp/sp/gard/sp/admin_gard/student/sp/admin_gard/student/sp/admin_gard/student/sp/sp/admin_gard/student/sp/sp/admin_gard/student/sp/admin_gard/student/sp/sp/admin_gard/student/sp/sp/admin_gard/student/sp/sp/admin_gard/student/sp/sp/sp/admin_gard/student/sp/sp/admin_gard/student/sp/sp/sp/sp/admin_gard/student/sp/sp/sp/sp/sp/sp/sp/admin_gard/student/sp/admin_gard/student/news_details.php?news_id=00000000548 HTTP/2" 200 9234 "-" "Mozilla/5.0 (compatible; MJ12bot/v1.4.8; http://mj12bot.com/)"
2001:41d0:303:4954::1 - - [14/Jun/2026:11:05:33 +0700] "GET /index.php/img/gallery/img/gallery/img/gallery/img/gallery/sp/sp/sp/gard/sp/admin_gard/student/sp/admin_gard/student/sp/admin_gard/student/sp/sp/admin_gard/student/sp/sp/admin_gard/student/sp/admin_gard/student/sp/sp/admin_gard/student/sp/sp/admin_gard/student/sp/sp/admin_gard/student/sp/sp/sp/admin_gard/student/sp/sp/admin_gard/student/sp/sp/sp/sp/admin_gard/student/sp/sp/sp/sp/sp/sp/sp/admin_gard/student/sp/admin_gard/student/news_details.php?news_id=00000000549 HTTP/2" 200 9211 "-" "Mozilla/5.0 (compatible; MJ12bot/v1.4.8; http://mj12bot.com/)"
2001:41d0:303:4954::1 - - [14/Jun/2026:11:05:35 +0700] "GET /index.php/img/gallery/img/gallery/img/gallery/img/gallery/sp/sp/sp/gard/sp/admin_gard/student/sp/admin_gard/student/sp/admin_gard/student/sp/sp/admin_gard/student/sp/sp/admin_gard/student/sp/admin_gard/student/sp/sp/admin_gard/student/sp/sp/admin_gard/student/sp/sp/admin_gard/student/sp/sp/sp/admin_gard/student/sp/sp/admin_gard/student/sp/sp/sp/sp/admin_gard/student/sp/sp/sp/sp/sp/sp/sp/admin_gard/student/sp/admin_gard/student/news_details.php?news_id=00000000550 HTTP/2" 200 9234 "-" "Mozilla/5.0 (compatible; MJ12bot/v1.4.8; http://mj12bot.com/)"
2001:41d0:303:4954::1 - - [14/Jun/2026:11:05:37 +0700] "GET /index.php/img/gallery/img/gallery/img/gallery/img/gallery/sp/sp/sp/gard/sp/admin_gard/student/sp/admin_gard/student/sp/admin_gard/student/sp/sp/admin_gard/student/sp/sp/admin_gard/student/sp/admin_gard/student/sp/sp/admin_gard/student/sp/sp/admin_gard/student/sp/sp/admin_gard/student/sp/sp/sp/admin_gard/student/sp/sp/admin_gard/student/sp/sp/sp/sp/admin_gard/student/sp/sp/sp/sp/sp/sp/sp/admin_gard/student/sp/admin_gard/student/news_details.php?news_id=00000000551 HTTP/2" 200 9275 "-" "Mozilla/5.0 (compatible; MJ12bot/v1.4.8; http://mj12bot.com/)"
2001:41d0:303:4954::1 - - [14/Jun/2026:11:05:39 +0700] "GET /index.php/img/gallery/img/gallery/img/gallery/img/gallery/sp/sp/sp/gard/sp/admin_gard/student/sp/admin_gard/student/sp/admin_gard/student/sp/sp/admin_gard/student/sp/sp/admin_gard/student/sp/admin_gard/student/sp/sp/admin_gard/student/sp/sp/admin_gard/student/sp/sp/admin_gard/student/sp/sp/sp/admin_gard/student/sp/sp/admin_gard/student/sp/sp/sp/sp/admin_gard/student/sp/sp/sp/sp/sp/sp/sp/admin_gard/student/sp/admin_gard/student/news_details.php?news_id=00000000552 HTTP/2" 200 9235 "-" "Mozilla/5.0 (compatible; MJ12bot/v1.4.8; http://mj12bot.com/)"
2001:41d0:303:4954::1 - - [14/Jun/2026:11:05:40 +0700] "GET /index.php/img/gallery/img/gallery/img/gallery/img/gallery/sp/sp/sp/gard/sp/admin_gard/student/sp/admin_gard/student/sp/admin_gard/student/sp/sp/admin_gard/student/sp/sp/admin_gard/student/sp/admin_gard/student/sp/sp/admin_gard/student/sp/sp/admin_gard/student/sp/sp/admin_gard/student/sp/sp/sp/admin_gard/student/sp/sp/admin_gard/student/sp/sp/sp/sp/admin_gard/student/sp/sp/sp/sp/sp/sp/sp/admin_gard/student/sp/admin_gard/student/news_details.php?news_id=00000000553 HTTP/2" 200 9234 "-" "Mozilla/5.0 (compatible; MJ12bot/v1.4.8; http://mj12bot.com/)"
2001:41d0:303:4954::1 - - [14/Jun/2026:11:05:42 +0700] "GET /index.php/img/gallery/img/gallery/img/gallery/img/gallery/sp/sp/sp/gard/sp/admin_gard/student/sp/admin_gard/student/sp/admin_gard/student/sp/sp/admin_gard/student/sp/sp/admin_gard/student/sp/admin_gard/student/sp/sp/admin_gard/student/sp/sp/admin_gard/student/sp/sp/admin_gard/student/sp/sp/sp/admin_gard/student/sp/sp/admin_gard/student/sp/sp/sp/sp/admin_gard/student/sp/sp/sp/sp/sp/sp/sp/admin_gard/student/sp/admin_gard/student/news_image.php HTTP/2" 200 9235 "-" "Mozilla/5.0 (compatible; MJ12bot/v1.4.8; http://mj12bot.com/)"
2001:41d0:303:4954::1 - - [14/Jun/2026:11:05:43 +0700] "GET /index.php/img/gallery/img/gallery/img/gallery/img/gallery/sp/sp/sp/gard/sp/admin_gard/student/sp/admin_gard/student/sp/admin_gard/student/sp/sp/admin_gard/student/sp/sp/admin_gard/student/sp/admin_gard/student/sp/sp/admin_gard/student/sp/sp/admin_gard/student/sp/sp/admin_gard/student/sp/sp/sp/admin_gard/student/sp/sp/admin_gard/student/sp/sp/sp/sp/admin_gard/student/sp/sp/sp/sp/sp/sp/sp/admin_gard/student/sp/admin_gard/student/personnel.php HTTP/2" 200 9234 "-" "Mozilla/5.0 (compatible; MJ12bot/v1.4.8; http://mj12bot.com/)"
2001:41d0:303:4954::1 - - [14/Jun/2026:11:05:45 +0700] "GET /index.php/img/gallery/img/gallery/img/gallery/img/gallery/sp/sp/sp/gard/sp/admin_gard/student/sp/admin_gard/student/sp/admin_gard/student/sp/sp/admin_gard/student/sp/sp/admin_gard/student/sp/admin_gard/student/sp/sp/admin_gard/student/sp/sp/admin_gard/student/sp/sp/admin_gard/student/sp/sp/sp/admin_gard/student/sp/sp/admin_gard/student/sp/sp/sp/sp/admin_gard/student/sp/sp/sp/sp/sp/sp/sp/admin_gard/student/sp/admin_gard/student/relations.php HTTP/2" 200 9235 "-" "Mozilla/5.0 (compatible; MJ12bot/v1.4.8; http://mj12bot.com/)"
2001:41d0:303:4954::1 - - [14/Jun/2026:11:05:47 +0700] "GET /index.php/img/gallery/img/gallery/img/gallery/img/gallery/sp/sp/sp/gard/sp/admin_gard/student/sp/admin_gard/student/sp/admin_gard/student/sp/sp/admin_gard/student/sp/sp/admin_gard/student/sp/admin_gard/student/sp/sp/admin_gard/student/sp/sp/admin_gard/student/sp/sp/admin_gard/student/sp/sp/sp/admin_gard/student/sp/sp/admin_gard/student/sp/sp/sp/sp/admin_gard/student/sp/sp/sp/sp/sp/sp/sp/admin_gard/student/sp/admin_gard/student/sp/admin_gard/student/student_login.php HTTP/2" 200 9235 "-" "Mozilla/5.0 (compatible; MJ12bot/v1.4.8; http://mj12bot.com/)"
2001:41d0:303:4954::1 - - [14/Jun/2026:11:05:48 +0700] "GET /index.php/img/gallery/img/gallery/img/gallery/img/gallery/sp/sp/sp/gard/sp/admin_gard/student/sp/admin_gard/student/sp/admin_gard/student/sp/sp/admin_gard/student/sp/sp/admin_gard/student/sp/admin_gard/student/sp/sp/admin_gard/student/sp/sp/admin_gard/student/sp/sp/admin_gard/student/sp/sp/sp/admin_gard/student/sp/sp/admin_gard/student/sp/sp/sp/sp/admin_gard/student/sp/sp/sp/sp/sp/sp/sp/admin_gard/student/sp/admin_gard/student/sp/index.php HTTP/2" 200 9235 "-" "Mozilla/5.0 (compatible; MJ12bot/v1.4.8; http://mj12bot.com/)"
2001:41d0:303:4954::1 - - [14/Jun/2026:11:05:50 +0700] "GET /index.php/img/gallery/img/gallery/img/gallery/img/gallery/sp/sp/sp/gard/sp/admin_gard/student/sp/admin_gard/student/sp/admin_gard/student/sp/sp/admin_gard/student/sp/sp/admin_gard/student/sp/admin_gard/student/sp/sp/admin_gard/student/sp/sp/admin_gard/student/sp/sp/admin_gard/student/sp/sp/sp/admin_gard/student/sp/sp/admin_gard/student/sp/sp/sp/sp/admin_gard/student/sp/sp/sp/sp/sp/sp/sp/admin_gard/student/sp/contact.php HTTP/2" 200 9235 "-" "Mozilla/5.0 (compatible; MJ12bot/v1.4.8; http://mj12bot.com/)"
2001:41d0:303:4954::1 - - [14/Jun/2026:11:05:52 +0700] "GET /index.php/img/gallery/img/gallery/img/gallery/img/gallery/sp/sp/sp/gard/sp/admin_gard/student/sp/admin_gard/student/sp/admin_gard/student/sp/sp/admin_gard/student/sp/sp/admin_gard/student/sp/admin_gard/student/sp/sp/admin_gard/student/sp/sp/admin_gard/student/sp/sp/admin_gard/student/sp/sp/sp/admin_gard/student/sp/sp/admin_gard/student/sp/sp/sp/sp/admin_gard/student/sp/sp/sp/sp/sp/sp/sp/admin_gard/student/sp/news.php HTTP/2" 200 9275 "-" "Mozilla/5.0 (compatible; MJ12bot/v1.4.8; http://mj12bot.com/)"
2001:41d0:303:4954::1 - - [14/Jun/2026:11:05:53 +0700] "GET /index.php/img/gallery/img/gallery/img/gallery/img/gallery/sp/sp/sp/gard/sp/admin_gard/student/sp/admin_gard/student/sp/admin_gard/student/sp/sp/admin_gard/student/sp/sp/admin_gard/student/sp/admin_gard/student/sp/sp/admin_gard/student/sp/sp/admin_gard/student/sp/sp/admin_gard/student/sp/sp/sp/admin_gard/student/sp/sp/admin_gard/student/sp/sp/sp/sp/admin_gard/student/sp/sp/sp/sp/sp/sp/sp/admin_gard/student/sp/news_details.php?news_id=00000000396 HTTP/2" 200 9235 "-" "Mozilla/5.0 (compatible; MJ12bot/v1.4.8; http://mj12bot.com/)"
2001:41d0:303:4954::1 - - [14/Jun/2026:11:05:55 +0700] "GET /index.php/img/gallery/img/gallery/img/gallery/img/gallery/sp/sp/sp/gard/sp/admin_gard/student/sp/admin_gard/student/sp/admin_gard/student/sp/sp/admin_gard/student/sp/sp/admin_gard/student/sp/admin_gard/student/sp/sp/admin_gard/student/sp/sp/admin_gard/student/sp/sp/admin_gard/student/sp/sp/sp/admin_gard/student/sp/sp/admin_gard/student/sp/sp/sp/sp/admin_gard/student/sp/sp/sp/sp/sp/sp/sp/admin_gard/student/sp/news_details.php?news_id=00000000397 HTTP/2" 200 9235 "-" "Mozilla/5.0 (compatible; MJ12bot/v1.4.8; http://mj12bot.com/)"
2001:41d0:303:4954::1 - - [14/Jun/2026:11:05:57 +0700] "GET /index.php/img/gallery/img/gallery/img/gallery/img/gallery/sp/sp/sp/gard/sp/admin_gard/student/sp/admin_gard/student/sp/admin_gard/student/sp/sp/admin_gard/student/sp/sp/admin_gard/student/sp/admin_gard/student/sp/sp/admin_gard/student/sp/sp/admin_gard/student/sp/sp/admin_gard/student/sp/sp/sp/admin_gard/student/sp/sp/admin_gard/student/sp/sp/sp/sp/admin_gard/student/sp/sp/sp/sp/sp/sp/sp/admin_gard/student/sp/news_details.php?news_id=00000000414 HTTP/2" 200 9245 "-" "Mozilla/5.0 (compatible; MJ12bot/v1.4.8; http://mj12bot.com/)"
2001:41d0:303:4954::1 - - [14/Jun/2026:11:05:58 +0700] "GET /index.php/img/gallery/img/gallery/img/gallery/img/gallery/sp/sp/sp/gard/sp/admin_gard/student/sp/admin_gard/student/sp/admin_gard/student/sp/sp/admin_gard/student/sp/sp/admin_gard/student/sp/admin_gard/student/sp/sp/admin_gard/student/sp/sp/admin_gard/student/sp/sp/admin_gard/student/sp/sp/sp/admin_gard/student/sp/sp/admin_gard/student/sp/sp/sp/sp/admin_gard/student/sp/sp/sp/sp/sp/sp/sp/admin_gard/student/sp/news_details.php?news_id=00000000430 HTTP/2" 200 9234 "-" "Mozilla/5.0 (compatible; MJ12bot/v1.4.8; http://mj12bot.com/)"
2001:41d0:303:4954::1 - - [14/Jun/2026:11:06:00 +0700] "GET /index.php/img/gallery/img/gallery/img/gallery/img/gallery/sp/sp/sp/gard/sp/admin_gard/student/sp/admin_gard/student/sp/admin_gard/student/sp/sp/admin_gard/student/sp/sp/admin_gard/student/sp/admin_gard/student/sp/sp/admin_gard/student/sp/sp/admin_gard/student/sp/sp/admin_gard/student/sp/sp/sp/admin_gard/student/sp/sp/admin_gard/student/sp/sp/sp/sp/admin_gard/student/sp/sp/sp/sp/sp/sp/sp/admin_gard/student/sp/news_details.php?news_id=00000000546 HTTP/2" 200 9235 "-" "Mozilla/5.0 (compatible; MJ12bot/v1.4.8; http://mj12bot.com/)"
2001:41d0:303:4954::1 - - [14/Jun/2026:11:06:02 +0700] "GET /index.php/img/gallery/img/gallery/img/gallery/img/gallery/sp/sp/sp/gard/sp/admin_gard/student/sp/admin_gard/student/sp/admin_gard/student/sp/sp/admin_gard/student/sp/sp/admin_gard/student/sp/admin_gard/student/sp/sp/admin_gard/student/sp/sp/admin_gard/student/sp/sp/admin_gard/student/sp/sp/sp/admin_gard/student/sp/sp/admin_gard/student/sp/sp/sp/sp/admin_gard/student/sp/sp/sp/sp/sp/sp/sp/admin_gard/student/sp/news_details.php?news_id=00000000548 HTTP/2" 200 9235 "-" "Mozilla/5.0 (compatible; MJ12bot/v1.4.8; http://mj12bot.com/)"
2001:41d0:303:4954::1 - - [14/Jun/2026:11:06:03 +0700] "GET /index.php/img/gallery/img/gallery/img/gallery/img/gallery/sp/sp/sp/gard/sp/admin_gard/student/sp/admin_gard/student/sp/admin_gard/student/sp/sp/admin_gard/student/sp/sp/admin_gard/student/sp/admin_gard/student/sp/sp/admin_gard/student/sp/sp/admin_gard/student/sp/sp/admin_gard/student/sp/sp/sp/admin_gard/student/sp/sp/admin_gard/student/sp/sp/sp/sp/admin_gard/student/sp/sp/sp/sp/sp/sp/sp/admin_gard/student/sp/news_details.php?news_id=00000000549 HTTP/2" 200 9235 "-" "Mozilla/5.0 (compatible; MJ12bot/v1.4.8; http://mj12bot.com/)"
2001:41d0:303:4954::1 - - [14/Jun/2026:11:06:05 +0700] "GET /index.php/img/gallery/img/gallery/img/gallery/img/gallery/sp/sp/sp/gard/sp/admin_gard/student/sp/admin_gard/student/sp/admin_gard/student/sp/sp/admin_gard/student/sp/sp/admin_gard/student/sp/admin_gard/student/sp/sp/admin_gard/student/sp/sp/admin_gard/student/sp/sp/admin_gard/student/sp/sp/sp/admin_gard/student/sp/sp/admin_gard/student/sp/sp/sp/sp/admin_gard/student/sp/sp/sp/sp/sp/sp/sp/admin_gard/student/sp/news_details.php?news_id=00000000550 HTTP/2" 200 9234 "-" "Mozilla/5.0 (compatible; MJ12bot/v1.4.8; http://mj12bot.com/)"
2001:41d0:303:4954::1 - - [14/Jun/2026:11:06:07 +0700] "GET /index.php/img/gallery/img/gallery/img/gallery/img/gallery/sp/sp/sp/gard/sp/admin_gard/student/sp/admin_gard/student/sp/admin_gard/student/sp/sp/admin_gard/student/sp/sp/admin_gard/student/sp/admin_gard/student/sp/sp/admin_gard/student/sp/sp/admin_gard/student/sp/sp/admin_gard/student/sp/sp/sp/admin_gard/student/sp/sp/admin_gard/student/sp/sp/sp/sp/admin_gard/student/sp/sp/sp/sp/sp/sp/sp/admin_gard/student/sp/news_details.php?news_id=00000000551 HTTP/2" 200 9275 "-" "Mozilla/5.0 (compatible; MJ12bot/v1.4.8; http://mj12bot.com/)"
2001:41d0:303:4954::1 - - [14/Jun/2026:11:06:08 +0700] "GET /index.php/img/gallery/img/gallery/img/gallery/img/gallery/sp/sp/sp/gard/sp/admin_gard/student/sp/admin_gard/student/sp/admin_gard/student/sp/sp/admin_gard/student/sp/sp/admin_gard/student/sp/admin_gard/student/sp/sp/admin_gard/student/sp/sp/admin_gard/student/sp/sp/admin_gard/student/sp/sp/sp/admin_gard/student/sp/sp/admin_gard/student/sp/sp/sp/sp/admin_gard/student/sp/sp/sp/sp/sp/sp/sp/admin_gard/student/sp/news_details.php?news_id=00000000552 HTTP/2" 200 9235 "-" "Mozilla/5.0 (compatible; MJ12bot/v1.4.8; http://mj12bot.com/)"
2001:41d0:303:4954::1 - - [14/Jun/2026:11:06:10 +0700] "GET /index.php/img/gallery/img/gallery/img/gallery/img/gallery/sp/sp/sp/gard/sp/admin_gard/student/sp/admin_gard/student/sp/admin_gard/student/sp/sp/admin_gard/student/sp/sp/admin_gard/student/sp/admin_gard/student/sp/sp/admin_gard/student/sp/sp/admin_gard/student/sp/sp/admin_gard/student/sp/sp/sp/admin_gard/student/sp/sp/admin_gard/student/sp/sp/sp/sp/admin_gard/student/sp/sp/sp/sp/sp/sp/sp/admin_gard/student/sp/news_details.php?news_id=00000000553 HTTP/2" 200 9234 "-" "Mozilla/5.0 (compatible; MJ12bot/v1.4.8; http://mj12bot.com/)"
2001:41d0:303:4954::1 - - [14/Jun/2026:11:06:12 +0700] "GET /index.php/img/gallery/img/gallery/img/gallery/img/gallery/sp/sp/sp/gard/sp/admin_gard/student/sp/admin_gard/student/sp/admin_gard/student/sp/sp/admin_gard/student/sp/sp/admin_gard/student/sp/admin_gard/student/sp/sp/admin_gard/student/sp/sp/admin_gard/student/sp/sp/admin_gard/student/sp/sp/sp/admin_gard/student/sp/sp/admin_gard/student/sp/sp/sp/sp/admin_gard/student/sp/sp/sp/sp/sp/sp/sp/admin_gard/student/sp/news_image.php HTTP/2" 200 9235 "-" "Mozilla/5.0 (compatible; MJ12bot/v1.4.8; http://mj12bot.com/)"
2001:41d0:303:4954::1 - - [14/Jun/2026:11:06:13 +0700] "GET /index.php/img/gallery/img/gallery/img/gallery/img/gallery/sp/sp/sp/gard/sp/admin_gard/student/sp/admin_gard/student/sp/admin_gard/student/sp/sp/admin_gard/student/sp/sp/admin_gard/student/sp/admin_gard/student/sp/sp/admin_gard/student/sp/sp/admin_gard/student/sp/sp/admin_gard/student/sp/sp/sp/admin_gard/student/sp/sp/admin_gard/student/sp/sp/sp/sp/admin_gard/student/sp/sp/sp/sp/sp/sp/sp/admin_gard/student/sp/personnel.php HTTP/2" 200 9297 "-" "Mozilla/5.0 (compatible; MJ12bot/v1.4.8; http://mj12bot.com/)"
2001:41d0:303:4954::1 - - [14/Jun/2026:11:06:15 +0700] "GET /index.php/img/gallery/img/gallery/img/gallery/img/gallery/sp/sp/sp/gard/sp/admin_gard/student/sp/admin_gard/student/sp/admin_gard/student/sp/sp/admin_gard/student/sp/sp/admin_gard/student/sp/admin_gard/student/sp/sp/admin_gard/student/sp/sp/admin_gard/student/sp/sp/admin_gard/student/sp/sp/sp/admin_gard/student/sp/sp/admin_gard/student/sp/sp/sp/sp/admin_gard/student/sp/sp/sp/sp/sp/sp/sp/admin_gard/student/sp/relations.php HTTP/2" 200 9235 "-" "Mozilla/5.0 (compatible; MJ12bot/v1.4.8; http://mj12bot.com/)"
2001:41d0:303:4954::1 - - [14/Jun/2026:11:06:16 +0700] "GET /index.php/img/gallery/img/gallery/img/gallery/img/gallery/sp/sp/sp/gard/sp/admin_gard/student/sp/admin_gard/student/sp/admin_gard/student/sp/sp/admin_gard/student/sp/sp/admin_gard/student/sp/admin_gard/student/sp/sp/admin_gard/student/sp/sp/admin_gard/student/sp/sp/admin_gard/student/sp/sp/sp/admin_gard/student/sp/sp/admin_gard/student/sp/sp/sp/sp/admin_gard/student/sp/sp/sp/sp/sp/sp/sp/admin_gard/student/sp/sp/about.php HTTP/2" 200 9235 "-" "Mozilla/5.0 (compatible; MJ12bot/v1.4.8; http://mj12bot.com/)"
2001:41d0:303:4954::1 - - [14/Jun/2026:11:06:18 +0700] "GET /index.php/img/gallery/img/gallery/img/gallery/img/gallery/sp/sp/sp/gard/sp/admin_gard/student/sp/admin_gard/student/sp/admin_gard/student/sp/sp/admin_gard/student/sp/sp/admin_gard/student/sp/admin_gard/student/sp/sp/admin_gard/student/sp/sp/admin_gard/student/sp/sp/admin_gard/student/sp/sp/sp/admin_gard/student/sp/sp/admin_gard/student/sp/sp/sp/sp/admin_gard/student/sp/sp/sp/sp/sp/sp/sp/admin_gard/student/sp/sp/admin_gard/student/about.php HTTP/2" 200 9234 "-" "Mozilla/5.0 (compatible; MJ12bot/v1.4.8; http://mj12bot.com/)"
2001:41d0:303:4954::1 - - [14/Jun/2026:11:06:20 +0700] "GET /index.php/img/gallery/img/gallery/img/gallery/img/gallery/sp/sp/sp/gard/sp/admin_gard/student/sp/admin_gard/student/sp/admin_gard/student/sp/sp/admin_gard/student/sp/sp/admin_gard/student/sp/admin_gard/student/sp/sp/admin_gard/student/sp/sp/admin_gard/student/sp/sp/admin_gard/student/sp/sp/sp/admin_gard/student/sp/sp/admin_gard/student/sp/sp/sp/sp/admin_gard/student/sp/sp/sp/sp/sp/sp/sp/admin_gard/student/sp/sp/admin_gard/student/contact.php HTTP/2" 200 9234 "-" "Mozilla/5.0 (compatible; MJ12bot/v1.4.8; http://mj12bot.com/)"
2001:41d0:303:4954::1 - - [14/Jun/2026:11:06:22 +0700] "GET /index.php/img/gallery/img/gallery/img/gallery/img/gallery/sp/sp/sp/gard/sp/admin_gard/student/sp/admin_gard/student/sp/admin_gard/student/sp/sp/admin_gard/student/sp/sp/admin_gard/student/sp/admin_gard/student/sp/sp/admin_gard/student/sp/sp/admin_gard/student/sp/sp/admin_gard/student/sp/sp/sp/admin_gard/student/sp/sp/admin_gard/student/sp/sp/sp/sp/admin_gard/student/sp/sp/sp/sp/sp/sp/sp/admin_gard/student/sp/sp/admin_gard/student/index.php HTTP/2" 200 9235 "-" "Mozilla/5.0 (compatible; MJ12bot/v1.4.8; http://mj12bot.com/)"
2001:41d0:303:4954::1 - - [14/Jun/2026:11:06:23 +0700] "GET /index.php/img/gallery/img/gallery/img/gallery/img/gallery/sp/sp/sp/gard/sp/admin_gard/student/sp/admin_gard/student/sp/admin_gard/student/sp/sp/admin_gard/student/sp/sp/admin_gard/student/sp/admin_gard/student/sp/sp/admin_gard/student/sp/sp/admin_gard/student/sp/sp/admin_gard/student/sp/sp/sp/admin_gard/student/sp/sp/admin_gard/student/sp/sp/sp/sp/admin_gard/student/sp/sp/sp/sp/sp/sp/sp/admin_gard/student/sp/sp/admin_gard/student/news.php HTTP/2" 200 9234 "-" "Mozilla/5.0 (compatible; MJ12bot/v1.4.8; http://mj12bot.com/)"
2001:41d0:303:4954::1 - - [14/Jun/2026:11:06:25 +0700] "GET /index.php/img/gallery/img/gallery/img/gallery/img/gallery/sp/sp/sp/gard/sp/admin_gard/student/sp/admin_gard/student/sp/admin_gard/student/sp/sp/admin_gard/student/sp/sp/admin_gard/student/sp/admin_gard/student/sp/sp/admin_gard/student/sp/sp/admin_gard/student/sp/sp/admin_gard/student/sp/sp/sp/admin_gard/student/sp/sp/admin_gard/student/sp/sp/sp/sp/admin_gard/student/sp/sp/sp/sp/sp/sp/sp/admin_gard/student/sp/sp/admin_gard/student/news_details.php?news_id=00000000396 HTTP/2" 200 9213 "-" "Mozilla/5.0 (compatible; MJ12bot/v1.4.8; http://mj12bot.com/)"
2001:41d0:303:4954::1 - - [14/Jun/2026:11:06:26 +0700] "GET /index.php/img/gallery/img/gallery/img/gallery/img/gallery/sp/sp/sp/gard/sp/admin_gard/student/sp/admin_gard/student/sp/admin_gard/student/sp/sp/admin_gard/student/sp/sp/admin_gard/student/sp/admin_gard/student/sp/sp/admin_gard/student/sp/sp/admin_gard/student/sp/sp/admin_gard/student/sp/sp/sp/admin_gard/student/sp/sp/admin_gard/student/sp/sp/sp/sp/admin_gard/student/sp/sp/sp/sp/sp/sp/sp/admin_gard/student/sp/sp/admin_gard/student/news_details.php?news_id=00000000397 HTTP/2" 200 9275 "-" "Mozilla/5.0 (compatible; MJ12bot/v1.4.8; http://mj12bot.com/)"
2001:41d0:303:4954::1 - - [14/Jun/2026:11:06:28 +0700] "GET /index.php/img/gallery/img/gallery/img/gallery/img/gallery/sp/sp/sp/gard/sp/admin_gard/student/sp/admin_gard/student/sp/admin_gard/student/sp/sp/admin_gard/student/sp/sp/admin_gard/student/sp/admin_gard/student/sp/sp/admin_gard/student/sp/sp/admin_gard/student/sp/sp/admin_gard/student/sp/sp/sp/admin_gard/student/sp/sp/admin_gard/student/sp/sp/sp/sp/admin_gard/student/sp/sp/sp/sp/sp/sp/sp/admin_gard/student/sp/sp/admin_gard/student/news_details.php?news_id=00000000414 HTTP/2" 200 9275 "-" "Mozilla/5.0 (compatible; MJ12bot/v1.4.8; http://mj12bot.com/)"
17.241.75.253 - - [14/Jun/2026:11:06:29 +0700] "GET /css/style2.css HTTP/2" 404 26 "https://ccp.ac.th/news_details.php?news_id=00000000564" "Mozilla/5.0 (Macintosh; Intel Mac OS X 10_15_7) AppleWebKit/605.1.15 (KHTML, like Gecko) Version/17.4 Safari/605.1.15 (Applebot/0.1; +http://www.apple.com/go/applebot)"
17.241.75.57 - - [14/Jun/2026:11:06:30 +0700] "GET /js/main.js HTTP/2" 200 881 "https://ccp.ac.th/news_details.php?news_id=00000000564" "Mozilla/5.0 (Macintosh; Intel Mac OS X 10_15_7) AppleWebKit/605.1.15 (KHTML, like Gecko) Version/17.4 Safari/605.1.15 (Applebot/0.1; +http://www.apple.com/go/applebot)"
17.241.75.253 - - [14/Jun/2026:11:06:30 +0700] "GET /js/jquery-3.2.1.min.js HTTP/2" 200 29485 "https://ccp.ac.th/news_details.php?news_id=00000000564" "Mozilla/5.0 (Macintosh; Intel Mac OS X 10_15_7) AppleWebKit/605.1.15 (KHTML, like Gecko) Version/17.4 Safari/605.1.15 (Applebot/0.1; +http://www.apple.com/go/applebot)"
2001:41d0:303:4954::1 - - [14/Jun/2026:11:06:30 +0700] "GET /index.php/img/gallery/img/gallery/img/gallery/img/gallery/sp/sp/sp/gard/sp/admin_gard/student/sp/admin_gard/student/sp/admin_gard/student/sp/sp/admin_gard/student/sp/sp/admin_gard/student/sp/admin_gard/student/sp/sp/admin_gard/student/sp/sp/admin_gard/student/sp/sp/admin_gard/student/sp/sp/sp/admin_gard/student/sp/sp/admin_gard/student/sp/sp/sp/sp/admin_gard/student/sp/sp/sp/sp/sp/sp/sp/admin_gard/student/sp/sp/admin_gard/student/news_details.php?news_id=00000000430 HTTP/2" 200 9376 "-" "Mozilla/5.0 (compatible; MJ12bot/v1.4.8; http://mj12bot.com/)"
2001:41d0:303:4954::1 - - [14/Jun/2026:11:06:31 +0700] "GET /index.php/img/gallery/img/gallery/img/gallery/img/gallery/sp/sp/sp/gard/sp/admin_gard/student/sp/admin_gard/student/sp/admin_gard/student/sp/sp/admin_gard/student/sp/sp/admin_gard/student/sp/admin_gard/student/sp/sp/admin_gard/student/sp/sp/admin_gard/student/sp/sp/admin_gard/student/sp/sp/sp/admin_gard/student/sp/sp/admin_gard/student/sp/sp/sp/sp/admin_gard/student/sp/sp/sp/sp/sp/sp/sp/admin_gard/student/sp/sp/admin_gard/student/news_details.php?news_id=00000000546 HTTP/2" 200 9245 "-" "Mozilla/5.0 (compatible; MJ12bot/v1.4.8; http://mj12bot.com/)"
17.241.75.253 - - [14/Jun/2026:11:06:32 +0700] "GET /js/jquery.countdown.js HTTP/2" 200 2712 "https://ccp.ac.th/news_details.php?news_id=00000000564" "Mozilla/5.0 (Macintosh; Intel Mac OS X 10_15_7) AppleWebKit/605.1.15 (KHTML, like Gecko) Version/17.4 Safari/605.1.15 (Applebot/0.1; +http://www.apple.com/go/applebot)"
17.241.75.253 - - [14/Jun/2026:11:06:33 +0700] "GET /js/owl.carousel.min.js HTTP/2" 200 10649 "https://ccp.ac.th/news_details.php?news_id=00000000564" "Mozilla/5.0 (Macintosh; Intel Mac OS X 10_15_7) AppleWebKit/605.1.15 (KHTML, like Gecko) Version/17.4 Safari/605.1.15 (Applebot/0.1; +http://www.apple.com/go/applebot)"
2001:41d0:303:4954::1 - - [14/Jun/2026:11:06:33 +0700] "GET /index.php/img/gallery/img/gallery/img/gallery/img/gallery/sp/sp/sp/gard/sp/admin_gard/student/sp/admin_gard/student/sp/admin_gard/student/sp/sp/admin_gard/student/sp/sp/admin_gard/student/sp/admin_gard/student/sp/sp/admin_gard/student/sp/sp/admin_gard/student/sp/sp/admin_gard/student/sp/sp/sp/admin_gard/student/sp/sp/admin_gard/student/sp/sp/sp/sp/admin_gard/student/sp/sp/sp/sp/sp/sp/sp/admin_gard/student/sp/sp/admin_gard/student/news_details.php?news_id=00000000548 HTTP/2" 200 9235 "-" "Mozilla/5.0 (compatible; MJ12bot/v1.4.8; http://mj12bot.com/)"
2001:41d0:303:4954::1 - - [14/Jun/2026:11:06:35 +0700] "GET /index.php/img/gallery/img/gallery/img/gallery/img/gallery/sp/sp/sp/gard/sp/admin_gard/student/sp/admin_gard/student/sp/admin_gard/student/sp/sp/admin_gard/student/sp/sp/admin_gard/student/sp/admin_gard/student/sp/sp/admin_gard/student/sp/sp/admin_gard/student/sp/sp/admin_gard/student/sp/sp/sp/admin_gard/student/sp/sp/admin_gard/student/sp/sp/sp/sp/admin_gard/student/sp/sp/sp/sp/sp/sp/sp/admin_gard/student/sp/sp/admin_gard/student/news_details.php?news_id=00000000549 HTTP/2" 200 9234 "-" "Mozilla/5.0 (compatible; MJ12bot/v1.4.8; http://mj12bot.com/)"
17.241.75.253 - - [14/Jun/2026:11:06:35 +0700] "GET /js/magnific-popup.min.js HTTP/2" 200 7043 "https://ccp.ac.th/news_details.php?news_id=00000000564" "Mozilla/5.0 (Macintosh; Intel Mac OS X 10_15_7) AppleWebKit/605.1.15 (KHTML, like Gecko) Version/17.4 Safari/605.1.15 (Applebot/0.1; +http://www.apple.com/go/applebot)"
17.241.75.253 - - [14/Jun/2026:11:06:36 +0700] "GET /js/masonry.pkgd.min.js HTTP/2" 200 7124 "https://ccp.ac.th/news_details.php?news_id=00000000564" "Mozilla/5.0 (Macintosh; Intel Mac OS X 10_15_7) AppleWebKit/605.1.15 (KHTML, like Gecko) Version/17.4 Safari/605.1.15 (Applebot/0.1; +http://www.apple.com/go/applebot)"
2001:41d0:303:4954::1 - - [14/Jun/2026:11:06:36 +0700] "GET /index.php/img/gallery/img/gallery/img/gallery/img/gallery/sp/sp/sp/gard/sp/admin_gard/student/sp/admin_gard/student/sp/admin_gard/student/sp/sp/admin_gard/student/sp/sp/admin_gard/student/sp/admin_gard/student/sp/sp/admin_gard/student/sp/sp/admin_gard/student/sp/sp/admin_gard/student/sp/sp/sp/admin_gard/student/sp/sp/admin_gard/student/sp/sp/sp/sp/admin_gard/student/sp/sp/sp/sp/sp/sp/sp/admin_gard/student/sp/sp/admin_gard/student/news_details.php?news_id=00000000550 HTTP/2" 200 9275 "-" "Mozilla/5.0 (compatible; MJ12bot/v1.4.8; http://mj12bot.com/)"
17.241.75.253 - - [14/Jun/2026:11:06:38 +0700] "GET /js/header.js HTTP/2" 404 26 "https://ccp.ac.th/news_details.php?news_id=00000000564" "Mozilla/5.0 (Macintosh; Intel Mac OS X 10_15_7) AppleWebKit/605.1.15 (KHTML, like Gecko) Version/17.4 Safari/605.1.15 (Applebot/0.1; +http://www.apple.com/go/applebot)"
2001:41d0:303:4954::1 - - [14/Jun/2026:11:06:38 +0700] "GET /index.php/img/gallery/img/gallery/img/gallery/img/gallery/sp/sp/sp/gard/sp/admin_gard/student/sp/admin_gard/student/sp/admin_gard/student/sp/sp/admin_gard/student/sp/sp/admin_gard/student/sp/admin_gard/student/sp/sp/admin_gard/student/sp/sp/admin_gard/student/sp/sp/admin_gard/student/sp/sp/sp/admin_gard/student/sp/sp/admin_gard/student/sp/sp/sp/sp/admin_gard/student/sp/sp/sp/sp/sp/sp/sp/admin_gard/student/sp/sp/admin_gard/student/news_details.php?news_id=00000000551 HTTP/2" 200 9235 "-" "Mozilla/5.0 (compatible; MJ12bot/v1.4.8; http://mj12bot.com/)"
17.241.75.253 - - [14/Jun/2026:11:06:39 +0700] "GET /js/bootstrap.min.js HTTP/2" 200 14764 "https://ccp.ac.th/news_details.php?news_id=00000000564" "Mozilla/5.0 (Macintosh; Intel Mac OS X 10_15_7) AppleWebKit/605.1.15 (KHTML, like Gecko) Version/17.4 Safari/605.1.15 (Applebot/0.1; +http://www.apple.com/go/applebot)"
2001:41d0:303:4954::1 - - [14/Jun/2026:11:06:40 +0700] "GET /index.php/img/gallery/img/gallery/img/gallery/img/gallery/sp/sp/sp/gard/sp/admin_gard/student/sp/admin_gard/student/sp/admin_gard/student/sp/sp/admin_gard/student/sp/sp/admin_gard/student/sp/admin_gard/student/sp/sp/admin_gard/student/sp/sp/admin_gard/student/sp/sp/admin_gard/student/sp/sp/sp/admin_gard/student/sp/sp/admin_gard/student/sp/sp/sp/sp/admin_gard/student/sp/sp/sp/sp/sp/sp/sp/admin_gard/student/sp/sp/admin_gard/student/news_details.php?news_id=00000000552 HTTP/2" 200 9275 "-" "Mozilla/5.0 (compatible; MJ12bot/v1.4.8; http://mj12bot.com/)"
2001:41d0:303:4954::1 - - [14/Jun/2026:11:06:41 +0700] "GET /index.php/img/gallery/img/gallery/img/gallery/img/gallery/sp/sp/sp/gard/sp/admin_gard/student/sp/admin_gard/student/sp/admin_gard/student/sp/sp/admin_gard/student/sp/sp/admin_gard/student/sp/admin_gard/student/sp/sp/admin_gard/student/sp/sp/admin_gard/student/sp/sp/admin_gard/student/sp/sp/sp/admin_gard/student/sp/sp/admin_gard/student/sp/sp/sp/sp/admin_gard/student/sp/sp/sp/sp/sp/sp/sp/admin_gard/student/sp/sp/admin_gard/student/news_details.php?news_id=00000000553 HTTP/2" 200 9235 "-" "Mozilla/5.0 (compatible; MJ12bot/v1.4.8; http://mj12bot.com/)"
17.241.75.253 - - [14/Jun/2026:11:06:41 +0700] "GET /js/popper.min.js HTTP/2" 200 7174 "https://ccp.ac.th/news_details.php?news_id=00000000564" "Mozilla/5.0 (Macintosh; Intel Mac OS X 10_15_7) AppleWebKit/605.1.15 (KHTML, like Gecko) Version/17.4 Safari/605.1.15 (Applebot/0.1; +http://www.apple.com/go/applebot)"
2001:41d0:303:4954::1 - - [14/Jun/2026:11:06:43 +0700] "GET /index.php/img/gallery/img/gallery/img/gallery/img/gallery/sp/sp/sp/gard/sp/admin_gard/student/sp/admin_gard/student/sp/admin_gard/student/sp/sp/admin_gard/student/sp/sp/admin_gard/student/sp/admin_gard/student/sp/sp/admin_gard/student/sp/sp/admin_gard/student/sp/sp/admin_gard/student/sp/sp/sp/admin_gard/student/sp/sp/admin_gard/student/sp/sp/sp/sp/admin_gard/student/sp/sp/sp/sp/sp/sp/sp/admin_gard/student/sp/sp/admin_gard/student/news_image.php HTTP/2" 200 9235 "-" "Mozilla/5.0 (compatible; MJ12bot/v1.4.8; http://mj12bot.com/)"
2001:41d0:303:4954::1 - - [14/Jun/2026:11:06:45 +0700] "GET /index.php/img/gallery/img/gallery/img/gallery/img/gallery/sp/sp/sp/gard/sp/admin_gard/student/sp/admin_gard/student/sp/admin_gard/student/sp/sp/admin_gard/student/sp/sp/admin_gard/student/sp/admin_gard/student/sp/sp/admin_gard/student/sp/sp/admin_gard/student/sp/sp/admin_gard/student/sp/sp/sp/admin_gard/student/sp/sp/admin_gard/student/sp/sp/sp/sp/admin_gard/student/sp/sp/sp/sp/sp/sp/sp/admin_gard/student/sp/sp/admin_gard/student/personnel.php HTTP/2" 200 9206 "-" "Mozilla/5.0 (compatible; MJ12bot/v1.4.8; http://mj12bot.com/)"
2001:41d0:303:4954::1 - - [14/Jun/2026:11:06:46 +0700] "GET /index.php/img/gallery/img/gallery/img/gallery/img/gallery/sp/sp/sp/gard/sp/admin_gard/student/sp/admin_gard/student/sp/admin_gard/student/sp/sp/admin_gard/student/sp/sp/admin_gard/student/sp/admin_gard/student/sp/sp/admin_gard/student/sp/sp/admin_gard/student/sp/sp/admin_gard/student/sp/sp/sp/admin_gard/student/sp/sp/admin_gard/student/sp/sp/sp/sp/admin_gard/student/sp/sp/sp/sp/sp/sp/sp/admin_gard/student/sp/sp/admin_gard/student/relations.php HTTP/2" 200 9235 "-" "Mozilla/5.0 (compatible; MJ12bot/v1.4.8; http://mj12bot.com/)"
2a03:2880:f800:24:: - - [14/Jun/2026:11:09:23 +0700] "GET /news_details.php?news_id=00000000186 HTTP/2" 200 4621 "-" "meta-externalagent/1.1 (+https://developers.facebook.com/docs/sharing/webmasters/crawler)"
2a03:2880:f800:9:: - - [14/Jun/2026:11:09:25 +0700] "GET /css/style2.css HTTP/2" 404 26 "https://www.ccp.ac.th/news_details.php?news_id=00000000186" "meta-externalagent/1.1 (+https://developers.facebook.com/docs/sharing/webmasters/crawler)"
2a03:2880:f800:44:: - - [14/Jun/2026:11:09:26 +0700] "GET /js/jquery.countdown.js HTTP/2" 304 0 "https://www.ccp.ac.th/news_details.php?news_id=00000000186" "meta-externalagent/1.1 (+https://developers.facebook.com/docs/sharing/webmasters/crawler)"
2a03:2880:f800:3c:: - - [14/Jun/2026:11:09:26 +0700] "GET /js/jquery-3.2.1.min.js HTTP/2" 304 0 "https://www.ccp.ac.th/news_details.php?news_id=00000000186" "meta-externalagent/1.1 (+https://developers.facebook.com/docs/sharing/webmasters/crawler)"
2a03:2880:f800:38:: - - [14/Jun/2026:11:09:26 +0700] "GET /js/masonry.pkgd.min.js HTTP/2" 304 0 "https://www.ccp.ac.th/news_details.php?news_id=00000000186" "meta-externalagent/1.1 (+https://developers.facebook.com/docs/sharing/webmasters/crawler)"
2a03:2880:f800:a:: - - [14/Jun/2026:11:09:26 +0700] "GET /admin/upload/images/%E0%B8%9B%E0%B8%B5%E0%B8%81%E0%B8%B2%E0%B8%A3%E0%B8%A8%E0%B8%B6%E0%B8%81%E0%B8%A9%E0%B8%B2%20%E0%B9%92%E0%B9%95%E0%B9%96%E0%B9%93/%E0%B8%A3%E0%B8%B1%E0%B8%9A%20%E0%B8%9C%E0%B8%AD.%20%E0%B8%81%E0%B8%AD%E0%B8%87%E0%B8%84%E0%B8%99%E0%B9%83%E0%B8%AB%E0%B8%A1%E0%B9%88/c934190e8fae84c455aff4326571dd0ca_4620693218538857435_%E0%B9%92%E0%B9%90%E0%B9%90%E0%B9%97%E0%B9%91%E0%B9%94_16.jpg HTTP/2" 200 1517199 "https://www.ccp.ac.th/news_details.php?news_id=00000000186" "meta-externalagent/1.1 (+https://developers.facebook.com/docs/sharing/webmasters/crawler)"
2a03:2880:f800:31:: - - [14/Jun/2026:11:09:26 +0700] "GET /admin/upload/images/%E0%B8%9B%E0%B8%B5%E0%B8%81%E0%B8%B2%E0%B8%A3%E0%B8%A8%E0%B8%B6%E0%B8%81%E0%B8%A9%E0%B8%B2%20%E0%B9%92%E0%B9%95%E0%B9%96%E0%B9%93/%E0%B8%A3%E0%B8%B1%E0%B8%9A%20%E0%B8%9C%E0%B8%AD.%20%E0%B8%81%E0%B8%AD%E0%B8%87%E0%B8%84%E0%B8%99%E0%B9%83%E0%B8%AB%E0%B8%A1%E0%B9%88/c934190e8fae84c455aff4326571dd0ca_4620693218538857435_%E0%B9%92%E0%B9%90%E0%B9%90%E0%B9%97%E0%B9%91%E0%B9%94_6.jpg HTTP/2" 200 1346054 "https://www.ccp.ac.th/news_details.php?news_id=00000000186" "meta-externalagent/1.1 (+https://developers.facebook.com/docs/sharing/webmasters/crawler)"
2a03:2880:f800:27:: - - [14/Jun/2026:11:09:26 +0700] "GET /admin/upload/images/%E0%B8%9B%E0%B8%B5%E0%B8%81%E0%B8%B2%E0%B8%A3%E0%B8%A8%E0%B8%B6%E0%B8%81%E0%B8%A9%E0%B8%B2%20%E0%B9%92%E0%B9%95%E0%B9%96%E0%B9%93/%E0%B8%A3%E0%B8%B1%E0%B8%9A%20%E0%B8%9C%E0%B8%AD.%20%E0%B8%81%E0%B8%AD%E0%B8%87%E0%B8%84%E0%B8%99%E0%B9%83%E0%B8%AB%E0%B8%A1%E0%B9%88/c934190e8fae84c455aff4326571dd0ca_4620693218538857435_%E0%B9%92%E0%B9%90%E0%B9%90%E0%B9%97%E0%B9%91%E0%B9%94_17.jpg HTTP/2" 200 1394392 "https://www.ccp.ac.th/news_details.php?news_id=00000000186" "meta-externalagent/1.1 (+https://developers.facebook.com/docs/sharing/webmasters/crawler)"
2a03:2880:f800:2d:: - - [14/Jun/2026:11:09:25 +0700] "GET /admin/upload/images/%E0%B8%9B%E0%B8%B5%E0%B8%81%E0%B8%B2%E0%B8%A3%E0%B8%A8%E0%B8%B6%E0%B8%81%E0%B8%A9%E0%B8%B2%20%E0%B9%92%E0%B9%95%E0%B9%96%E0%B9%93/%E0%B8%A3%E0%B8%B1%E0%B8%9A%20%E0%B8%9C%E0%B8%AD.%20%E0%B8%81%E0%B8%AD%E0%B8%87%E0%B8%84%E0%B8%99%E0%B9%83%E0%B8%AB%E0%B8%A1%E0%B9%88/c934190e8fae84c455aff4326571dd0ca_4620693218538857435_%E0%B9%92%E0%B9%90%E0%B9%90%E0%B9%97%E0%B9%91%E0%B9%94_9.jpg HTTP/2" 200 1414118 "https://www.ccp.ac.th/news_details.php?news_id=00000000186" "meta-externalagent/1.1 (+https://developers.facebook.com/docs/sharing/webmasters/crawler)"
2a03:2880:f800:37:: - - [14/Jun/2026:11:09:28 +0700] "GET /js/magnific-popup.min.js HTTP/2" 304 0 "https://www.ccp.ac.th/news_details.php?news_id=00000000186" "meta-externalagent/1.1 (+https://developers.facebook.com/docs/sharing/webmasters/crawler)"
