1.46.146.63 - - [16/May/2026:09:38:43 +0700] "GET /sp/admin_gard/assets/js/jquery.bootstrap-wizard.js HTTP/2" 200 2260 "https://www.ccp.ac.th/sp/admin_gard/student/student_login.php" "Mozilla/5.0 (Linux; Android 11; SAMSUNG SM-A305F) AppleWebKit/537.36 (KHTML, like Gecko) SamsungBrowser/23.0 Chrome/115.0.0.0 Mobile Safari/537.36"
1.46.146.63 - - [16/May/2026:09:38:43 +0700] "GET /sp/admin_gard/assets/js/material.min.js HTTP/2" 200 2373 "https://www.ccp.ac.th/sp/admin_gard/student/student_login.php" "Mozilla/5.0 (Linux; Android 11; SAMSUNG SM-A305F) AppleWebKit/537.36 (KHTML, like Gecko) SamsungBrowser/23.0 Chrome/115.0.0.0 Mobile Safari/537.36"
1.46.146.63 - - [16/May/2026:09:38:43 +0700] "GET /sp/admin_gard/assets/js/chartist.min.js HTTP/2" 200 10704 "https://www.ccp.ac.th/sp/admin_gard/student/student_login.php" "Mozilla/5.0 (Linux; Android 11; SAMSUNG SM-A305F) AppleWebKit/537.36 (KHTML, like Gecko) SamsungBrowser/23.0 Chrome/115.0.0.0 Mobile Safari/537.36"
2a02:c207:3018:3702::1 - - [16/May/2026:09:38:43 +0700] "GET /index.php/img/gallery/img/gallery/img/gallery/img/gallery/sp/sp/sp/gard/sp/admin_gard/student/sp/admin_gard/student/sp/admin_gard/student/sp/sp/admin_gard/student/sp/sp/admin_gard/student/sp/admin_gard/student/sp/sp/admin_gard/student/sp/sp/admin_gard/student/sp/sp/admin_gard/student/sp/sp/admin_gard/student/sp/sp/sp/admin_gard/student/sp/sp/sp/sp/admin_gard/student/sp/admin_gard/student/sp/admin_gard/student/sp/admin_gard/student/sp/admin_gard/student/sp/sp/sp/sp/contact.php HTTP/2" 200 9248 "-" "Mozilla/5.0 (compatible; MJ12bot/v1.4.8; http://mj12bot.com/)"
1.46.146.63 - - [16/May/2026:09:38:43 +0700] "GET /sp/admin_gard/assets/js/moment.min.js HTTP/2" 200 19733 "https://www.ccp.ac.th/sp/admin_gard/student/student_login.php" "Mozilla/5.0 (Linux; Android 11; SAMSUNG SM-A305F) AppleWebKit/537.36 (KHTML, like Gecko) SamsungBrowser/23.0 Chrome/115.0.0.0 Mobile Safari/537.36"
1.46.146.63 - - [16/May/2026:09:38:44 +0700] "GET /sp/admin_gard/assets/js/jquery-jvectormap.js HTTP/2" 200 73268 "https://www.ccp.ac.th/sp/admin_gard/student/student_login.php" "Mozilla/5.0 (Linux; Android 11; SAMSUNG SM-A305F) AppleWebKit/537.36 (KHTML, like Gecko) SamsungBrowser/23.0 Chrome/115.0.0.0 Mobile Safari/537.36"
1.46.146.63 - - [16/May/2026:09:38:44 +0700] "GET /sp/admin_gard/assets/js/nouislider.min.js HTTP/2" 200 4860 "https://www.ccp.ac.th/sp/admin_gard/student/student_login.php" "Mozilla/5.0 (Linux; Android 11; SAMSUNG SM-A305F) AppleWebKit/537.36 (KHTML, like Gecko) SamsungBrowser/23.0 Chrome/115.0.0.0 Mobile Safari/537.36"
1.46.146.63 - - [16/May/2026:09:38:44 +0700] "GET /sp/admin_gard/assets/js/bootstrap-notify.js HTTP/2" 200 3746 "https://www.ccp.ac.th/sp/admin_gard/student/student_login.php" "Mozilla/5.0 (Linux; Android 11; SAMSUNG SM-A305F) AppleWebKit/537.36 (KHTML, like Gecko) SamsungBrowser/23.0 Chrome/115.0.0.0 Mobile Safari/537.36"
1.46.146.63 - - [16/May/2026:09:38:44 +0700] "GET /sp/admin_gard/assets/js/jquery.sharrre.js HTTP/2" 200 5799 "https://www.ccp.ac.th/sp/admin_gard/student/student_login.php" "Mozilla/5.0 (Linux; Android 11; SAMSUNG SM-A305F) AppleWebKit/537.36 (KHTML, like Gecko) SamsungBrowser/23.0 Chrome/115.0.0.0 Mobile Safari/537.36"
1.46.146.63 - - [16/May/2026:09:38:44 +0700] "GET /sp/admin_gard/assets/js/jquery.select-bootstrap.js HTTP/2" 200 15401 "https://www.ccp.ac.th/sp/admin_gard/student/student_login.php" "Mozilla/5.0 (Linux; Android 11; SAMSUNG SM-A305F) AppleWebKit/537.36 (KHTML, like Gecko) SamsungBrowser/23.0 Chrome/115.0.0.0 Mobile Safari/537.36"
1.46.146.63 - - [16/May/2026:09:38:44 +0700] "GET /sp/admin_gard/assets/js/jasny-bootstrap.min.js HTTP/2" 200 4580 "https://www.ccp.ac.th/sp/admin_gard/student/student_login.php" "Mozilla/5.0 (Linux; Android 11; SAMSUNG SM-A305F) AppleWebKit/537.36 (KHTML, like Gecko) SamsungBrowser/23.0 Chrome/115.0.0.0 Mobile Safari/537.36"
1.46.146.63 - - [16/May/2026:09:38:44 +0700] "GET /sp/admin_gard/assets/js/bootstrap-datetimepicker.js HTTP/2" 200 15323 "https://www.ccp.ac.th/sp/admin_gard/student/student_login.php" "Mozilla/5.0 (Linux; Android 11; SAMSUNG SM-A305F) AppleWebKit/537.36 (KHTML, like Gecko) SamsungBrowser/23.0 Chrome/115.0.0.0 Mobile Safari/537.36"
1.46.146.63 - - [16/May/2026:09:38:44 +0700] "GET /sp/admin_gard/assets/js/sweetalert.min.js HTTP/2" 200 4939 "https://www.ccp.ac.th/sp/admin_gard/student/student_login.php" "Mozilla/5.0 (Linux; Android 11; SAMSUNG SM-A305F) AppleWebKit/537.36 (KHTML, like Gecko) SamsungBrowser/23.0 Chrome/115.0.0.0 Mobile Safari/537.36"
1.46.146.63 - - [16/May/2026:09:38:44 +0700] "GET /sp/admin_gard/assets/js/jquery.datatables.js HTTP/2" 200 113146 "https://www.ccp.ac.th/sp/admin_gard/student/student_login.php" "Mozilla/5.0 (Linux; Android 11; SAMSUNG SM-A305F) AppleWebKit/537.36 (KHTML, like Gecko) SamsungBrowser/23.0 Chrome/115.0.0.0 Mobile Safari/537.36"
1.46.146.63 - - [16/May/2026:09:38:44 +0700] "GET /sp/admin_gard/assets/js/material-dashboard.js HTTP/2" 200 3799 "https://www.ccp.ac.th/sp/admin_gard/student/student_login.php" "Mozilla/5.0 (Linux; Android 11; SAMSUNG SM-A305F) AppleWebKit/537.36 (KHTML, like Gecko) SamsungBrowser/23.0 Chrome/115.0.0.0 Mobile Safari/537.36"
1.46.146.63 - - [16/May/2026:09:38:44 +0700] "GET /sp/admin_gard/assets/js/fullcalendar.min.js HTTP/2" 200 33876 "https://www.ccp.ac.th/sp/admin_gard/student/student_login.php" "Mozilla/5.0 (Linux; Android 11; SAMSUNG SM-A305F) AppleWebKit/537.36 (KHTML, like Gecko) SamsungBrowser/23.0 Chrome/115.0.0.0 Mobile Safari/537.36"
1.46.146.63 - - [16/May/2026:09:38:44 +0700] "GET /sp/admin_gard/assets/js/jquery.tagsinput.js HTTP/2" 200 5563 "https://www.ccp.ac.th/sp/admin_gard/student/student_login.php" "Mozilla/5.0 (Linux; Android 11; SAMSUNG SM-A305F) AppleWebKit/537.36 (KHTML, like Gecko) SamsungBrowser/23.0 Chrome/115.0.0.0 Mobile Safari/537.36"
2a02:c207:3018:3702::1 - - [16/May/2026:09:38:45 +0700] "GET /index.php/img/gallery/img/gallery/img/gallery/img/gallery/sp/sp/sp/gard/sp/admin_gard/student/sp/admin_gard/student/sp/admin_gard/student/sp/sp/admin_gard/student/sp/sp/admin_gard/student/sp/admin_gard/student/sp/sp/admin_gard/student/sp/sp/admin_gard/student/sp/sp/admin_gard/student/sp/sp/admin_gard/student/sp/sp/sp/admin_gard/student/sp/sp/sp/sp/admin_gard/student/sp/admin_gard/student/sp/admin_gard/student/sp/admin_gard/student/sp/sp/admin_gard/student/sp/sp/sp/about.php HTTP/2" 200 9300 "-" "Mozilla/5.0 (compatible; MJ12bot/v1.4.8; http://mj12bot.com/)"
1.46.146.63 - - [16/May/2026:09:38:45 +0700] "GET /sp/admin_gard/assets/js/spin.min.js HTTP/2" 200 1934 "https://www.ccp.ac.th/sp/admin_gard/student/student_login.php" "Mozilla/5.0 (Linux; Android 11; SAMSUNG SM-A305F) AppleWebKit/537.36 (KHTML, like Gecko) SamsungBrowser/23.0 Chrome/115.0.0.0 Mobile Safari/537.36"
1.46.146.63 - - [16/May/2026:09:38:45 +0700] "GET /sp/admin_gard/assets/js/lity.min.js HTTP/2" 200 2696 "https://www.ccp.ac.th/sp/admin_gard/student/student_login.php" "Mozilla/5.0 (Linux; Android 11; SAMSUNG SM-A305F) AppleWebKit/537.36 (KHTML, like Gecko) SamsungBrowser/23.0 Chrome/115.0.0.0 Mobile Safari/537.36"
1.46.146.63 - - [16/May/2026:09:38:45 +0700] "GET /sp/admin_gard/assets/js/demo.js HTTP/2" 200 7648 "https://www.ccp.ac.th/sp/admin_gard/student/student_login.php" "Mozilla/5.0 (Linux; Android 11; SAMSUNG SM-A305F) AppleWebKit/537.36 (KHTML, like Gecko) SamsungBrowser/23.0 Chrome/115.0.0.0 Mobile Safari/537.36"
1.46.146.63 - - [16/May/2026:09:38:45 +0700] "GET /sp/admin_gard/assets/bootstraptable/bootstrap-table.min.js HTTP/2" 200 13670 "https://www.ccp.ac.th/sp/admin_gard/student/student_login.php" "Mozilla/5.0 (Linux; Android 11; SAMSUNG SM-A305F) AppleWebKit/537.36 (KHTML, like Gecko) SamsungBrowser/23.0 Chrome/115.0.0.0 Mobile Safari/537.36"
1.46.146.63 - - [16/May/2026:09:38:45 +0700] "GET /sp/admin_gard/assets/bootstraptable/extensions/export/bootstrap-table-export.min.js HTTP/2" 200 1013 "https://www.ccp.ac.th/sp/admin_gard/student/student_login.php" "Mozilla/5.0 (Linux; Android 11; SAMSUNG SM-A305F) AppleWebKit/537.36 (KHTML, like Gecko) SamsungBrowser/23.0 Chrome/115.0.0.0 Mobile Safari/537.36"
1.46.146.63 - - [16/May/2026:09:38:45 +0700] "GET /sp/admin_gard/assets/bootstraptable/extensions/export/tableExport.js HTTP/2" 200 16665 "https://www.ccp.ac.th/sp/admin_gard/student/student_login.php" "Mozilla/5.0 (Linux; Android 11; SAMSUNG SM-A305F) AppleWebKit/537.36 (KHTML, like Gecko) SamsungBrowser/23.0 Chrome/115.0.0.0 Mobile Safari/537.36"
1.46.146.63 - - [16/May/2026:09:38:45 +0700] "GET /sp/admin_gard/student/logo.gif HTTP/2" 200 63598 "https://www.ccp.ac.th/sp/admin_gard/student/student_login.php" "Mozilla/5.0 (Linux; Android 11; SAMSUNG SM-A305F) AppleWebKit/537.36 (KHTML, like Gecko) SamsungBrowser/23.0 Chrome/115.0.0.0 Mobile Safari/537.36"
1.46.146.63 - - [16/May/2026:09:38:45 +0700] "GET /sp/admin_gard/assets/smoke/js/smoke.min.js HTTP/2" 200 5479 "https://www.ccp.ac.th/sp/admin_gard/student/student_login.php" "Mozilla/5.0 (Linux; Android 11; SAMSUNG SM-A305F) AppleWebKit/537.36 (KHTML, like Gecko) SamsungBrowser/23.0 Chrome/115.0.0.0 Mobile Safari/537.36"
1.46.146.63 - - [16/May/2026:09:38:45 +0700] "GET /sp/admin_gard/assets/bootstraptable/locale/bootstrap-table-th-TH.min.js HTTP/2" 200 463 "https://www.ccp.ac.th/sp/admin_gard/student/student_login.php" "Mozilla/5.0 (Linux; Android 11; SAMSUNG SM-A305F) AppleWebKit/537.36 (KHTML, like Gecko) SamsungBrowser/23.0 Chrome/115.0.0.0 Mobile Safari/537.36"
1.46.146.63 - - [16/May/2026:09:38:46 +0700] "GET /sp/font/Prompt-Bold.ttf HTTP/2" 200 67294 "https://www.ccp.ac.th/sp/css/fonts1.css" "Mozilla/5.0 (Linux; Android 11; SAMSUNG SM-A305F) AppleWebKit/537.36 (KHTML, like Gecko) SamsungBrowser/23.0 Chrome/115.0.0.0 Mobile Safari/537.36"
1.46.146.63 - - [16/May/2026:09:38:46 +0700] "GET /sp/admin_gard/assets/webfonts/fa-duotone-900.woff2 HTTP/2" 200 186964 "https://www.ccp.ac.th/sp/admin_gard/assets/css/duotone.min.css" "Mozilla/5.0 (Linux; Android 11; SAMSUNG SM-A305F) AppleWebKit/537.36 (KHTML, like Gecko) SamsungBrowser/23.0 Chrome/115.0.0.0 Mobile Safari/537.36"
2a02:c207:3018:3702::1 - - [16/May/2026:09:38:46 +0700] "GET /index.php/img/gallery/img/gallery/img/gallery/img/gallery/sp/sp/sp/gard/sp/admin_gard/student/sp/admin_gard/student/sp/admin_gard/student/sp/sp/admin_gard/student/sp/sp/admin_gard/student/sp/admin_gard/student/sp/sp/admin_gard/student/sp/sp/admin_gard/student/sp/sp/admin_gard/student/sp/sp/admin_gard/student/sp/sp/sp/admin_gard/student/sp/sp/sp/sp/admin_gard/student/sp/admin_gard/student/sp/admin_gard/student/sp/admin_gard/student/sp/sp/admin_gard/student/sp/sp/sp/news.php HTTP/2" 200 9239 "-" "Mozilla/5.0 (compatible; MJ12bot/v1.4.8; http://mj12bot.com/)"
1.46.146.63 - - [16/May/2026:09:38:46 +0700] "GET /sp/font/Prompt-Light.ttf HTTP/2" 200 62877 "https://www.ccp.ac.th/sp/css/fonts1.css" "Mozilla/5.0 (Linux; Android 11; SAMSUNG SM-A305F) AppleWebKit/537.36 (KHTML, like Gecko) SamsungBrowser/23.0 Chrome/115.0.0.0 Mobile Safari/537.36"
2a02:c207:3018:3702::1 - - [16/May/2026:09:38:48 +0700] "GET /index.php/img/gallery/img/gallery/img/gallery/img/gallery/sp/sp/sp/gard/sp/admin_gard/student/sp/admin_gard/student/sp/admin_gard/student/sp/sp/admin_gard/student/sp/sp/admin_gard/student/sp/admin_gard/student/sp/sp/admin_gard/student/sp/sp/admin_gard/student/sp/sp/admin_gard/student/sp/sp/admin_gard/student/sp/sp/sp/admin_gard/student/sp/sp/sp/sp/admin_gard/student/sp/admin_gard/student/sp/admin_gard/student/sp/admin_gard/student/sp/sp/admin_gard/student/sp/sp/sp/news_image.php HTTP/2" 200 9290 "-" "Mozilla/5.0 (compatible; MJ12bot/v1.4.8; http://mj12bot.com/)"
1.46.146.63 - - [16/May/2026:09:38:49 +0700] "GET /sp/font/Prompt-Regular.ttf HTTP/2" 200 64990 "https://www.ccp.ac.th/sp/css/fonts1.css" "Mozilla/5.0 (Linux; Android 11; SAMSUNG SM-A305F) AppleWebKit/537.36 (KHTML, like Gecko) SamsungBrowser/23.0 Chrome/115.0.0.0 Mobile Safari/537.36"
1.46.146.63 - - [16/May/2026:09:38:49 +0700] "GET /sp/admin_gard/assets/webfonts/fa-light-300.woff2 HTTP/2" 200 189452 "https://www.ccp.ac.th/sp/admin_gard/assets/css/light.min.css" "Mozilla/5.0 (Linux; Android 11; SAMSUNG SM-A305F) AppleWebKit/537.36 (KHTML, like Gecko) SamsungBrowser/23.0 Chrome/115.0.0.0 Mobile Safari/537.36"
1.46.146.63 - - [16/May/2026:09:38:51 +0700] "GET /sp/font/Prompt-Medium.ttf HTTP/2" 200 65893 "https://www.ccp.ac.th/sp/css/fonts1.css" "Mozilla/5.0 (Linux; Android 11; SAMSUNG SM-A305F) AppleWebKit/537.36 (KHTML, like Gecko) SamsungBrowser/23.0 Chrome/115.0.0.0 Mobile Safari/537.36"
2a02:c207:3018:3702::1 - - [16/May/2026:09:38:51 +0700] "GET /index.php/img/gallery/img/gallery/img/gallery/img/gallery/sp/sp/sp/gard/sp/admin_gard/student/sp/admin_gard/student/sp/admin_gard/student/sp/sp/admin_gard/student/sp/sp/admin_gard/student/sp/admin_gard/student/sp/sp/admin_gard/student/sp/sp/admin_gard/student/sp/sp/admin_gard/student/sp/sp/admin_gard/student/sp/sp/sp/admin_gard/student/sp/sp/sp/sp/admin_gard/student/sp/admin_gard/student/sp/admin_gard/student/sp/admin_gard/student/sp/sp/admin_gard/student/sp/sp/sp/personnel.php HTTP/2" 200 9377 "-" "Mozilla/5.0 (compatible; MJ12bot/v1.4.8; http://mj12bot.com/)"
1.46.146.63 - - [16/May/2026:09:39:05 +0700] "GET /sp/admin_gard/student/login.jpg HTTP/2" 200 987932 "https://www.ccp.ac.th/sp/admin_gard/student/student_login.php" "Mozilla/5.0 (Linux; Android 11; SAMSUNG SM-A305F) AppleWebKit/537.36 (KHTML, like Gecko) SamsungBrowser/23.0 Chrome/115.0.0.0 Mobile Safari/537.36"
2a02:c207:3018:3702::1 - - [16/May/2026:09:38:53 +0700] "GET /index.php/img/gallery/img/gallery/img/gallery/img/gallery/sp/sp/sp/gard/sp/admin_gard/student/sp/admin_gard/student/sp/admin_gard/student/sp/sp/admin_gard/student/sp/sp/admin_gard/student/sp/admin_gard/student/sp/sp/admin_gard/student/sp/sp/admin_gard/student/sp/sp/admin_gard/student/sp/sp/admin_gard/student/sp/sp/sp/admin_gard/student/sp/sp/sp/sp/admin_gard/student/sp/admin_gard/student/sp/admin_gard/student/sp/admin_gard/student/sp/sp/admin_gard/student/sp/sp/sp/relations.php HTTP/2" 200 9192 "-" "Mozilla/5.0 (compatible; MJ12bot/v1.4.8; http://mj12bot.com/)"
1.46.146.63 - - [16/May/2026:09:39:08 +0700] "GET /sp/admin_gard/assets/fonts/google/2fcrYFNaTjcS6g4U3t-Y5ZjZjT5FdEJ140U2DJYC3mY.woff2 HTTP/2" 200 48536 "https://www.ccp.ac.th/sp/admin_gard/assets/css/google-roboto-300-700.css" "Mozilla/5.0 (Linux; Android 11; SAMSUNG SM-A305F) AppleWebKit/537.36 (KHTML, like Gecko) SamsungBrowser/23.0 Chrome/115.0.0.0 Mobile Safari/537.36"
1.46.146.63 - - [16/May/2026:09:39:09 +0700] "GET /sp/admin_gard/assets/img/logoccp.gif HTTP/2" 200 4934 "https://www.ccp.ac.th/sp/admin_gard/student/student_login.php" "Mozilla/5.0 (Linux; Android 11; SAMSUNG SM-A305F) AppleWebKit/537.36 (KHTML, like Gecko) SamsungBrowser/23.0 Chrome/115.0.0.0 Mobile Safari/537.36"
1.46.146.63 - - [16/May/2026:09:39:09 +0700] "GET /sp/admin_gard/student/favicon.ico HTTP/2" 404 26 "https://www.ccp.ac.th/sp/admin_gard/student/student_login.php" "Mozilla/5.0 (Linux; Android 11; SAMSUNG SM-A305F) AppleWebKit/537.36 (KHTML, like Gecko) SamsungBrowser/23.0 Chrome/115.0.0.0 Mobile Safari/537.36"
2a02:c207:3018:3702::1 - - [16/May/2026:09:39:10 +0700] "GET /index.php/img/gallery/img/gallery/img/gallery/img/gallery/sp/sp/sp/gard/sp/admin_gard/student/sp/admin_gard/student/sp/admin_gard/student/sp/sp/admin_gard/student/sp/sp/admin_gard/student/sp/admin_gard/student/sp/sp/admin_gard/student/sp/sp/admin_gard/student/sp/sp/admin_gard/student/sp/sp/admin_gard/student/sp/sp/sp/admin_gard/student/sp/sp/sp/sp/admin_gard/student/sp/admin_gard/student/sp/admin_gard/student/sp/admin_gard/student/sp/sp/admin_gard/student/sp/sp/sp/sp/index.php HTTP/2" 200 9330 "-" "Mozilla/5.0 (compatible; MJ12bot/v1.4.8; http://mj12bot.com/)"
2a02:c207:3018:3702::1 - - [16/May/2026:09:39:13 +0700] "GET /index.php/img/gallery/img/gallery/img/gallery/img/gallery/sp/sp/sp/gard/sp/admin_gard/student/sp/admin_gard/student/sp/admin_gard/student/sp/sp/admin_gard/student/sp/sp/admin_gard/student/sp/admin_gard/student/sp/sp/admin_gard/student/sp/sp/admin_gard/student/sp/sp/admin_gard/student/sp/sp/admin_gard/student/sp/sp/sp/admin_gard/student/sp/sp/sp/sp/admin_gard/student/sp/admin_gard/student/sp/admin_gard/student/sp/admin_gard/student/sp/sp/sp/admin_gard/student/sp/sp/contact.php HTTP/2" 200 9377 "-" "Mozilla/5.0 (compatible; MJ12bot/v1.4.8; http://mj12bot.com/)"
2a02:c207:3018:3702::1 - - [16/May/2026:09:39:15 +0700] "GET /index.php/img/gallery/img/gallery/img/gallery/img/gallery/sp/sp/sp/gard/sp/admin_gard/student/sp/admin_gard/student/sp/admin_gard/student/sp/sp/admin_gard/student/sp/sp/admin_gard/student/sp/admin_gard/student/sp/sp/admin_gard/student/sp/sp/admin_gard/student/sp/sp/admin_gard/student/sp/sp/admin_gard/student/sp/sp/sp/admin_gard/student/sp/sp/sp/sp/admin_gard/student/sp/admin_gard/student/sp/admin_gard/student/sp/admin_gard/student/sp/sp/sp/sp/admin_gard/student/sp/about.php HTTP/2" 200 9249 "-" "Mozilla/5.0 (compatible; MJ12bot/v1.4.8; http://mj12bot.com/)"
2a02:c207:3018:3702::1 - - [16/May/2026:09:39:17 +0700] "GET /index.php/img/gallery/img/gallery/img/gallery/img/gallery/sp/sp/sp/gard/sp/admin_gard/student/sp/admin_gard/student/sp/admin_gard/student/sp/sp/admin_gard/student/sp/sp/admin_gard/student/sp/admin_gard/student/sp/sp/admin_gard/student/sp/sp/admin_gard/student/sp/sp/admin_gard/student/sp/sp/admin_gard/student/sp/sp/sp/admin_gard/student/sp/sp/sp/sp/admin_gard/student/sp/admin_gard/student/sp/admin_gard/student/sp/admin_gard/student/sp/sp/sp/sp/admin_gard/student/sp/news.php HTTP/2" 200 9377 "-" "Mozilla/5.0 (compatible; MJ12bot/v1.4.8; http://mj12bot.com/)"
2a02:c207:3018:3702::1 - - [16/May/2026:09:39:19 +0700] "GET /index.php/img/gallery/img/gallery/img/gallery/img/gallery/sp/sp/sp/gard/sp/admin_gard/student/sp/admin_gard/student/sp/admin_gard/student/sp/sp/admin_gard/student/sp/sp/admin_gard/student/sp/admin_gard/student/sp/sp/admin_gard/student/sp/sp/admin_gard/student/sp/sp/admin_gard/student/sp/sp/admin_gard/student/sp/sp/sp/admin_gard/student/sp/sp/sp/sp/admin_gard/student/sp/admin_gard/student/sp/admin_gard/student/sp/admin_gard/student/sp/sp/sp/sp/sp/news_details.php?news_id=00000000397 HTTP/2" 200 9377 "-" "Mozilla/5.0 (compatible; MJ12bot/v1.4.8; http://mj12bot.com/)"
2a02:c207:3018:3702::1 - - [16/May/2026:09:39:21 +0700] "GET /index.php/img/gallery/img/gallery/img/gallery/img/gallery/sp/sp/sp/gard/sp/admin_gard/student/sp/admin_gard/student/sp/admin_gard/student/sp/sp/admin_gard/student/sp/sp/admin_gard/student/sp/admin_gard/student/sp/sp/admin_gard/student/sp/sp/admin_gard/student/sp/sp/admin_gard/student/sp/sp/admin_gard/student/sp/sp/sp/admin_gard/student/sp/sp/sp/sp/admin_gard/student/sp/admin_gard/student/sp/sp/admin_gard/student/sp/admin_gard/student/sp/admin_gard/student/personnel.php HTTP/2" 200 9252 "-" "Mozilla/5.0 (compatible; MJ12bot/v1.4.8; http://mj12bot.com/)"
2a02:c207:3018:3702::1 - - [16/May/2026:09:39:23 +0700] "GET /index.php/img/gallery/img/gallery/img/gallery/img/gallery/sp/sp/sp/gard/sp/admin_gard/student/sp/admin_gard/student/sp/admin_gard/student/sp/sp/admin_gard/student/sp/sp/admin_gard/student/sp/admin_gard/student/sp/sp/admin_gard/student/sp/sp/admin_gard/student/sp/sp/admin_gard/student/sp/sp/admin_gard/student/sp/sp/sp/admin_gard/student/sp/sp/sp/sp/admin_gard/student/sp/admin_gard/student/sp/sp/admin_gard/student/sp/admin_gard/student/sp/admin_gard/student/relations.php HTTP/2" 200 9330 "-" "Mozilla/5.0 (compatible; MJ12bot/v1.4.8; http://mj12bot.com/)"
2a02:c207:3018:3702::1 - - [16/May/2026:09:39:26 +0700] "GET /index.php/img/gallery/img/gallery/img/gallery/img/gallery/sp/sp/sp/gard/sp/admin_gard/student/sp/admin_gard/student/sp/admin_gard/student/sp/sp/admin_gard/student/sp/sp/admin_gard/student/sp/admin_gard/student/sp/sp/admin_gard/student/sp/sp/admin_gard/student/sp/sp/admin_gard/student/sp/sp/admin_gard/student/sp/sp/sp/admin_gard/student/sp/sp/sp/sp/admin_gard/student/sp/admin_gard/student/sp/sp/admin_gard/student/sp/admin_gard/student/sp/contact.php HTTP/2" 200 9249 "-" "Mozilla/5.0 (compatible; MJ12bot/v1.4.8; http://mj12bot.com/)"
2a02:c207:3018:3702::1 - - [16/May/2026:09:39:28 +0700] "GET /index.php/img/gallery/img/gallery/img/gallery/img/gallery/sp/sp/sp/gard/sp/admin_gard/student/sp/admin_gard/student/sp/admin_gard/student/sp/sp/admin_gard/student/sp/sp/admin_gard/student/sp/admin_gard/student/sp/sp/admin_gard/student/sp/sp/admin_gard/student/sp/sp/admin_gard/student/sp/sp/admin_gard/student/sp/sp/sp/admin_gard/student/sp/sp/sp/sp/admin_gard/student/sp/admin_gard/student/sp/sp/admin_gard/student/sp/admin_gard/student/sp/news.php HTTP/2" 200 9281 "-" "Mozilla/5.0 (compatible; MJ12bot/v1.4.8; http://mj12bot.com/)"
2a02:c207:3018:3702::1 - - [16/May/2026:09:39:30 +0700] "GET /index.php/img/gallery/img/gallery/img/gallery/img/gallery/sp/sp/sp/gard/sp/admin_gard/student/sp/admin_gard/student/sp/admin_gard/student/sp/sp/admin_gard/student/sp/sp/admin_gard/student/sp/admin_gard/student/sp/sp/admin_gard/student/sp/sp/admin_gard/student/sp/sp/admin_gard/student/sp/sp/admin_gard/student/sp/sp/sp/admin_gard/student/sp/sp/sp/sp/admin_gard/student/sp/admin_gard/student/sp/sp/admin_gard/student/sp/admin_gard/student/sp/sp/admin_gard/student/personnel.php HTTP/2" 200 9248 "-" "Mozilla/5.0 (compatible; MJ12bot/v1.4.8; http://mj12bot.com/)"
2a02:c207:3018:3702::1 - - [16/May/2026:09:39:32 +0700] "GET /index.php/img/gallery/img/gallery/img/gallery/img/gallery/sp/sp/sp/gard/sp/admin_gard/student/sp/admin_gard/student/sp/admin_gard/student/sp/sp/admin_gard/student/sp/sp/admin_gard/student/sp/admin_gard/student/sp/sp/admin_gard/student/sp/sp/admin_gard/student/sp/sp/admin_gard/student/sp/sp/admin_gard/student/sp/sp/sp/admin_gard/student/sp/sp/sp/sp/admin_gard/student/sp/admin_gard/student/sp/sp/admin_gard/student/sp/sp/admin_gard/student/sp/sp/admin_gard/student/student_login.php HTTP/2" 200 9340 "-" "Mozilla/5.0 (compatible; MJ12bot/v1.4.8; http://mj12bot.com/)"
2a02:c207:3018:3702::1 - - [16/May/2026:09:39:34 +0700] "GET /index.php/img/gallery/img/gallery/img/gallery/img/gallery/sp/sp/sp/gard/sp/admin_gard/student/sp/admin_gard/student/sp/admin_gard/student/sp/sp/admin_gard/student/sp/sp/admin_gard/student/sp/admin_gard/student/sp/sp/admin_gard/student/sp/sp/admin_gard/student/sp/sp/admin_gard/student/sp/sp/admin_gard/student/sp/sp/sp/admin_gard/student/sp/sp/sp/sp/admin_gard/student/sp/admin_gard/student/sp/sp/sp/sp/news_details.php?news_id=00000000414 HTTP/2" 200 9206 "-" "Mozilla/5.0 (compatible; MJ12bot/v1.4.8; http://mj12bot.com/)"
2a02:c207:3018:3702::1 - - [16/May/2026:09:39:36 +0700] "GET /index.php/img/gallery/img/gallery/img/gallery/img/gallery/sp/sp/sp/gard/sp/admin_gard/student/sp/admin_gard/student/sp/admin_gard/student/sp/sp/admin_gard/student/sp/sp/admin_gard/student/sp/admin_gard/student/sp/sp/admin_gard/student/sp/sp/admin_gard/student/sp/sp/admin_gard/student/sp/sp/admin_gard/student/sp/sp/sp/admin_gard/student/sp/sp/sp/sp/admin_gard/student/sp/admin_gard/student/sp/sp/sp/sp/news_details.php?news_id=00000000488 HTTP/2" 200 9248 "-" "Mozilla/5.0 (compatible; MJ12bot/v1.4.8; http://mj12bot.com/)"
2a02:c207:3018:3702::1 - - [16/May/2026:09:39:38 +0700] "GET /index.php/img/gallery/img/gallery/img/gallery/img/gallery/sp/sp/sp/gard/sp/admin_gard/student/sp/admin_gard/student/sp/admin_gard/student/sp/sp/admin_gard/student/sp/sp/admin_gard/student/sp/admin_gard/student/sp/sp/admin_gard/student/sp/sp/admin_gard/student/sp/sp/admin_gard/student/sp/sp/admin_gard/student/sp/sp/sp/admin_gard/student/sp/sp/sp/sp/admin_gard/student/sp/admin_gard/student/sp/sp/sp/sp/news_details.php?news_id=00000000505 HTTP/2" 200 9376 "-" "Mozilla/5.0 (compatible; MJ12bot/v1.4.8; http://mj12bot.com/)"
88.88.156.124 - - [16/May/2026:09:39:40 +0700] "GET /robots.txt HTTP/2" 404 26 "-" "Mozilla/5.0 (compatible; MJ12bot/v1.4.8; http://mj12bot.com/)"
2a02:c207:3018:3702::1 - - [16/May/2026:09:39:40 +0700] "GET /index.php/img/gallery/img/gallery/img/gallery/img/gallery/sp/sp/sp/gard/sp/admin_gard/student/sp/admin_gard/student/sp/admin_gard/student/sp/sp/admin_gard/student/sp/sp/admin_gard/student/sp/admin_gard/student/sp/sp/admin_gard/student/sp/sp/admin_gard/student/sp/sp/admin_gard/student/sp/sp/admin_gard/student/sp/sp/sp/admin_gard/student/sp/sp/sp/sp/admin_gard/student/sp/admin_gard/student/sp/sp/sp/sp/news_details.php?news_id=00000000507 HTTP/2" 200 9237 "-" "Mozilla/5.0 (compatible; MJ12bot/v1.4.8; http://mj12bot.com/)"
2a02:c207:3018:3702::1 - - [16/May/2026:09:39:42 +0700] "GET /index.php/img/gallery/img/gallery/img/gallery/img/gallery/sp/sp/sp/gard/sp/admin_gard/student/sp/admin_gard/student/sp/admin_gard/student/sp/sp/admin_gard/student/sp/sp/admin_gard/student/sp/admin_gard/student/sp/sp/admin_gard/student/sp/sp/admin_gard/student/sp/sp/admin_gard/student/sp/sp/admin_gard/student/sp/sp/sp/admin_gard/student/sp/sp/sp/sp/admin_gard/student/sp/admin_gard/student/sp/sp/sp/sp/news_details.php?news_id=00000000508 HTTP/2" 200 9316 "-" "Mozilla/5.0 (compatible; MJ12bot/v1.4.8; http://mj12bot.com/)"
88.88.156.124 - - [16/May/2026:09:39:42 +0700] "GET /index.php/img/gallery/img/gallery/img/gallery/img/gallery/sp/sp/sp/gard/sp/admin_gard/student/sp/admin_gard/student/sp/admin_gard/student/sp/sp/admin_gard/student/sp/sp/admin_gard/student/sp/admin_gard/student/sp/sp/admin_gard/student/sp/sp/admin_gard/student/sp/sp/admin_gard/student/sp/sp/admin_gard/student/sp/sp/admin_gard/student/sp/admin_gard/student/sp/sp/sp/sp/sp/admin_gard/student/sp/sp/sp/sp/sp/sp/admin_gard/student/sp/sp/sp/sp/sp/admin_gard/student/sp/sp/sp/sp/sp/news.php HTTP/2" 200 9316 "-" "Mozilla/5.0 (compatible; MJ12bot/v1.4.8; http://mj12bot.com/)"
88.88.156.124 - - [16/May/2026:09:39:44 +0700] "GET /index.php/img/gallery/img/gallery/img/gallery/img/gallery/sp/sp/sp/gard/sp/admin_gard/student/sp/admin_gard/student/sp/admin_gard/student/sp/sp/admin_gard/student/sp/sp/admin_gard/student/sp/admin_gard/student/sp/sp/admin_gard/student/sp/sp/admin_gard/student/sp/sp/admin_gard/student/sp/sp/admin_gard/student/sp/sp/admin_gard/student/sp/admin_gard/student/sp/sp/sp/sp/sp/sp/sp/admin_gard/student/sp/sp/admin_gard/student/sp/sp/sp/sp/sp/sp/sp/sp/sp/sp/sp/sp/sp/news.php HTTP/2" 200 9289 "-" "Mozilla/5.0 (compatible; MJ12bot/v1.4.8; http://mj12bot.com/)"
2a02:c207:3018:3702::1 - - [16/May/2026:09:39:44 +0700] "GET /index.php/img/gallery/img/gallery/img/gallery/img/gallery/sp/sp/sp/gard/sp/admin_gard/student/sp/admin_gard/student/sp/admin_gard/student/sp/sp/admin_gard/student/sp/sp/admin_gard/student/sp/admin_gard/student/sp/sp/admin_gard/student/sp/sp/admin_gard/student/sp/sp/admin_gard/student/sp/sp/admin_gard/student/sp/sp/sp/admin_gard/student/sp/sp/sp/sp/admin_gard/student/sp/admin_gard/student/sp/sp/sp/sp/news_details.php?news_id=00000000541 HTTP/2" 200 9237 "-" "Mozilla/5.0 (compatible; MJ12bot/v1.4.8; http://mj12bot.com/)"
2a02:c207:3018:3702::1 - - [16/May/2026:09:39:46 +0700] "GET /index.php/img/gallery/img/gallery/img/gallery/img/gallery/sp/sp/sp/gard/sp/admin_gard/student/sp/admin_gard/student/sp/admin_gard/student/sp/sp/admin_gard/student/sp/sp/admin_gard/student/sp/admin_gard/student/sp/sp/admin_gard/student/sp/sp/admin_gard/student/sp/sp/admin_gard/student/sp/sp/admin_gard/student/sp/sp/sp/admin_gard/student/sp/sp/sp/sp/admin_gard/student/sp/admin_gard/student/sp/sp/sp/sp/news_details.php?news_id=00000000542 HTTP/2" 200 9376 "-" "Mozilla/5.0 (compatible; MJ12bot/v1.4.8; http://mj12bot.com/)"
88.88.156.124 - - [16/May/2026:09:39:46 +0700] "GET /index.php/img/gallery/img/gallery/img/gallery/img/gallery/sp/sp/sp/gard/sp/admin_gard/student/sp/admin_gard/student/sp/admin_gard/student/sp/sp/admin_gard/student/sp/sp/admin_gard/student/sp/admin_gard/student/sp/sp/admin_gard/student/sp/sp/admin_gard/student/sp/sp/admin_gard/student/sp/sp/admin_gard/student/sp/sp/admin_gard/student/sp/admin_gard/student/sp/sp/sp/sp/sp/sp/sp/admin_gard/student/sp/sp/sp/admin_gard/student/sp/admin_gard/student/sp/admin_gard/student/index.php HTTP/2" 200 9376 "-" "Mozilla/5.0 (compatible; MJ12bot/v1.4.8; http://mj12bot.com/)"
88.88.156.124 - - [16/May/2026:09:39:48 +0700] "GET /index.php/img/gallery/img/gallery/img/gallery/img/gallery/sp/sp/sp/gard/sp/admin_gard/student/sp/admin_gard/student/sp/admin_gard/student/sp/sp/admin_gard/student/sp/sp/admin_gard/student/sp/admin_gard/student/sp/sp/admin_gard/student/sp/sp/admin_gard/student/sp/sp/admin_gard/student/sp/sp/admin_gard/student/sp/sp/admin_gard/student/sp/admin_gard/student/sp/sp/sp/sp/sp/sp/sp/admin_gard/student/sp/sp/sp/admin_gard/student/sp/admin_gard/student/sp/admin_gard/student/news.php HTTP/2" 200 9251 "-" "Mozilla/5.0 (compatible; MJ12bot/v1.4.8; http://mj12bot.com/)"
2a02:c207:3018:3702::1 - - [16/May/2026:09:39:48 +0700] "GET /index.php/img/gallery/img/gallery/img/gallery/img/gallery/sp/sp/sp/gard/sp/admin_gard/student/sp/admin_gard/student/sp/admin_gard/student/sp/sp/admin_gard/student/sp/sp/admin_gard/student/sp/admin_gard/student/sp/sp/admin_gard/student/sp/sp/admin_gard/student/sp/sp/admin_gard/student/sp/sp/admin_gard/student/sp/sp/sp/admin_gard/student/sp/sp/sp/sp/admin_gard/student/sp/admin_gard/student/sp/sp/sp/sp/news_details.php?news_id=00000000543 HTTP/2" 200 9237 "-" "Mozilla/5.0 (compatible; MJ12bot/v1.4.8; http://mj12bot.com/)"
88.88.156.124 - - [16/May/2026:09:39:49 +0700] "GET /index.php/img/gallery/img/gallery/img/gallery/img/gallery/sp/sp/sp/gard/sp/admin_gard/student/sp/admin_gard/student/sp/admin_gard/student/sp/sp/admin_gard/student/sp/sp/admin_gard/student/sp/admin_gard/student/sp/sp/admin_gard/student/sp/sp/admin_gard/student/sp/sp/admin_gard/student/sp/sp/admin_gard/student/sp/sp/admin_gard/student/sp/admin_gard/student/sp/sp/sp/sp/sp/sp/sp/admin_gard/student/sp/sp/sp/admin_gard/student/sp/admin_gard/student/sp/admin_gard/student/news_image.php HTTP/2" 200 9318 "-" "Mozilla/5.0 (compatible; MJ12bot/v1.4.8; http://mj12bot.com/)"
2a02:c207:3018:3702::1 - - [16/May/2026:09:39:50 +0700] "GET /index.php/img/gallery/img/gallery/img/gallery/img/gallery/sp/sp/sp/gard/sp/admin_gard/student/sp/admin_gard/student/sp/admin_gard/student/sp/sp/admin_gard/student/sp/sp/admin_gard/student/sp/admin_gard/student/sp/sp/admin_gard/student/sp/sp/admin_gard/student/sp/sp/admin_gard/student/sp/sp/admin_gard/student/sp/sp/sp/admin_gard/student/sp/sp/sp/sp/admin_gard/student/sp/admin_gard/student/sp/sp/sp/sp/news_details.php?news_id=00000000544 HTTP/2" 200 9238 "-" "Mozilla/5.0 (compatible; MJ12bot/v1.4.8; http://mj12bot.com/)"
88.88.156.124 - - [16/May/2026:09:39:51 +0700] "GET /index.php/img/gallery/img/gallery/img/gallery/img/gallery/sp/sp/sp/gard/sp/admin_gard/student/sp/admin_gard/student/sp/admin_gard/student/sp/sp/admin_gard/student/sp/sp/admin_gard/student/sp/admin_gard/student/sp/sp/admin_gard/student/sp/sp/admin_gard/student/sp/sp/admin_gard/student/sp/sp/admin_gard/student/sp/sp/admin_gard/student/sp/admin_gard/student/sp/sp/sp/sp/sp/sp/sp/admin_gard/student/sp/sp/sp/admin_gard/student/sp/admin_gard/student/sp/admin_gard/student/personnel.php HTTP/2" 200 9238 "-" "Mozilla/5.0 (compatible; MJ12bot/v1.4.8; http://mj12bot.com/)"
2a02:c207:3018:3702::1 - - [16/May/2026:09:39:52 +0700] "GET /index.php/img/gallery/img/gallery/img/gallery/img/gallery/sp/sp/sp/gard/sp/admin_gard/student/sp/admin_gard/student/sp/admin_gard/student/sp/sp/admin_gard/student/sp/sp/admin_gard/student/sp/admin_gard/student/sp/sp/admin_gard/student/sp/sp/admin_gard/student/sp/sp/admin_gard/student/sp/sp/admin_gard/student/sp/sp/sp/admin_gard/student/sp/sp/sp/sp/admin_gard/student/sp/admin_gard/student/sp/sp/sp/sp/news_details.php?news_id=00000000546 HTTP/2" 200 9281 "-" "Mozilla/5.0 (compatible; MJ12bot/v1.4.8; http://mj12bot.com/)"
88.88.156.124 - - [16/May/2026:09:39:53 +0700] "GET /index.php/img/gallery/img/gallery/img/gallery/img/gallery/sp/sp/sp/gard/sp/admin_gard/student/sp/admin_gard/student/sp/admin_gard/student/sp/sp/admin_gard/student/sp/sp/admin_gard/student/sp/admin_gard/student/sp/sp/admin_gard/student/sp/sp/admin_gard/student/sp/sp/admin_gard/student/sp/sp/admin_gard/student/sp/sp/admin_gard/student/sp/admin_gard/student/sp/sp/sp/sp/sp/sp/sp/admin_gard/student/sp/sp/sp/admin_gard/student/sp/admin_gard/student/sp/admin_gard/student/relations.php HTTP/2" 200 9281 "-" "Mozilla/5.0 (compatible; MJ12bot/v1.4.8; http://mj12bot.com/)"
88.88.156.124 - - [16/May/2026:09:39:54 +0700] "GET /index.php/img/gallery/img/gallery/img/gallery/img/gallery/sp/sp/sp/gard/sp/admin_gard/student/sp/admin_gard/student/sp/admin_gard/student/sp/sp/admin_gard/student/sp/sp/admin_gard/student/sp/admin_gard/student/sp/sp/admin_gard/student/sp/sp/admin_gard/student/sp/sp/admin_gard/student/sp/sp/admin_gard/student/sp/sp/admin_gard/student/sp/admin_gard/student/sp/sp/sp/sp/sp/sp/sp/admin_gard/student/sp/sp/sp/admin_gard/student/sp/admin_gard/student/sp/news.php HTTP/2" 200 9237 "-" "Mozilla/5.0 (compatible; MJ12bot/v1.4.8; http://mj12bot.com/)"
2a02:c207:3018:3702::1 - - [16/May/2026:09:39:54 +0700] "GET /index.php/img/gallery/img/gallery/img/gallery/img/gallery/sp/sp/sp/gard/sp/admin_gard/student/sp/admin_gard/student/sp/admin_gard/student/sp/sp/admin_gard/student/sp/sp/admin_gard/student/sp/admin_gard/student/sp/sp/admin_gard/student/sp/sp/admin_gard/student/sp/sp/admin_gard/student/sp/sp/admin_gard/student/sp/sp/sp/admin_gard/student/sp/sp/sp/sp/admin_gard/student/sp/admin_gard/student/sp/sp/sp/sp/news_details.php?news_id=00000000547 HTTP/2" 200 9281 "-" "Mozilla/5.0 (compatible; MJ12bot/v1.4.8; http://mj12bot.com/)"
88.88.156.124 - - [16/May/2026:09:39:56 +0700] "GET /index.php/img/gallery/img/gallery/img/gallery/img/gallery/sp/sp/sp/gard/sp/admin_gard/student/sp/admin_gard/student/sp/admin_gard/student/sp/sp/admin_gard/student/sp/sp/admin_gard/student/sp/admin_gard/student/sp/sp/admin_gard/student/sp/sp/admin_gard/student/sp/sp/admin_gard/student/sp/sp/admin_gard/student/sp/sp/admin_gard/student/sp/admin_gard/student/sp/sp/sp/sp/sp/sp/sp/admin_gard/student/sp/sp/sp/admin_gard/student/sp/admin_gard/student/sp/news_details.php?news_id=00000000396 HTTP/2" 200 9280 "-" "Mozilla/5.0 (compatible; MJ12bot/v1.4.8; http://mj12bot.com/)"
2a02:c207:3018:3702::1 - - [16/May/2026:09:39:55 +0700] "GET /index.php/img/gallery/img/gallery/img/gallery/img/gallery/sp/sp/sp/gard/sp/admin_gard/student/sp/admin_gard/student/sp/admin_gard/student/sp/sp/admin_gard/student/sp/sp/admin_gard/student/sp/admin_gard/student/sp/sp/admin_gard/student/sp/sp/admin_gard/student/sp/sp/admin_gard/student/sp/sp/admin_gard/student/sp/sp/sp/admin_gard/student/sp/sp/sp/sp/admin_gard/student/sp/admin_gard/student/sp/sp/sp/sp/news_details.php?news_id=00000000548 HTTP/2" 200 9138 "-" "Mozilla/5.0 (compatible; MJ12bot/v1.4.8; http://mj12bot.com/)"
2a02:c207:3018:3702::1 - - [16/May/2026:09:39:57 +0700] "GET /index.php/img/gallery/img/gallery/img/gallery/img/gallery/sp/sp/sp/gard/sp/admin_gard/student/sp/admin_gard/student/sp/admin_gard/student/sp/sp/admin_gard/student/sp/sp/admin_gard/student/sp/admin_gard/student/sp/sp/admin_gard/student/sp/sp/admin_gard/student/sp/sp/admin_gard/student/sp/sp/admin_gard/student/sp/sp/sp/admin_gard/student/sp/sp/sp/sp/admin_gard/student/sp/admin_gard/student/sp/sp/sp/sp/news_details.php?news_id=00000000549 HTTP/2" 200 9237 "-" "Mozilla/5.0 (compatible; MJ12bot/v1.4.8; http://mj12bot.com/)"
88.88.156.124 - - [16/May/2026:09:39:58 +0700] "GET /index.php/img/gallery/img/gallery/img/gallery/img/gallery/sp/sp/sp/gard/sp/admin_gard/student/sp/admin_gard/student/sp/admin_gard/student/sp/sp/admin_gard/student/sp/sp/admin_gard/student/sp/admin_gard/student/sp/sp/admin_gard/student/sp/sp/admin_gard/student/sp/sp/admin_gard/student/sp/sp/admin_gard/student/sp/sp/admin_gard/student/sp/admin_gard/student/sp/sp/sp/sp/sp/sp/sp/admin_gard/student/sp/sp/sp/admin_gard/student/sp/admin_gard/student/sp/news_details.php?news_id=00000000397 HTTP/2" 200 9237 "-" "Mozilla/5.0 (compatible; MJ12bot/v1.4.8; http://mj12bot.com/)"
2a02:c207:3018:3702::1 - - [16/May/2026:09:39:59 +0700] "GET /index.php/img/gallery/img/gallery/img/gallery/img/gallery/sp/sp/sp/gard/sp/admin_gard/student/sp/admin_gard/student/sp/admin_gard/student/sp/sp/admin_gard/student/sp/sp/admin_gard/student/sp/admin_gard/student/sp/sp/admin_gard/student/sp/sp/admin_gard/student/sp/sp/admin_gard/student/sp/sp/admin_gard/student/sp/sp/sp/admin_gard/student/sp/sp/sp/sp/admin_gard/student/sp/admin_gard/student/sp/sp/sp/sp/news_details.php?news_id=00000000550 HTTP/2" 200 9248 "-" "Mozilla/5.0 (compatible; MJ12bot/v1.4.8; http://mj12bot.com/)"
88.88.156.124 - - [16/May/2026:09:39:59 +0700] "GET /index.php/img/gallery/img/gallery/img/gallery/img/gallery/sp/sp/sp/gard/sp/admin_gard/student/sp/admin_gard/student/sp/admin_gard/student/sp/sp/admin_gard/student/sp/sp/admin_gard/student/sp/admin_gard/student/sp/sp/admin_gard/student/sp/sp/admin_gard/student/sp/sp/admin_gard/student/sp/sp/admin_gard/student/sp/sp/admin_gard/student/sp/admin_gard/student/sp/sp/sp/sp/sp/sp/sp/admin_gard/student/sp/sp/sp/admin_gard/student/sp/admin_gard/student/sp/news_details.php?news_id=00000000414 HTTP/2" 200 9239 "-" "Mozilla/5.0 (compatible; MJ12bot/v1.4.8; http://mj12bot.com/)"
2a02:c207:3018:3702::1 - - [16/May/2026:09:40:01 +0700] "GET /index.php/img/gallery/img/gallery/img/gallery/img/gallery/sp/sp/sp/gard/sp/admin_gard/student/sp/admin_gard/student/sp/admin_gard/student/sp/sp/admin_gard/student/sp/sp/admin_gard/student/sp/admin_gard/student/sp/sp/admin_gard/student/sp/sp/admin_gard/student/sp/sp/admin_gard/student/sp/sp/admin_gard/student/sp/sp/sp/admin_gard/student/sp/sp/sp/sp/admin_gard/student/sp/admin_gard/student/sp/sp/sp/sp/news_image.php HTTP/2" 200 9238 "-" "Mozilla/5.0 (compatible; MJ12bot/v1.4.8; http://mj12bot.com/)"
88.88.156.124 - - [16/May/2026:09:40:01 +0700] "GET /index.php/img/gallery/img/gallery/img/gallery/img/gallery/sp/sp/sp/gard/sp/admin_gard/student/sp/admin_gard/student/sp/admin_gard/student/sp/sp/admin_gard/student/sp/sp/admin_gard/student/sp/admin_gard/student/sp/sp/admin_gard/student/sp/sp/admin_gard/student/sp/sp/admin_gard/student/sp/sp/admin_gard/student/sp/sp/admin_gard/student/sp/admin_gard/student/sp/sp/sp/sp/sp/sp/sp/admin_gard/student/sp/sp/sp/admin_gard/student/sp/admin_gard/student/sp/news_details.php?news_id=00000000430 HTTP/2" 200 9238 "-" "Mozilla/5.0 (compatible; MJ12bot/v1.4.8; http://mj12bot.com/)"
88.88.156.124 - - [16/May/2026:09:40:03 +0700] "GET /index.php/img/gallery/img/gallery/img/gallery/img/gallery/sp/sp/sp/gard/sp/admin_gard/student/sp/admin_gard/student/sp/admin_gard/student/sp/sp/admin_gard/student/sp/sp/admin_gard/student/sp/admin_gard/student/sp/sp/admin_gard/student/sp/sp/admin_gard/student/sp/sp/admin_gard/student/sp/sp/admin_gard/student/sp/sp/admin_gard/student/sp/admin_gard/student/sp/sp/sp/sp/sp/sp/sp/admin_gard/student/sp/sp/sp/admin_gard/student/sp/admin_gard/student/sp/news_details.php?news_id=00000000548 HTTP/2" 200 9249 "-" "Mozilla/5.0 (compatible; MJ12bot/v1.4.8; http://mj12bot.com/)"
2a02:c207:3018:3702::1 - - [16/May/2026:09:40:04 +0700] "GET /index.php/img/gallery/img/gallery/img/gallery/img/gallery/sp/sp/sp/gard/sp/admin_gard/student/sp/admin_gard/student/sp/admin_gard/student/sp/sp/admin_gard/student/sp/sp/admin_gard/student/sp/admin_gard/student/sp/sp/admin_gard/student/sp/sp/admin_gard/student/sp/sp/admin_gard/student/sp/sp/admin_gard/student/sp/sp/sp/admin_gard/student/sp/sp/sp/sp/admin_gard/student/sp/admin_gard/student/sp/sp/sp/sp/personnel.php HTTP/2" 200 9248 "-" "Mozilla/5.0 (compatible; MJ12bot/v1.4.8; http://mj12bot.com/)"
88.88.156.124 - - [16/May/2026:09:40:04 +0700] "GET /index.php/img/gallery/img/gallery/img/gallery/img/gallery/sp/sp/sp/gard/sp/admin_gard/student/sp/admin_gard/student/sp/admin_gard/student/sp/sp/admin_gard/student/sp/sp/admin_gard/student/sp/admin_gard/student/sp/sp/admin_gard/student/sp/sp/admin_gard/student/sp/sp/admin_gard/student/sp/sp/admin_gard/student/sp/sp/admin_gard/student/sp/admin_gard/student/sp/sp/sp/sp/sp/sp/sp/admin_gard/student/sp/sp/sp/admin_gard/student/sp/admin_gard/student/sp/news_details.php?news_id=00000000549 HTTP/2" 200 9237 "-" "Mozilla/5.0 (compatible; MJ12bot/v1.4.8; http://mj12bot.com/)"
2a02:c207:3018:3702::1 - - [16/May/2026:09:40:05 +0700] "GET /index.php/img/gallery/img/gallery/img/gallery/img/gallery/sp/sp/sp/gard/sp/admin_gard/student/sp/admin_gard/student/sp/admin_gard/student/sp/sp/admin_gard/student/sp/sp/admin_gard/student/sp/admin_gard/student/sp/sp/admin_gard/student/sp/sp/admin_gard/student/sp/sp/admin_gard/student/sp/sp/admin_gard/student/sp/sp/sp/admin_gard/student/sp/sp/sp/sp/admin_gard/student/sp/admin_gard/student/sp/sp/sp/sp/relations.php HTTP/2" 200 9237 "-" "Mozilla/5.0 (compatible; MJ12bot/v1.4.8; http://mj12bot.com/)"
88.88.156.124 - - [16/May/2026:09:40:06 +0700] "GET /index.php/img/gallery/img/gallery/img/gallery/img/gallery/sp/sp/sp/gard/sp/admin_gard/student/sp/admin_gard/student/sp/admin_gard/student/sp/sp/admin_gard/student/sp/sp/admin_gard/student/sp/admin_gard/student/sp/sp/admin_gard/student/sp/sp/admin_gard/student/sp/sp/admin_gard/student/sp/sp/admin_gard/student/sp/sp/admin_gard/student/sp/admin_gard/student/sp/sp/sp/sp/sp/sp/sp/admin_gard/student/sp/sp/sp/admin_gard/student/sp/admin_gard/student/sp/news_details.php?news_id=00000000550 HTTP/2" 200 9280 "-" "Mozilla/5.0 (compatible; MJ12bot/v1.4.8; http://mj12bot.com/)"
2a02:c207:3018:3702::1 - - [16/May/2026:09:40:07 +0700] "GET /index.php/img/gallery/img/gallery/img/gallery/img/gallery/sp/sp/sp/gard/sp/admin_gard/student/sp/admin_gard/student/sp/admin_gard/student/sp/sp/admin_gard/student/sp/sp/admin_gard/student/sp/admin_gard/student/sp/sp/admin_gard/student/sp/sp/admin_gard/student/sp/sp/admin_gard/student/sp/sp/admin_gard/student/sp/sp/sp/admin_gard/student/sp/sp/sp/sp/admin_gard/student/sp/admin_gard/student/sp/sp/sp/sp/sp/about.php HTTP/2" 200 9237 "-" "Mozilla/5.0 (compatible; MJ12bot/v1.4.8; http://mj12bot.com/)"
88.88.156.124 - - [16/May/2026:09:40:08 +0700] "GET /index.php/img/gallery/img/gallery/img/gallery/img/gallery/sp/sp/sp/gard/sp/admin_gard/student/sp/admin_gard/student/sp/admin_gard/student/sp/sp/admin_gard/student/sp/sp/admin_gard/student/sp/admin_gard/student/sp/sp/admin_gard/student/sp/sp/admin_gard/student/sp/sp/admin_gard/student/sp/sp/admin_gard/student/sp/sp/admin_gard/student/sp/admin_gard/student/sp/sp/sp/sp/sp/sp/sp/admin_gard/student/sp/sp/sp/admin_gard/student/sp/admin_gard/student/sp/news_details.php?news_id=00000000551 HTTP/2" 200 9237 "-" "Mozilla/5.0 (compatible; MJ12bot/v1.4.8; http://mj12bot.com/)"
2a02:c207:3018:3702::1 - - [16/May/2026:09:40:09 +0700] "GET /index.php/img/gallery/img/gallery/img/gallery/img/gallery/sp/sp/sp/gard/sp/admin_gard/student/sp/admin_gard/student/sp/admin_gard/student/sp/sp/admin_gard/student/sp/sp/admin_gard/student/sp/admin_gard/student/sp/sp/admin_gard/student/sp/sp/admin_gard/student/sp/sp/admin_gard/student/sp/sp/admin_gard/student/sp/sp/sp/admin_gard/student/sp/sp/sp/sp/admin_gard/student/sp/admin_gard/student/sp/sp/sp/sp/sp/admin_gard/student/about.php HTTP/2" 200 9241 "-" "Mozilla/5.0 (compatible; MJ12bot/v1.4.8; http://mj12bot.com/)"
88.88.156.124 - - [16/May/2026:09:40:10 +0700] "GET /index.php/img/gallery/img/gallery/img/gallery/img/gallery/sp/sp/sp/gard/sp/admin_gard/student/sp/admin_gard/student/sp/admin_gard/student/sp/sp/admin_gard/student/sp/sp/admin_gard/student/sp/admin_gard/student/sp/sp/admin_gard/student/sp/sp/admin_gard/student/sp/sp/admin_gard/student/sp/sp/admin_gard/student/sp/sp/admin_gard/student/sp/admin_gard/student/sp/sp/sp/sp/sp/sp/sp/admin_gard/student/sp/sp/sp/admin_gard/student/sp/admin_gard/student/sp/news_details.php?news_id=00000000553 HTTP/2" 200 9249 "-" "Mozilla/5.0 (compatible; MJ12bot/v1.4.8; http://mj12bot.com/)"
88.88.156.124 - - [16/May/2026:09:40:11 +0700] "GET /index.php/img/gallery/img/gallery/img/gallery/img/gallery/sp/sp/sp/gard/sp/admin_gard/student/sp/admin_gard/student/sp/admin_gard/student/sp/sp/admin_gard/student/sp/sp/admin_gard/student/sp/admin_gard/student/sp/sp/admin_gard/student/sp/sp/admin_gard/student/sp/sp/admin_gard/student/sp/sp/admin_gard/student/sp/sp/admin_gard/student/sp/admin_gard/student/sp/sp/sp/sp/sp/sp/sp/admin_gard/student/sp/sp/sp/admin_gard/student/sp/admin_gard/student/sp/news_details.php?news_id=00000000554 HTTP/2" 200 9252 "-" "Mozilla/5.0 (compatible; MJ12bot/v1.4.8; http://mj12bot.com/)"
2a02:c207:3018:3702::1 - - [16/May/2026:09:40:11 +0700] "GET /index.php/img/gallery/img/gallery/img/gallery/img/gallery/sp/sp/sp/gard/sp/admin_gard/student/sp/admin_gard/student/sp/admin_gard/student/sp/sp/admin_gard/student/sp/sp/admin_gard/student/sp/admin_gard/student/sp/sp/admin_gard/student/sp/sp/admin_gard/student/sp/sp/admin_gard/student/sp/sp/admin_gard/student/sp/sp/sp/admin_gard/student/sp/sp/sp/sp/admin_gard/student/sp/admin_gard/student/sp/sp/sp/sp/sp/admin_gard/student/contact.php HTTP/2" 200 9249 "-" "Mozilla/5.0 (compatible; MJ12bot/v1.4.8; http://mj12bot.com/)"
2a02:c207:3018:3702::1 - - [16/May/2026:09:40:13 +0700] "GET /index.php/img/gallery/img/gallery/img/gallery/img/gallery/sp/sp/sp/gard/sp/admin_gard/student/sp/admin_gard/student/sp/admin_gard/student/sp/sp/admin_gard/student/sp/sp/admin_gard/student/sp/admin_gard/student/sp/sp/admin_gard/student/sp/sp/admin_gard/student/sp/sp/admin_gard/student/sp/sp/admin_gard/student/sp/sp/sp/admin_gard/student/sp/sp/sp/sp/admin_gard/student/sp/admin_gard/student/sp/sp/sp/sp/sp/admin_gard/student/index.php HTTP/2" 200 9194 "-" "Mozilla/5.0 (compatible; MJ12bot/v1.4.8; http://mj12bot.com/)"
88.88.156.124 - - [16/May/2026:09:40:13 +0700] "GET /index.php/img/gallery/img/gallery/img/gallery/img/gallery/sp/sp/sp/gard/sp/admin_gard/student/sp/admin_gard/student/sp/admin_gard/student/sp/sp/admin_gard/student/sp/sp/admin_gard/student/sp/admin_gard/student/sp/sp/admin_gard/student/sp/sp/admin_gard/student/sp/sp/admin_gard/student/sp/sp/admin_gard/student/sp/sp/admin_gard/student/sp/admin_gard/student/sp/sp/sp/sp/sp/sp/sp/admin_gard/student/sp/sp/sp/admin_gard/student/sp/admin_gard/student/sp/news_details.php?news_id=00000000555 HTTP/2" 200 9249 "-" "Mozilla/5.0 (compatible; MJ12bot/v1.4.8; http://mj12bot.com/)"
2a02:c207:3018:3702::1 - - [16/May/2026:09:40:15 +0700] "GET /index.php/img/gallery/img/gallery/img/gallery/img/gallery/sp/sp/sp/gard/sp/admin_gard/student/sp/admin_gard/student/sp/admin_gard/student/sp/sp/admin_gard/student/sp/sp/admin_gard/student/sp/admin_gard/student/sp/sp/admin_gard/student/sp/sp/admin_gard/student/sp/sp/admin_gard/student/sp/sp/admin_gard/student/sp/sp/sp/admin_gard/student/sp/sp/sp/sp/admin_gard/student/sp/admin_gard/student/sp/sp/sp/sp/sp/admin_gard/student/news.php HTTP/2" 200 9316 "-" "Mozilla/5.0 (compatible; MJ12bot/v1.4.8; http://mj12bot.com/)"
88.88.156.124 - - [16/May/2026:09:40:15 +0700] "GET /index.php/img/gallery/img/gallery/img/gallery/img/gallery/sp/sp/sp/gard/sp/admin_gard/student/sp/admin_gard/student/sp/admin_gard/student/sp/sp/admin_gard/student/sp/sp/admin_gard/student/sp/admin_gard/student/sp/sp/admin_gard/student/sp/sp/admin_gard/student/sp/sp/admin_gard/student/sp/sp/admin_gard/student/sp/sp/admin_gard/student/sp/admin_gard/student/sp/sp/sp/sp/sp/sp/sp/admin_gard/student/sp/sp/sp/admin_gard/student/sp/admin_gard/student/sp/news_image.php HTTP/2" 200 9237 "-" "Mozilla/5.0 (compatible; MJ12bot/v1.4.8; http://mj12bot.com/)"
88.88.156.124 - - [16/May/2026:09:40:16 +0700] "GET /index.php/img/gallery/img/gallery/img/gallery/img/gallery/sp/sp/sp/gard/sp/admin_gard/student/sp/admin_gard/student/sp/admin_gard/student/sp/sp/admin_gard/student/sp/sp/admin_gard/student/sp/admin_gard/student/sp/sp/admin_gard/student/sp/sp/admin_gard/student/sp/sp/admin_gard/student/sp/sp/admin_gard/student/sp/sp/admin_gard/student/sp/admin_gard/student/sp/sp/sp/sp/sp/sp/sp/admin_gard/student/sp/sp/sp/admin_gard/student/sp/admin_gard/student/sp/personnel.php HTTP/2" 200 9280 "-" "Mozilla/5.0 (compatible; MJ12bot/v1.4.8; http://mj12bot.com/)"
2a02:c207:3018:3702::1 - - [16/May/2026:09:40:17 +0700] "GET /index.php/img/gallery/img/gallery/img/gallery/img/gallery/sp/sp/sp/gard/sp/admin_gard/student/sp/admin_gard/student/sp/admin_gard/student/sp/sp/admin_gard/student/sp/sp/admin_gard/student/sp/admin_gard/student/sp/sp/admin_gard/student/sp/sp/admin_gard/student/sp/sp/admin_gard/student/sp/sp/admin_gard/student/sp/sp/sp/admin_gard/student/sp/sp/sp/sp/admin_gard/student/sp/admin_gard/student/sp/sp/sp/sp/sp/admin_gard/student/news_details.php?news_id=00000000396 HTTP/2" 200 9280 "-" "Mozilla/5.0 (compatible; MJ12bot/v1.4.8; http://mj12bot.com/)"
88.88.156.124 - - [16/May/2026:09:40:18 +0700] "GET /index.php/img/gallery/img/gallery/img/gallery/img/gallery/sp/sp/sp/gard/sp/admin_gard/student/sp/admin_gard/student/sp/admin_gard/student/sp/sp/admin_gard/student/sp/sp/admin_gard/student/sp/admin_gard/student/sp/sp/admin_gard/student/sp/sp/admin_gard/student/sp/sp/admin_gard/student/sp/sp/admin_gard/student/sp/sp/admin_gard/student/sp/admin_gard/student/sp/sp/sp/sp/sp/sp/sp/admin_gard/student/sp/sp/sp/admin_gard/student/sp/admin_gard/student/sp/relations.php HTTP/2" 200 9237 "-" "Mozilla/5.0 (compatible; MJ12bot/v1.4.8; http://mj12bot.com/)"
2a02:c207:3018:3702::1 - - [16/May/2026:09:40:19 +0700] "GET /index.php/img/gallery/img/gallery/img/gallery/img/gallery/sp/sp/sp/gard/sp/admin_gard/student/sp/admin_gard/student/sp/admin_gard/student/sp/sp/admin_gard/student/sp/sp/admin_gard/student/sp/admin_gard/student/sp/sp/admin_gard/student/sp/sp/admin_gard/student/sp/sp/admin_gard/student/sp/sp/admin_gard/student/sp/sp/sp/admin_gard/student/sp/sp/sp/sp/admin_gard/student/sp/admin_gard/student/sp/sp/sp/sp/sp/admin_gard/student/news_details.php?news_id=00000000397 HTTP/2" 200 9280 "-" "Mozilla/5.0 (compatible; MJ12bot/v1.4.8; http://mj12bot.com/)"
