114.119.133.116 - - [16/May/2026:10:03:10 +0700] "GET /news_details.php?news_id=00000000206 HTTP/2" 200 4401 "https://www.ccp.ac.th/news_image.php?page=45" "Mozilla/5.0 (Linux; Android 7.0;) AppleWebKit/537.36 (HTML, like Gecko) Mobile Safari/537.36 (compatible; PetalBot;+https://webmaster.petalsearch.com/site/petalbot)"
52.140.115.251 - - [16/May/2026:10:04:10 +0700] "GET / HTTP/2" 200 9218 "http://ccp.ac.th" "Mozilla/5.0 (Windows NT 10.0; Win64; x64) AppleWebKit/537.36 (KHTML, like Gecko) Chrome/123.0.0.0 Safari/537.36"
114.119.130.255 - - [16/May/2026:10:04:26 +0700] "GET /quvp96770630 HTTP/2" 404 26 "https://ccp.ac.th/quvp96770630" "Mozilla/5.0 (Linux; Android 7.0;) AppleWebKit/537.36 (HTML, like Gecko) Mobile Safari/537.36 (compatible; PetalBot;+https://webmaster.petalsearch.com/site/petalbot)"
18.215.77.19 - - [16/May/2026:10:04:52 +0700] "GET /admin/upload/images/%E0%B8%9B%E0%B8%B5%2066/%E0%B8%98%E0%B8%B1%E0%B8%99%E0%B8%A7%E0%B8%B2%E0%B8%84%E0%B8%A1/414387880_794151005854323_1502793514117078801_n.jpg HTTP/2" 200 362138 "-" "Mozilla/5.0 AppleWebKit/537.36 (KHTML, like Gecko; compatible; Amazonbot/0.1; +https://developer.amazon.com/support/amazonbot) Chrome/119.0.6045.214 Safari/537.36"
114.119.145.25 - - [16/May/2026:10:05:52 +0700] "GET /news_details.php?news_id=00000000422 HTTP/2" 200 4813 "https://www.ccp.ac.th/news_image.php?page=17" "Mozilla/5.0 (Linux; Android 7.0;) AppleWebKit/537.36 (HTML, like Gecko) Mobile Safari/537.36 (compatible; PetalBot;+https://webmaster.petalsearch.com/site/petalbot)"
147.92.179.105 - - [16/May/2026:10:06:20 +0700] "GET /fertilizer/login.php HTTP/2" 200 2913 "-" "facebookexternalhit/1.1;line-poker/1.0"
147.92.179.105 - - [16/May/2026:10:06:21 +0700] "GET /fertilizer/assets/img/logo1.gif HTTP/2" 404 26 "-" "facebookexternalhit/1.1;line-poker/1.0"
67.144.18.35 - - [16/May/2026:10:08:32 +0700] "GET /robots.txt HTTP/2" 404 26 "-" "Mozilla/5.0 (compatible; MJ12bot/v1.4.8; http://mj12bot.com/)"
67.144.18.35 - - [16/May/2026:10:08:35 +0700] "GET /index.php/img/gallery/img/gallery/img/gallery/img/gallery/sp/sp/sp/gard/sp/admin_gard/student/sp/admin_gard/student/sp/admin_gard/student/sp/sp/admin_gard/student/sp/sp/admin_gard/student/sp/admin_gard/student/sp/sp/admin_gard/student/sp/sp/admin_gard/student/sp/sp/admin_gard/student/sp/sp/admin_gard/student/sp/sp/admin_gard/student/sp/admin_gard/student/sp/sp/sp/sp/sp/sp/sp/sp/admin_gard/student/sp/admin_gard/student/sp/sp/news_details.php?news_id=00000000396 HTTP/2" 200 9381 "-" "Mozilla/5.0 (compatible; MJ12bot/v1.4.8; http://mj12bot.com/)"
67.144.18.35 - - [16/May/2026:10:08:37 +0700] "GET /index.php/img/gallery/img/gallery/img/gallery/img/gallery/sp/sp/sp/gard/sp/admin_gard/student/sp/admin_gard/student/sp/admin_gard/student/sp/sp/admin_gard/student/sp/sp/admin_gard/student/sp/admin_gard/student/sp/sp/admin_gard/student/sp/sp/admin_gard/student/sp/sp/admin_gard/student/sp/sp/admin_gard/student/sp/sp/admin_gard/student/sp/admin_gard/student/sp/sp/sp/sp/sp/sp/sp/sp/admin_gard/student/sp/admin_gard/student/sp/sp/news_details.php?news_id=00000000548 HTTP/2" 200 9285 "-" "Mozilla/5.0 (compatible; MJ12bot/v1.4.8; http://mj12bot.com/)"
67.144.18.35 - - [16/May/2026:10:08:39 +0700] "GET /index.php/img/gallery/img/gallery/img/gallery/img/gallery/sp/sp/sp/gard/sp/admin_gard/student/sp/admin_gard/student/sp/admin_gard/student/sp/sp/admin_gard/student/sp/sp/admin_gard/student/sp/admin_gard/student/sp/sp/admin_gard/student/sp/sp/admin_gard/student/sp/sp/admin_gard/student/sp/sp/admin_gard/student/sp/sp/admin_gard/student/sp/admin_gard/student/sp/sp/sp/sp/sp/sp/sp/sp/admin_gard/student/sp/admin_gard/student/sp/sp/news_details.php?news_id=00000000549 HTTP/2" 200 9242 "-" "Mozilla/5.0 (compatible; MJ12bot/v1.4.8; http://mj12bot.com/)"
67.144.18.35 - - [16/May/2026:10:08:41 +0700] "GET /index.php/img/gallery/img/gallery/img/gallery/img/gallery/sp/sp/sp/gard/sp/admin_gard/student/sp/admin_gard/student/sp/admin_gard/student/sp/sp/admin_gard/student/sp/sp/admin_gard/student/sp/admin_gard/student/sp/sp/admin_gard/student/sp/sp/admin_gard/student/sp/sp/admin_gard/student/sp/sp/admin_gard/student/sp/sp/admin_gard/student/sp/admin_gard/student/sp/sp/sp/sp/sp/sp/sp/sp/admin_gard/student/sp/admin_gard/student/sp/sp/news_details.php?news_id=00000000550 HTTP/2" 200 9253 "-" "Mozilla/5.0 (compatible; MJ12bot/v1.4.8; http://mj12bot.com/)"
67.144.18.35 - - [16/May/2026:10:08:43 +0700] "GET /index.php/img/gallery/img/gallery/img/gallery/img/gallery/sp/sp/sp/gard/sp/admin_gard/student/sp/admin_gard/student/sp/admin_gard/student/sp/sp/admin_gard/student/sp/sp/admin_gard/student/sp/admin_gard/student/sp/sp/admin_gard/student/sp/sp/admin_gard/student/sp/sp/admin_gard/student/sp/sp/admin_gard/student/sp/sp/admin_gard/student/sp/admin_gard/student/sp/sp/sp/sp/sp/sp/sp/sp/admin_gard/student/sp/admin_gard/student/sp/sp/news_details.php?news_id=00000000551 HTTP/2" 200 9221 "-" "Mozilla/5.0 (compatible; MJ12bot/v1.4.8; http://mj12bot.com/)"
67.144.18.35 - - [16/May/2026:10:08:45 +0700] "GET /index.php/img/gallery/img/gallery/img/gallery/img/gallery/sp/sp/sp/gard/sp/admin_gard/student/sp/admin_gard/student/sp/admin_gard/student/sp/sp/admin_gard/student/sp/sp/admin_gard/student/sp/admin_gard/student/sp/sp/admin_gard/student/sp/sp/admin_gard/student/sp/sp/admin_gard/student/sp/sp/admin_gard/student/sp/sp/admin_gard/student/sp/admin_gard/student/sp/sp/sp/sp/sp/sp/sp/sp/admin_gard/student/sp/admin_gard/student/sp/sp/news_details.php?news_id=00000000553 HTTP/2" 200 9222 "-" "Mozilla/5.0 (compatible; MJ12bot/v1.4.8; http://mj12bot.com/)"
67.144.18.35 - - [16/May/2026:10:08:47 +0700] "GET /index.php/img/gallery/img/gallery/img/gallery/img/gallery/sp/sp/sp/gard/sp/admin_gard/student/sp/admin_gard/student/sp/admin_gard/student/sp/sp/admin_gard/student/sp/sp/admin_gard/student/sp/admin_gard/student/sp/sp/admin_gard/student/sp/sp/admin_gard/student/sp/sp/admin_gard/student/sp/sp/admin_gard/student/sp/sp/admin_gard/student/sp/admin_gard/student/sp/sp/sp/sp/sp/sp/sp/sp/admin_gard/student/sp/admin_gard/student/sp/sp/news_details.php?news_id=00000000554 HTTP/2" 200 9254 "-" "Mozilla/5.0 (compatible; MJ12bot/v1.4.8; http://mj12bot.com/)"
67.144.18.35 - - [16/May/2026:10:08:48 +0700] "GET /index.php/img/gallery/img/gallery/img/gallery/img/gallery/sp/sp/sp/gard/sp/admin_gard/student/sp/admin_gard/student/sp/admin_gard/student/sp/sp/admin_gard/student/sp/sp/admin_gard/student/sp/admin_gard/student/sp/sp/admin_gard/student/sp/sp/admin_gard/student/sp/sp/admin_gard/student/sp/sp/admin_gard/student/sp/sp/admin_gard/student/sp/admin_gard/student/sp/sp/sp/sp/sp/sp/sp/sp/admin_gard/student/sp/admin_gard/student/sp/sp/news_details.php?news_id=00000000555 HTTP/2" 200 9243 "-" "Mozilla/5.0 (compatible; MJ12bot/v1.4.8; http://mj12bot.com/)"
114.119.141.27 - - [16/May/2026:10:09:01 +0700] "GET /news_details.php?news_id=00000000305 HTTP/2" 200 4500 "https://www.ccp.ac.th/news_image.php?page=31" "Mozilla/5.0 (Linux; Android 7.0;) AppleWebKit/537.36 (HTML, like Gecko) Mobile Safari/537.36 (compatible; PetalBot;+https://webmaster.petalsearch.com/site/petalbot)"
114.119.145.25 - - [16/May/2026:10:09:56 +0700] "GET /news_details.php?news_id=00000000370 HTTP/2" 200 4699 "https://www.ccp.ac.th/news_image.php?page=22" "Mozilla/5.0 (Linux; Android 7.0;) AppleWebKit/537.36 (HTML, like Gecko) Mobile Safari/537.36 (compatible; PetalBot;+https://webmaster.petalsearch.com/site/petalbot)"
216.244.66.198 - - [16/May/2026:10:10:53 +0700] "GET /admin/upload/files/2%E0%B8%9A%E0%B8%97%E0%B8%84%E0%B8%B1%E0%B8%94%E0%B8%A2%E0%B9%88%E0%B8%AD.pdf HTTP/2" 200 78605 "-" "Mozilla/5.0 (compatible; DotBot/1.2; +https://opensiteexplorer.org/dotbot; [email protected])"
114.119.130.255 - - [16/May/2026:10:10:54 +0700] "GET /index.phphcavuzdyf186495 HTTP/2" 404 26 "https://www.ccp.ac.th/index.phphcavuzdyf186495" "Mozilla/5.0 (Linux; Android 7.0;) AppleWebKit/537.36 (HTML, like Gecko) Mobile Safari/537.36 (compatible; PetalBot;+https://webmaster.petalsearch.com/site/petalbot)"
147.92.179.118 - - [16/May/2026:10:11:01 +0700] "GET /fertilizer/login.php HTTP/2" 200 2915 "-" "facebookexternalhit/1.1;line-poker/1.0"
114.119.141.27 - - [16/May/2026:10:11:47 +0700] "GET /gard/sp/sp/sp/sp/admin_gard/student/sp/sp/sp/sp/img/member/boss2.jpg HTTP/2" 404 26 "https://www.ccp.ac.th/gard/sp/sp/sp/sp/admin_gard/student/sp/sp/sp/sp/about.php" "Mozilla/5.0 (Linux; Android 7.0;) AppleWebKit/537.36 (HTML, like Gecko) Mobile Safari/537.36 (compatible; PetalBot;+https://webmaster.petalsearch.com/site/petalbot)"
114.119.143.68 - - [16/May/2026:10:12:52 +0700] "GET /shcuz14572901 HTTP/2" 404 26 "https://ccp.ac.th/shcuz14572901" "Mozilla/5.0 (Linux; Android 7.0;) AppleWebKit/537.36 (HTML, like Gecko) Mobile Safari/537.36 (compatible; PetalBot;+https://webmaster.petalsearch.com/site/petalbot)"
114.119.142.156 - - [16/May/2026:10:14:16 +0700] "GET /rasvjli49507871 HTTP/2" 404 26 "https://ccp.ac.th/rasvjli49507871" "Mozilla/5.0 (Linux; Android 7.0;) AppleWebKit/537.36 (HTML, like Gecko) Mobile Safari/537.36 (compatible; PetalBot;+https://webmaster.petalsearch.com/site/petalbot)"
144.76.32.238 - - [16/May/2026:10:14:16 +0700] "GET /robots.txt HTTP/2" 404 26 "-" "Mozilla/5.0 (compatible; SERankingBacklinksBot/1.0; +https://seranking.com/backlinks-crawler)"
144.76.32.238 - - [16/May/2026:10:14:18 +0700] "GET /index_show_activty_pic.php?category_activty_id1=195 HTTP/2" 404 26 "-" "Mozilla/5.0 (compatible; SERankingBacklinksBot/1.0; +https://seranking.com/backlinks-crawler)"
114.119.142.156 - - [16/May/2026:10:15:38 +0700] "GET /reapsqzscb41383199 HTTP/2" 404 26 "https://ccp.ac.th/reapsqzscb41383199" "Mozilla/5.0 (Linux; Android 7.0;) AppleWebKit/537.36 (HTML, like Gecko) Mobile Safari/537.36 (compatible; PetalBot;+https://webmaster.petalsearch.com/site/petalbot)"
52.167.144.169 - - [16/May/2026:10:15:42 +0700] "GET /admin/upload/images/%E0%B8%9B%E0%B8%B5%2068/%E0%B8%A7%E0%B8%B4%E0%B8%8A%E0%B8%B2%E0%B8%81%E0%B8%B2%E0%B8%A3%E0%B9%83%E0%B8%95%E0%B9%89/517984476_1158441176091969_5044380664872237309_n.jpg HTTP/2" 200 1841330 "-" "Mozilla/5.0 AppleWebKit/537.36 (KHTML, like Gecko; compatible; bingbot/2.0; +http://www.bing.com/bingbot.htm) Chrome/116.0.1938.76 Safari/537.36"
114.119.141.27 - - [16/May/2026:10:17:05 +0700] "GET /news_details.php?news_id=00000000171 HTTP/2" 200 4271 "https://www.ccp.ac.th/relations.php?page=10" "Mozilla/5.0 (Linux; Android 7.0;) AppleWebKit/537.36 (HTML, like Gecko) Mobile Safari/537.36 (compatible; PetalBot;+https://webmaster.petalsearch.com/site/petalbot)"
104.164.168.15 - - [16/May/2026:10:18:22 +0700] "GET //wp-includes/ID3/license.txt HTTP/2" 404 26 "-" "Mozilla/5.0 (Windows NT 10.0; Win64; x64) AppleWebKit/537.36 (KHTML, like Gecko) Chrome/95.0.4638.69 Safari/537.36"
104.164.168.15 - - [16/May/2026:10:18:23 +0700] "GET //feed/ HTTP/2" 404 26 "-" "Mozilla/5.0 (Windows NT 10.0; Win64; x64) AppleWebKit/537.36 (KHTML, like Gecko) Chrome/95.0.4638.69 Safari/537.36"
104.164.168.15 - - [16/May/2026:10:18:23 +0700] "GET //xmlrpc.php?rsd HTTP/2" 404 26 "-" "Mozilla/5.0 (Windows NT 10.0; Win64; x64) AppleWebKit/537.36 (KHTML, like Gecko) Chrome/95.0.4638.69 Safari/537.36"
104.164.168.15 - - [16/May/2026:10:18:23 +0700] "GET //blog/wp-includes/wlwmanifest.xml HTTP/2" 404 26 "-" "Mozilla/5.0 (Windows NT 10.0; Win64; x64) AppleWebKit/537.36 (KHTML, like Gecko) Chrome/95.0.4638.69 Safari/537.36"
104.164.168.15 - - [16/May/2026:10:18:23 +0700] "GET //web/wp-includes/wlwmanifest.xml HTTP/2" 404 26 "-" "Mozilla/5.0 (Windows NT 10.0; Win64; x64) AppleWebKit/537.36 (KHTML, like Gecko) Chrome/95.0.4638.69 Safari/537.36"
104.164.168.15 - - [16/May/2026:10:18:23 +0700] "GET //wordpress/wp-includes/wlwmanifest.xml HTTP/2" 404 26 "-" "Mozilla/5.0 (Windows NT 10.0; Win64; x64) AppleWebKit/537.36 (KHTML, like Gecko) Chrome/95.0.4638.69 Safari/537.36"
104.164.168.15 - - [16/May/2026:10:18:23 +0700] "GET //wp/wp-includes/wlwmanifest.xml HTTP/2" 404 26 "-" "Mozilla/5.0 (Windows NT 10.0; Win64; x64) AppleWebKit/537.36 (KHTML, like Gecko) Chrome/95.0.4638.69 Safari/537.36"
104.164.168.15 - - [16/May/2026:10:18:23 +0700] "GET //2020/wp-includes/wlwmanifest.xml HTTP/2" 404 26 "-" "Mozilla/5.0 (Windows NT 10.0; Win64; x64) AppleWebKit/537.36 (KHTML, like Gecko) Chrome/95.0.4638.69 Safari/537.36"
104.164.168.15 - - [16/May/2026:10:18:23 +0700] "GET //2019/wp-includes/wlwmanifest.xml HTTP/2" 404 26 "-" "Mozilla/5.0 (Windows NT 10.0; Win64; x64) AppleWebKit/537.36 (KHTML, like Gecko) Chrome/95.0.4638.69 Safari/537.36"
104.164.168.15 - - [16/May/2026:10:18:23 +0700] "GET //2021/wp-includes/wlwmanifest.xml HTTP/2" 404 26 "-" "Mozilla/5.0 (Windows NT 10.0; Win64; x64) AppleWebKit/537.36 (KHTML, like Gecko) Chrome/95.0.4638.69 Safari/537.36"
104.164.168.15 - - [16/May/2026:10:18:23 +0700] "GET //shop/wp-includes/wlwmanifest.xml HTTP/2" 404 26 "-" "Mozilla/5.0 (Windows NT 10.0; Win64; x64) AppleWebKit/537.36 (KHTML, like Gecko) Chrome/95.0.4638.69 Safari/537.36"
104.164.168.15 - - [16/May/2026:10:18:23 +0700] "GET //wp1/wp-includes/wlwmanifest.xml HTTP/2" 404 26 "-" "Mozilla/5.0 (Windows NT 10.0; Win64; x64) AppleWebKit/537.36 (KHTML, like Gecko) Chrome/95.0.4638.69 Safari/537.36"
104.164.168.15 - - [16/May/2026:10:18:23 +0700] "GET //test/wp-includes/wlwmanifest.xml HTTP/2" 404 26 "-" "Mozilla/5.0 (Windows NT 10.0; Win64; x64) AppleWebKit/537.36 (KHTML, like Gecko) Chrome/95.0.4638.69 Safari/537.36"
104.164.168.15 - - [16/May/2026:10:18:23 +0700] "GET //site/wp-includes/wlwmanifest.xml HTTP/2" 404 26 "-" "Mozilla/5.0 (Windows NT 10.0; Win64; x64) AppleWebKit/537.36 (KHTML, like Gecko) Chrome/95.0.4638.69 Safari/537.36"
104.164.168.15 - - [16/May/2026:10:18:23 +0700] "GET //cms/wp-includes/wlwmanifest.xml HTTP/2" 404 26 "-" "Mozilla/5.0 (Windows NT 10.0; Win64; x64) AppleWebKit/537.36 (KHTML, like Gecko) Chrome/95.0.4638.69 Safari/537.36"
114.119.134.116 - - [16/May/2026:10:18:26 +0700] "GET /news_details.php?news_id=00000000124 HTTP/2" 200 4384 "https://www.ccp.ac.th/news_image.php?page=55" "Mozilla/5.0 (Linux; Android 7.0;) AppleWebKit/537.36 (HTML, like Gecko) Mobile Safari/537.36 (compatible; PetalBot;+https://webmaster.petalsearch.com/site/petalbot)"
114.119.145.25 - - [16/May/2026:10:19:50 +0700] "GET /news_details.php?news_id=00000000216 HTTP/2" 200 4401 "https://www.ccp.ac.th/news_image.php?page=44" "Mozilla/5.0 (Linux; Android 7.0;) AppleWebKit/537.36 (HTML, like Gecko) Mobile Safari/537.36 (compatible; PetalBot;+https://webmaster.petalsearch.com/site/petalbot)"
114.119.134.159 - - [16/May/2026:10:21:13 +0700] "GET /admin/upload/images/news2562/sp/admin/images/news_63cdd48cccb2d.jpg HTTP/2" 404 26 "https://www.ccp.ac.th/admin/upload/images/news2562/sp/news_details.php?news_id=00000000451" "Mozilla/5.0 (Linux; Android 7.0;) AppleWebKit/537.36 (HTML, like Gecko) Mobile Safari/537.36 (compatible; PetalBot;+https://webmaster.petalsearch.com/site/petalbot)"
52.167.144.172 - - [16/May/2026:10:23:23 +0700] "GET /news_details.php?news_id=00000000476 HTTP/2" 200 5424 "-" "Mozilla/5.0 AppleWebKit/537.36 (KHTML, like Gecko; compatible; bingbot/2.0; +http://www.bing.com/bingbot.htm) Chrome/116.0.1938.76 Safari/537.36"
49.36.80.122 - - [16/May/2026:10:23:26 +0700] "GET /index_show_declaration.php?declaration_id=149 HTTP/2" 404 26 "-" "Mozilla/5.0 (Macintosh; Intel Mac OS X 10.15; rv:133.0) Gecko/20100101 Firefox/133.0"
216.73.217.135 - - [16/May/2026:10:24:18 +0700] "GET /robots.txt HTTP/2" 404 26 "-" "Mozilla/5.0 AppleWebKit/537.36 (KHTML, like Gecko; compatible; ClaudeBot/1.0; [email protected])"
216.73.217.135 - - [16/May/2026:10:24:18 +0700] "GET /admin/images/news_69cf272f1f06e.php?path=%2Fvar%2Fwww%2Fvhosts%2Fccp.ac.th%2Fhttpdocs%2Fnew%2Fmoodle%2Flib%2Fspout%2Fsrc%2FSpout%2FWriter%2FXLSX%2FManager%2FStyle HTTP/2" 200 1050 "-" "Mozilla/5.0 AppleWebKit/537.36 (KHTML, like Gecko; compatible; ClaudeBot/1.0; [email protected])"
216.73.217.135 - - [16/May/2026:10:24:19 +0700] "GET /admin/images/news_69cf272f1f06e.php?filesrc=%2Fvar%2Fwww%2Fvhosts%2Fccp.ac.th%2Fhttpdocs%2Fhttpdocs%2Fmoodle%2Fquestion%2Ftype%2Fnumerical%2Flang%2Fen%2Ftools.php&path=%2Fvar%2Fwww%2Fvhosts%2Fccp.ac.th%2Fhttpdocs%2Fhttpdocs%2Fmoodle%2Fquestion%2Ftype%2Fnumerical%2Flang%2Fen HTTP/2" 200 742 "-" "Mozilla/5.0 AppleWebKit/537.36 (KHTML, like Gecko; compatible; ClaudeBot/1.0; [email protected])"
216.73.217.135 - - [16/May/2026:10:24:24 +0700] "GET /admin/images/news_69cf272f1f06e.php?filesrc=%2Fvar%2Fwww%2Fvhosts%2Fccp.ac.th%2Fhttpdocs%2Fnew%2Fmoodle%2Flib%2Fspout%2Fsrc%2FSpout%2FReader%2FODS%2FHelper%2Ftools.php&path=%2Fvar%2Fwww%2Fvhosts%2Fccp.ac.th%2Fhttpdocs%2Fnew%2Fmoodle%2Flib%2Fspout%2Fsrc%2FSpout%2FReader%2FODS%2FHelper HTTP/2" 200 766 "-" "Mozilla/5.0 AppleWebKit/537.36 (KHTML, like Gecko; compatible; ClaudeBot/1.0; [email protected])"
216.73.217.135 - - [16/May/2026:10:24:24 +0700] "GET /admin/images/news_69cf272f1f06e.php?filesrc=%2Fvar%2Fwww%2Fvhosts%2Fccp.ac.th%2Fhttpdocs%2Fnew%2Fmoodle%2Flib%2Fspout%2Fsrc%2FSpout%2FReader%2FXLSX%2FManager%2Ftools.php&path=%2Fvar%2Fwww%2Fvhosts%2Fccp.ac.th%2Fhttpdocs%2Fnew%2Fmoodle%2Flib%2Fspout%2Fsrc%2FSpout%2FReader%2FXLSX%2FManager HTTP/2" 200 769 "-" "Mozilla/5.0 AppleWebKit/537.36 (KHTML, like Gecko; compatible; ClaudeBot/1.0; [email protected])"
216.73.217.135 - - [16/May/2026:10:24:32 +0700] "GET /admin/images/news_69cf272f1f06e.php?filesrc=%2Fvar%2Fwww%2Fvhosts%2Fccp.ac.th%2Fhttpdocs%2Fnew%2Fmoodle%2Flib%2Fspout%2Fsrc%2FSpout%2FReader%2FODS%2FManager%2Ftools.php&path=%2Fvar%2Fwww%2Fvhosts%2Fccp.ac.th%2Fhttpdocs%2Fnew%2Fmoodle%2Flib%2Fspout%2Fsrc%2FSpout%2FReader%2FODS%2FManager HTTP/2" 200 766 "-" "Mozilla/5.0 AppleWebKit/537.36 (KHTML, like Gecko; compatible; ClaudeBot/1.0; [email protected])"
216.73.217.135 - - [16/May/2026:10:24:32 +0700] "GET /admin/images/news_69cf272f1f06e.php?filesrc=%2Fvar%2Fwww%2Fvhosts%2Fccp.ac.th%2Fhttpdocs%2Fnew%2Fmoodle%2Flib%2Fspout%2Fsrc%2FSpout%2FReader%2FCSV%2FManager%2Ftools.php&path=%2Fvar%2Fwww%2Fvhosts%2Fccp.ac.th%2Fhttpdocs%2Fnew%2Fmoodle%2Flib%2Fspout%2Fsrc%2FSpout%2FReader%2FCSV%2FManager HTTP/2" 200 766 "-" "Mozilla/5.0 AppleWebKit/537.36 (KHTML, like Gecko; compatible; ClaudeBot/1.0; [email protected])"
52.167.144.169 - - [16/May/2026:10:25:04 +0700] "GET /admin/images/news_69160397e01b6.jpg HTTP/2" 200 424240 "-" "Mozilla/5.0 AppleWebKit/537.36 (KHTML, like Gecko; compatible; bingbot/2.0; +http://www.bing.com/bingbot.htm) Chrome/116.0.1938.76 Safari/537.36"
216.73.217.135 - - [16/May/2026:10:25:12 +0700] "GET /admin/images/news_69cf272f1f06e.php?filesrc=%2Fvar%2Fwww%2Fvhosts%2Fccp.ac.th%2Fhttpdocs%2Fnew%2Fmoodle%2Flib%2Fspout%2Fsrc%2FSpout%2FReader%2FCommon%2FEntity%2Ftools.php&path=%2Fvar%2Fwww%2Fvhosts%2Fccp.ac.th%2Fhttpdocs%2Fnew%2Fmoodle%2Flib%2Fspout%2Fsrc%2FSpout%2FReader%2FCommon%2FEntity HTTP/2" 200 766 "-" "Mozilla/5.0 AppleWebKit/537.36 (KHTML, like Gecko; compatible; ClaudeBot/1.0; [email protected])"
216.73.217.135 - - [16/May/2026:10:25:12 +0700] "GET /admin/images/news_69cf272f1f06e.php?filesrc=%2Fvar%2Fwww%2Fvhosts%2Fccp.ac.th%2Fhttpdocs%2Fnew%2Fmoodle%2Flib%2Fspout%2Fsrc%2FSpout%2FReader%2FCommon%2FManager%2Ftools.php&path=%2Fvar%2Fwww%2Fvhosts%2Fccp.ac.th%2Fhttpdocs%2Fnew%2Fmoodle%2Flib%2Fspout%2Fsrc%2FSpout%2FReader%2FCommon%2FManager HTTP/2" 200 766 "-" "Mozilla/5.0 AppleWebKit/537.36 (KHTML, like Gecko; compatible; ClaudeBot/1.0; [email protected])"
216.73.217.135 - - [16/May/2026:10:25:20 +0700] "GET /admin/images/news_69cf272f1f06e.php?filesrc=%2Fvar%2Fwww%2Fvhosts%2Fccp.ac.th%2Fhttpdocs%2Fnew%2Fmoodle%2Flib%2Fspout%2Fsrc%2FSpout%2FWriter%2FXLSX%2FHelper%2Ftools.php&path=%2Fvar%2Fwww%2Fvhosts%2Fccp.ac.th%2Fhttpdocs%2Fnew%2Fmoodle%2Flib%2Fspout%2Fsrc%2FSpout%2FWriter%2FXLSX%2FHelper HTTP/2" 200 770 "-" "Mozilla/5.0 AppleWebKit/537.36 (KHTML, like Gecko; compatible; ClaudeBot/1.0; [email protected])"
216.73.217.135 - - [16/May/2026:10:25:20 +0700] "GET /admin/images/news_69cf272f1f06e.php?filesrc=%2Fvar%2Fwww%2Fvhosts%2Fccp.ac.th%2Fhttpdocs%2Fnew%2Fmoodle%2Flib%2Fspout%2Fsrc%2FSpout%2FReader%2FCommon%2FEntity%2FOptions.php&path=%2Fvar%2Fwww%2Fvhosts%2Fccp.ac.th%2Fhttpdocs%2Fnew%2Fmoodle%2Flib%2Fspout%2Fsrc%2FSpout%2FReader%2FCommon%2FEntity HTTP/2" 200 1054 "-" "Mozilla/5.0 AppleWebKit/537.36 (KHTML, like Gecko; compatible; ClaudeBot/1.0; [email protected])"
114.119.142.156 - - [16/May/2026:10:25:30 +0700] "GET /undehf3304153 HTTP/2" 404 26 "https://ccp.ac.th/undehf3304153" "Mozilla/5.0 (Linux; Android 7.0;) AppleWebKit/537.36 (HTML, like Gecko) Mobile Safari/537.36 (compatible; PetalBot;+https://webmaster.petalsearch.com/site/petalbot)"
216.73.217.135 - - [16/May/2026:10:25:30 +0700] "GET /admin/images/news_69cf272f1f06e.php?filesrc=%2Fvar%2Fwww%2Fvhosts%2Fccp.ac.th%2Fhttpdocs%2Fnew%2Fmoodle%2Flib%2Fspout%2Fsrc%2FSpout%2FWriter%2FXLSX%2FManager%2Ftools.php&path=%2Fvar%2Fwww%2Fvhosts%2Fccp.ac.th%2Fhttpdocs%2Fnew%2Fmoodle%2Flib%2Fspout%2Fsrc%2FSpout%2FWriter%2FXLSX%2FManager HTTP/2" 200 770 "-" "Mozilla/5.0 AppleWebKit/537.36 (KHTML, like Gecko; compatible; ClaudeBot/1.0; [email protected])"
216.73.217.135 - - [16/May/2026:10:25:30 +0700] "GET /admin/images/news_69cf272f1f06e.php?filesrc=%2Fvar%2Fwww%2Fvhosts%2Fccp.ac.th%2Fhttpdocs%2Fnew%2Fmoodle%2Flib%2Fspout%2Fsrc%2FSpout%2FWriter%2FException%2FBorder%2Ftools.php&path=%2Fvar%2Fwww%2Fvhosts%2Fccp.ac.th%2Fhttpdocs%2Fnew%2Fmoodle%2Flib%2Fspout%2Fsrc%2FSpout%2FWriter%2FException%2FBorder HTTP/2" 200 765 "-" "Mozilla/5.0 AppleWebKit/537.36 (KHTML, like Gecko; compatible; ClaudeBot/1.0; [email protected])"
216.73.217.135 - - [16/May/2026:10:25:51 +0700] "GET /admin/images/news_69cf272f1f06e.php?filesrc=%2Fvar%2Fwww%2Fvhosts%2Fccp.ac.th%2Fhttpdocs%2Fnew%2Fmoodle%2Flib%2Fspout%2Fsrc%2FSpout%2FCommon%2FEntity%2FStyle%2Ftools.php&path=%2Fvar%2Fwww%2Fvhosts%2Fccp.ac.th%2Fhttpdocs%2Fnew%2Fmoodle%2Flib%2Fspout%2Fsrc%2FSpout%2FCommon%2FEntity%2FStyle HTTP/2" 200 766 "-" "Mozilla/5.0 AppleWebKit/537.36 (KHTML, like Gecko; compatible; ClaudeBot/1.0; [email protected])"
216.73.217.135 - - [16/May/2026:10:25:51 +0700] "GET /admin/images/news_69cf272f1f06e.php?filesrc=%2Fvar%2Fwww%2Fvhosts%2Fccp.ac.th%2Fhttpdocs%2Fnew%2Fmoodle%2Flib%2Fspout%2Fsrc%2FSpout%2FWriter%2FODS%2FHelper%2Ftools.php&path=%2Fvar%2Fwww%2Fvhosts%2Fccp.ac.th%2Fhttpdocs%2Fnew%2Fmoodle%2Flib%2Fspout%2Fsrc%2FSpout%2FWriter%2FODS%2FHelper HTTP/2" 200 767 "-" "Mozilla/5.0 AppleWebKit/537.36 (KHTML, like Gecko; compatible; ClaudeBot/1.0; [email protected])"
114.119.134.159 - - [16/May/2026:10:26:24 +0700] "GET /unabchakc70751952 HTTP/2" 404 26 "https://ccp.ac.th/unabchakc70751952" "Mozilla/5.0 (Linux; Android 7.0;) AppleWebKit/537.36 (HTML, like Gecko) Mobile Safari/537.36 (compatible; PetalBot;+https://webmaster.petalsearch.com/site/petalbot)"
216.73.217.135 - - [16/May/2026:10:26:32 +0700] "GET /admin/images/news_69cf272f1f06e.php?filesrc=%2Fvar%2Fwww%2Fvhosts%2Fccp.ac.th%2Fhttpdocs%2Fnew%2Fmoodle%2Flib%2Fspout%2Fsrc%2FSpout%2FCommon%2FEntity%2FStyle%2FStyle.php&path=%2Fvar%2Fwww%2Fvhosts%2Fccp.ac.th%2Fhttpdocs%2Fnew%2Fmoodle%2Flib%2Fspout%2Fsrc%2FSpout%2FCommon%2FEntity%2FStyle HTTP/2" 200 2293 "-" "Mozilla/5.0 AppleWebKit/537.36 (KHTML, like Gecko; compatible; ClaudeBot/1.0; [email protected])"
216.73.217.135 - - [16/May/2026:10:26:33 +0700] "GET /admin/images/news_69cf272f1f06e.php?filesrc=%2Fvar%2Fwww%2Fvhosts%2Fccp.ac.th%2Fhttpdocs%2Fnew%2Fmoodle%2Flib%2Fspout%2Fsrc%2FSpout%2FCommon%2FHelper%2FEscaper%2Ftools.php&path=%2Fvar%2Fwww%2Fvhosts%2Fccp.ac.th%2Fhttpdocs%2Fnew%2Fmoodle%2Flib%2Fspout%2Fsrc%2FSpout%2FCommon%2FHelper%2FEscaper HTTP/2" 200 766 "-" "Mozilla/5.0 AppleWebKit/537.36 (KHTML, like Gecko; compatible; ClaudeBot/1.0; [email protected])"
117.4.91.185 - - [16/May/2026:10:26:43 +0700] "GET /index_show_declaration.php?declaration_id=116 HTTP/2" 404 26 "-" "Mozilla/5.0 (Macintosh; Intel Mac OS X 10.15; rv:133.0) Gecko/20100101 Firefox/133.0"
113.182.29.107 - - [16/May/2026:10:26:46 +0700] "GET /personal.php?personal_id1=37 HTTP/2" 404 26 "-" "Mozilla/5.0 (Macintosh; Intel Mac OS X 10_15_7) AppleWebKit/537.36 (KHTML, like Gecko) Chrome/146.0.0.0 Safari/537.36"
27.145.33.144 - - [16/May/2026:10:26:48 +0700] "GET /index_show_declaration.php?declaration_id=147 HTTP/2" 404 26 "-" "Mozilla/5.0 (Macintosh; Intel Mac OS X 10.15; rv:133.0) Gecko/20100101 Firefox/133.0"
216.73.217.135 - - [16/May/2026:10:27:02 +0700] "GET /admin/images/news_69cf272f1f06e.php?path=%2Fvar%2Fwww%2Fvhosts%2Fccp.ac.th%2Fhttpdocs%2Fnew%2Fmoodle%2Flib%2Fspout%2Fsrc%2FSpout%2FWriter%2FCommon%2FCreator%2FStyle HTTP/2" 200 1079 "-" "Mozilla/5.0 AppleWebKit/537.36 (KHTML, like Gecko; compatible; ClaudeBot/1.0; [email protected])"
216.73.217.135 - - [16/May/2026:10:27:02 +0700] "GET /admin/images/news_69cf272f1f06e.php?filesrc=%2Fvar%2Fwww%2Fvhosts%2Fccp.ac.th%2Fhttpdocs%2Fnew%2Fmoodle%2Flib%2Fspout%2Fsrc%2FSpout%2FCommon%2FHelper%2FEscaper%2FXLSX.php&path=%2Fvar%2Fwww%2Fvhosts%2Fccp.ac.th%2Fhttpdocs%2Fnew%2Fmoodle%2Flib%2Fspout%2Fsrc%2FSpout%2FCommon%2FHelper%2FEscaper HTTP/2" 200 2659 "-" "Mozilla/5.0 AppleWebKit/537.36 (KHTML, like Gecko; compatible; ClaudeBot/1.0; [email protected])"
216.73.217.135 - - [16/May/2026:10:27:10 +0700] "GET /admin/images/news_69cf272f1f06e.php?filesrc=%2Fvar%2Fwww%2Fvhosts%2Fccp.ac.th%2Fhttpdocs%2Fnew%2Fmoodle%2Flib%2Fspout%2Fsrc%2FSpout%2FCommon%2FEntity%2FStyle%2FBorder.php&path=%2Fvar%2Fwww%2Fvhosts%2Fccp.ac.th%2Fhttpdocs%2Fnew%2Fmoodle%2Flib%2Fspout%2Fsrc%2FSpout%2FCommon%2FEntity%2FStyle HTTP/2" 200 1338 "-" "Mozilla/5.0 AppleWebKit/537.36 (KHTML, like Gecko; compatible; ClaudeBot/1.0; [email protected])"
114.119.134.159 - - [16/May/2026:10:27:10 +0700] "GET /thervl6335217 HTTP/2" 404 26 "https://ccp.ac.th/thervl6335217" "Mozilla/5.0 (Linux; Android 7.0;) AppleWebKit/537.36 (HTML, like Gecko) Mobile Safari/537.36 (compatible; PetalBot;+https://webmaster.petalsearch.com/site/petalbot)"
216.73.217.135 - - [16/May/2026:10:27:10 +0700] "GET /admin/images/news_69cf272f1f06e.php?filesrc=%2Fvar%2Fwww%2Fvhosts%2Fccp.ac.th%2Fhttpdocs%2Fnew%2Fmoodle%2Flib%2Fspout%2Fsrc%2FSpout%2FCommon%2FEntity%2FStyle%2FColor.php&path=%2Fvar%2Fwww%2Fvhosts%2Fccp.ac.th%2Fhttpdocs%2Fnew%2Fmoodle%2Flib%2Fspout%2Fsrc%2FSpout%2FCommon%2FEntity%2FStyle HTTP/2" 200 1672 "-" "Mozilla/5.0 AppleWebKit/537.36 (KHTML, like Gecko; compatible; ClaudeBot/1.0; [email protected])"
216.73.217.135 - - [16/May/2026:10:27:20 +0700] "GET /admin/images/news_69cf272f1f06e.php?filesrc=%2Fvar%2Fwww%2Fvhosts%2Fccp.ac.th%2Fhttpdocs%2Fnew%2Fmoodle%2Flib%2Fspout%2Fsrc%2FSpout%2FCommon%2FHelper%2FEscaper%2FODS.php&path=%2Fvar%2Fwww%2Fvhosts%2Fccp.ac.th%2Fhttpdocs%2Fnew%2Fmoodle%2Flib%2Fspout%2Fsrc%2FSpout%2FCommon%2FHelper%2FEscaper HTTP/2" 200 1697 "-" "Mozilla/5.0 AppleWebKit/537.36 (KHTML, like Gecko; compatible; ClaudeBot/1.0; [email protected])"
216.73.217.135 - - [16/May/2026:10:27:30 +0700] "GET /admin/images/news_69cf272f1f06e.php?filesrc=%2Fvar%2Fwww%2Fvhosts%2Fccp.ac.th%2Fhttpdocs%2Fnew%2Fmoodle%2Flib%2Fspout%2Fsrc%2FSpout%2FCommon%2FHelper%2FEscaper%2FCSV.php&path=%2Fvar%2Fwww%2Fvhosts%2Fccp.ac.th%2Fhttpdocs%2Fnew%2Fmoodle%2Flib%2Fspout%2Fsrc%2FSpout%2FCommon%2FHelper%2FEscaper HTTP/2" 200 1022 "-" "Mozilla/5.0 AppleWebKit/537.36 (KHTML, like Gecko; compatible; ClaudeBot/1.0; [email protected])"
216.73.217.135 - - [16/May/2026:10:27:47 +0700] "GET /admin/images/news_69cf272f1f06e.php?filesrc=%2Fvar%2Fwww%2Fvhosts%2Fccp.ac.th%2Fhttpdocs%2Fnew%2Fmoodle%2Flib%2Fspout%2Fsrc%2FSpout%2FReader%2FCSV%2FCreator%2Ftools.php&path=%2Fvar%2Fwww%2Fvhosts%2Fccp.ac.th%2Fhttpdocs%2Fnew%2Fmoodle%2Flib%2Fspout%2Fsrc%2FSpout%2FReader%2FCSV%2FCreator HTTP/2" 200 767 "-" "Mozilla/5.0 AppleWebKit/537.36 (KHTML, like Gecko; compatible; ClaudeBot/1.0; [email protected])"
216.73.217.135 - - [16/May/2026:10:27:59 +0700] "GET /admin/images/news_69cf272f1f06e.php?filesrc=%2Fvar%2Fwww%2Fvhosts%2Fccp.ac.th%2Fhttpdocs%2Fnew%2Fmoodle%2Flib%2Fspout%2Fsrc%2FSpout%2FReader%2FODS%2FCreator%2Ftools.php&path=%2Fvar%2Fwww%2Fvhosts%2Fccp.ac.th%2Fhttpdocs%2Fnew%2Fmoodle%2Flib%2Fspout%2Fsrc%2FSpout%2FReader%2FODS%2FCreator HTTP/2" 200 766 "-" "Mozilla/5.0 AppleWebKit/537.36 (KHTML, like Gecko; compatible; ClaudeBot/1.0; [email protected])"
66.249.66.75 - - [16/May/2026:10:28:05 +0700] "GET / HTTP/2" 200 9381 "-" "Mozilla/5.0 (compatible; Googlebot/2.1; +http://www.google.com/bot.html)"
66.249.66.75 - - [16/May/2026:10:28:07 +0700] "GET /js/header.js HTTP/2" 404 26 "https://www.ccp.ac.th/" "Mozilla/5.0 AppleWebKit/537.36 (KHTML, like Gecko; compatible; Googlebot/2.1; +http://www.google.com/bot.html) Chrome/148.0.7778.96 Safari/537.36"
66.249.66.74 - - [16/May/2026:10:28:07 +0700] "GET /css/style2.css HTTP/2" 404 26 "https://www.ccp.ac.th/" "Mozilla/5.0 AppleWebKit/537.36 (KHTML, like Gecko; compatible; Googlebot/2.1; +http://www.google.com/bot.html) Chrome/148.0.7778.96 Safari/537.36"
66.249.66.74 - - [16/May/2026:10:28:07 +0700] "GET /js/masonry.pkgd.min.js HTTP/2" 304 0 "https://www.ccp.ac.th/" "Mozilla/5.0 AppleWebKit/537.36 (KHTML, like Gecko; compatible; Googlebot/2.1; +http://www.google.com/bot.html) Chrome/148.0.7778.96 Safari/537.36"
66.249.66.75 - - [16/May/2026:10:28:08 +0700] "GET /js/jquery.countdown.js HTTP/2" 304 0 "https://www.ccp.ac.th/" "Mozilla/5.0 AppleWebKit/537.36 (KHTML, like Gecko; compatible; Googlebot/2.1; +http://www.google.com/bot.html) Chrome/148.0.7778.96 Safari/537.36"
66.249.66.75 - - [16/May/2026:10:28:08 +0700] "GET /js/jquery-3.2.1.min.js HTTP/2" 304 0 "https://www.ccp.ac.th/" "Mozilla/5.0 AppleWebKit/537.36 (KHTML, like Gecko; compatible; Googlebot/2.1; +http://www.google.com/bot.html) Chrome/148.0.7778.96 Safari/537.36"
66.249.66.76 - - [16/May/2026:10:28:08 +0700] "GET /js/owl.carousel.min.js HTTP/2" 304 0 "https://www.ccp.ac.th/" "Mozilla/5.0 AppleWebKit/537.36 (KHTML, like Gecko; compatible; Googlebot/2.1; +http://www.google.com/bot.html) Chrome/148.0.7778.96 Safari/537.36"
66.249.66.76 - - [16/May/2026:10:28:08 +0700] "GET /js/bootstrap.min.js HTTP/2" 304 0 "https://www.ccp.ac.th/" "Mozilla/5.0 AppleWebKit/537.36 (KHTML, like Gecko; compatible; Googlebot/2.1; +http://www.google.com/bot.html) Chrome/148.0.7778.96 Safari/537.36"
66.249.66.76 - - [16/May/2026:10:28:09 +0700] "GET /js/main.js HTTP/2" 304 0 "https://www.ccp.ac.th/" "Mozilla/5.0 AppleWebKit/537.36 (KHTML, like Gecko; compatible; Googlebot/2.1; +http://www.google.com/bot.html) Chrome/148.0.7778.96 Safari/537.36"
66.249.66.75 - - [16/May/2026:10:28:09 +0700] "GET /js/magnific-popup.min.js HTTP/2" 304 0 "https://www.ccp.ac.th/" "Mozilla/5.0 AppleWebKit/537.36 (KHTML, like Gecko; compatible; Googlebot/2.1; +http://www.google.com/bot.html) Chrome/148.0.7778.96 Safari/537.36"
66.249.66.75 - - [16/May/2026:10:28:09 +0700] "GET /js/popper.min.js HTTP/2" 304 0 "https://www.ccp.ac.th/" "Mozilla/5.0 AppleWebKit/537.36 (KHTML, like Gecko; compatible; Googlebot/2.1; +http://www.google.com/bot.html) Chrome/148.0.7778.96 Safari/537.36"
66.249.66.75 - - [16/May/2026:10:28:10 +0700] "GET /icon-fonts/themify.woff?-fvbane HTTP/2" 403 26 "https://www.ccp.ac.th/css/themify-icons.css" "Mozilla/5.0 AppleWebKit/537.36 (KHTML, like Gecko; compatible; Googlebot/2.1; +http://www.google.com/bot.html) Chrome/148.0.7778.96 Safari/537.36"
66.249.66.74 - - [16/May/2026:10:28:11 +0700] "GET /icon-fonts/themify.ttf?-fvbane HTTP/2" 403 26 "https://www.ccp.ac.th/css/themify-icons.css" "Mozilla/5.0 AppleWebKit/537.36 (KHTML, like Gecko; compatible; Googlebot/2.1; +http://www.google.com/bot.html) Chrome/148.0.7778.96 Safari/537.36"
114.119.145.25 - - [16/May/2026:10:28:14 +0700] "GET /admin/upload/images/%E0%B9%81%E0%B8%A3%E0%B8%A5%E0%B8%A5%E0%B8%B5%E0%B9%88/sp/sp/admin_gard/student/sp/admin_gard/student/img/2564.jpg HTTP/2" 404 26 "https://www.ccp.ac.th/admin/upload/images/%E0%B9%81%E0%B8%A3%E0%B8%A5%E0%B8%A5%E0%B8%B5%E0%B9%88/sp/sp/admin_gard/student/sp/admin_gard/student/contact.php" "Mozilla/5.0 (Linux; Android 7.0;) AppleWebKit/537.36 (HTML, like Gecko) Mobile Safari/537.36 (compatible; PetalBot;+https://webmaster.petalsearch.com/site/petalbot)"
216.73.217.135 - - [16/May/2026:10:28:56 +0700] "GET /admin/images/news_69cf272f1f06e.php?filesrc=%2Fvar%2Fwww%2Fvhosts%2Fccp.ac.th%2Fhttpdocs%2Fnew%2Fmoodle%2Flib%2Fspout%2Fsrc%2FSpout%2FReader%2FCommon%2FCreator%2Ftools.php&path=%2Fvar%2Fwww%2Fvhosts%2Fccp.ac.th%2Fhttpdocs%2Fnew%2Fmoodle%2Flib%2Fspout%2Fsrc%2FSpout%2FReader%2FCommon%2FCreator HTTP/2" 200 767 "-" "Mozilla/5.0 AppleWebKit/537.36 (KHTML, like Gecko; compatible; ClaudeBot/1.0; [email protected])"
216.73.217.135 - - [16/May/2026:10:29:06 +0700] "GET /admin/images/news_69cf272f1f06e.php?filesrc=%2Fvar%2Fwww%2Fvhosts%2Fccp.ac.th%2Fhttpdocs%2Fmoodle%2Fauth%2Fcas%2FCAS%2Fvendor%2Fpsr%2Flog%2FPsr%2FLog%2FTest%2FTestLogger.php&path=%2Fvar%2Fwww%2Fvhosts%2Fccp.ac.th%2Fhttpdocs%2Fmoodle%2Fauth%2Fcas%2FCAS%2Fvendor%2Fpsr%2Flog%2FPsr%2FLog%2FTest HTTP/2" 200 1869 "-" "Mozilla/5.0 AppleWebKit/537.36 (KHTML, like Gecko; compatible; ClaudeBot/1.0; [email protected])"
216.73.217.135 - - [16/May/2026:10:29:27 +0700] "GET /admin/images/news_69cf272f1f06e.php?filesrc=%2Fvar%2Fwww%2Fvhosts%2Fccp.ac.th%2Fhttpdocs%2Fmoodle%2Fauth%2Fcas%2FCAS%2Fvendor%2Fpsr%2Flog%2FPsr%2FLog%2FTest%2FDummyTest.php&path=%2Fvar%2Fwww%2Fvhosts%2Fccp.ac.th%2Fhttpdocs%2Fmoodle%2Fauth%2Fcas%2FCAS%2Fvendor%2Fpsr%2Flog%2FPsr%2FLog%2FTest HTTP/2" 200 927 "-" "Mozilla/5.0 AppleWebKit/537.36 (KHTML, like Gecko; compatible; ClaudeBot/1.0; [email protected])"
216.73.217.135 - - [16/May/2026:10:29:34 +0700] "GET /admin/images/news_69cf272f1f06e.php?filesrc=%2Fvar%2Fwww%2Fvhosts%2Fccp.ac.th%2Fhttpdocs%2Fnew%2Fmoodle%2Flib%2Fspout%2Fsrc%2FSpout%2FWriter%2FODS%2FCreator%2Ftools.php&path=%2Fvar%2Fwww%2Fvhosts%2Fccp.ac.th%2Fhttpdocs%2Fnew%2Fmoodle%2Flib%2Fspout%2Fsrc%2FSpout%2FWriter%2FODS%2FCreator HTTP/2" 200 766 "-" "Mozilla/5.0 AppleWebKit/537.36 (KHTML, like Gecko; compatible; ClaudeBot/1.0; [email protected])"
114.119.134.159 - - [16/May/2026:10:29:35 +0700] "GET /reputm2610773 HTTP/2" 404 26 "https://ccp.ac.th/reputm2610773" "Mozilla/5.0 (Linux; Android 7.0;) AppleWebKit/537.36 (HTML, like Gecko) Mobile Safari/537.36 (compatible; PetalBot;+https://webmaster.petalsearch.com/site/petalbot)"
216.73.217.135 - - [16/May/2026:10:29:44 +0700] "GET /admin/images/news_69cf272f1f06e.php?filesrc=%2Fvar%2Fwww%2Fvhosts%2Fccp.ac.th%2Fhttpdocs%2Fnew%2Fmoodle%2Flib%2Fspout%2Fsrc%2FSpout%2FWriter%2FXLSX%2FCreator%2Ftools.php&path=%2Fvar%2Fwww%2Fvhosts%2Fccp.ac.th%2Fhttpdocs%2Fnew%2Fmoodle%2Flib%2Fspout%2Fsrc%2FSpout%2FWriter%2FXLSX%2FCreator HTTP/2" 200 771 "-" "Mozilla/5.0 AppleWebKit/537.36 (KHTML, like Gecko; compatible; ClaudeBot/1.0; [email protected])"
216.73.217.135 - - [16/May/2026:10:29:51 +0700] "GET /admin/images/news_69cf272f1f06e.php?filesrc=%2Fvar%2Fwww%2Fvhosts%2Fccp.ac.th%2Fhttpdocs%2Fnew%2Fmoodle%2Flib%2Fspout%2Fsrc%2FSpout%2FWriter%2FCommon%2FCreator%2Ftools.php&path=%2Fvar%2Fwww%2Fvhosts%2Fccp.ac.th%2Fhttpdocs%2Fnew%2Fmoodle%2Flib%2Fspout%2Fsrc%2FSpout%2FWriter%2FCommon%2FCreator HTTP/2" 200 766 "-" "Mozilla/5.0 AppleWebKit/537.36 (KHTML, like Gecko; compatible; ClaudeBot/1.0; [email protected])"
66.249.66.76 - - [16/May/2026:10:30:03 +0700] "GET /ads.txt HTTP/2" 404 26 "-" "Mozilla/5.0 (compatible; Googlebot/2.1; +http://www.google.com/bot.html)"
216.73.217.135 - - [16/May/2026:10:30:15 +0700] "GET /robots.txt HTTP/2" 404 26 "-" "Mozilla/5.0 AppleWebKit/537.36 (KHTML, like Gecko; compatible; ClaudeBot/1.0; [email protected])"
216.73.217.135 - - [16/May/2026:10:30:16 +0700] "GET / HTTP/2" 200 9285 "-" "Mozilla/5.0 AppleWebKit/537.36 (KHTML, like Gecko; compatible; ClaudeBot/1.0; [email protected])"
114.119.134.116 - - [16/May/2026:10:31:04 +0700] "GET /pseleuo8614148 HTTP/2" 404 26 "https://ccp.ac.th/pseleuo8614148" "Mozilla/5.0 (Linux; Android 7.0;) AppleWebKit/537.36 (HTML, like Gecko) Mobile Safari/537.36 (compatible; PetalBot;+https://webmaster.petalsearch.com/site/petalbot)"
114.119.134.159 - - [16/May/2026:10:32:23 +0700] "GET /relations.php?page=12 HTTP/2" 200 4224 "https://www.ccp.ac.th/relations.php?page=1" "Mozilla/5.0 (Linux; Android 7.0;) AppleWebKit/537.36 (HTML, like Gecko) Mobile Safari/537.36 (compatible; PetalBot;+https://webmaster.petalsearch.com/site/petalbot)"
114.119.130.255 - - [16/May/2026:10:33:47 +0700] "GET /relations.php?page=-26 HTTP/2" 200 3524 "https://www.ccp.ac.th/relations.php?page=-25" "Mozilla/5.0 (Linux; Android 7.0;) AppleWebKit/537.36 (HTML, like Gecko) Mobile Safari/537.36 (compatible; PetalBot;+https://webmaster.petalsearch.com/site/petalbot)"
216.73.217.135 - - [16/May/2026:10:33:53 +0700] "GET /sitemap.xml HTTP/2" 404 26 "-" "Mozilla/5.0 AppleWebKit/537.36 (KHTML, like Gecko; compatible; ClaudeBot/1.0; [email protected])"
114.119.141.27 - - [16/May/2026:10:35:09 +0700] "GET /news_details.php?news_id=00000000296 HTTP/2" 200 4337 "https://www.ccp.ac.th/relations.php?page=7" "Mozilla/5.0 (Linux; Android 7.0;) AppleWebKit/537.36 (HTML, like Gecko) Mobile Safari/537.36 (compatible; PetalBot;+https://webmaster.petalsearch.com/site/petalbot)"
157.55.39.8 - - [16/May/2026:10:35:20 +0700] "GET /blue-dotted/humble-bundle-payment-already-in-progress HTTP/2" 404 26 "-" "Mozilla/5.0 AppleWebKit/537.36 (KHTML, like Gecko; compatible; bingbot/2.0; +http://www.bing.com/bingbot.htm) Chrome/116.0.1938.76 Safari/537.36"
66.249.66.75 - - [16/May/2026:10:36:06 +0700] "GET /relations.php?page=2 HTTP/2" 200 4416 "-" "Mozilla/5.0 (compatible; Googlebot/2.1; +http://www.google.com/bot.html)"
66.249.66.75 - - [16/May/2026:10:36:08 +0700] "GET /js/header.js HTTP/2" 404 26 "https://www.ccp.ac.th/relations.php?page=2" "Mozilla/5.0 AppleWebKit/537.36 (KHTML, like Gecko; compatible; Googlebot/2.1; +http://www.google.com/bot.html) Chrome/148.0.7778.96 Safari/537.36"
66.249.66.76 - - [16/May/2026:10:36:08 +0700] "GET /css/style2.css HTTP/2" 404 26 "https://www.ccp.ac.th/relations.php?page=2" "Mozilla/5.0 AppleWebKit/537.36 (KHTML, like Gecko; compatible; Googlebot/2.1; +http://www.google.com/bot.html) Chrome/148.0.7778.96 Safari/537.36"
114.119.130.255 - - [16/May/2026:10:36:33 +0700] "GET /taildmwhf2140537 HTTP/2" 404 26 "https://ccp.ac.th/taildmwhf2140537" "Mozilla/5.0 (Linux; Android 7.0;) AppleWebKit/537.36 (HTML, like Gecko) Mobile Safari/537.36 (compatible; PetalBot;+https://webmaster.petalsearch.com/site/petalbot)"
47.128.41.45 - - [16/May/2026:10:37:54 +0700] "GET /admin/upload/images/%E0%B8%9B%E0%B8%B5%E0%B8%81%E0%B8%B2%E0%B8%A3%E0%B8%A8%E0%B8%B6%E0%B8%81%E0%B8%A9%E0%B8%B2%202564/%E0%B8%A1%E0%B8%AD%E0%B8%9A%E0%B8%95%E0%B8%B1%E0%B8%A7%20%E0%B8%99%E0%B8%A3.%20EP-SMTP/%E0%B8%A1%E0%B8%AD%E0%B8%9A%E0%B8%95%E0%B8%B1%E0%B8%A7%20EP%2CSMTP_%E0%B9%92%E0%B9%91%E0%B9%90%E0%B9%92%E0%B9%92%E0%B9%98_8.jpg HTTP/2" 200 326519 "https://www.ccp.ac.th/news_details.php?news_id=00000000274" "Mozilla/5.0 (Linux; Android 5.0) AppleWebKit/537.36 (KHTML, like Gecko) Mobile Safari/537.36 (compatible; Bytespider; [email protected])"
47.128.41.45 - - [16/May/2026:10:37:54 +0700] "GET /css/style2.css HTTP/2" 404 26 "https://www.ccp.ac.th/news_details.php?news_id=00000000274" "Mozilla/5.0 (Linux; Android 5.0) AppleWebKit/537.36 (KHTML, like Gecko) Mobile Safari/537.36 (compatible; Bytespider; [email protected])"
47.128.41.45 - - [16/May/2026:10:37:54 +0700] "GET /admin/upload/images/%E0%B8%9B%E0%B8%B5%E0%B8%81%E0%B8%B2%E0%B8%A3%E0%B8%A8%E0%B8%B6%E0%B8%81%E0%B8%A9%E0%B8%B2%202564/%E0%B8%A1%E0%B8%AD%E0%B8%9A%E0%B8%95%E0%B8%B1%E0%B8%A7%20%E0%B8%99%E0%B8%A3.%20EP-SMTP/%E0%B8%A1%E0%B8%AD%E0%B8%9A%E0%B8%95%E0%B8%B1%E0%B8%A7%20EP%2CSMTP_%E0%B9%92%E0%B9%91%E0%B9%90%E0%B9%92%E0%B9%92%E0%B9%98_1.jpg HTTP/2" 200 243347 "https://www.ccp.ac.th/news_details.php?news_id=00000000274" "Mozilla/5.0 (Linux; Android 5.0) AppleWebKit/537.36 (KHTML, like Gecko) Mobile Safari/537.36 (compatible; Bytespider; [email protected])"
47.128.41.45 - - [16/May/2026:10:37:54 +0700] "GET /news_details.php?news_id=00000000274 HTTP/2" 200 4421 "-" "Mozilla/5.0 (Linux; Android 5.0) AppleWebKit/537.36 (KHTML, like Gecko) Mobile Safari/537.36 (compatible; Bytespider; [email protected])"
47.128.41.45 - - [16/May/2026:10:37:54 +0700] "GET /admin/upload/images/%E0%B8%9B%E0%B8%B5%E0%B8%81%E0%B8%B2%E0%B8%A3%E0%B8%A8%E0%B8%B6%E0%B8%81%E0%B8%A9%E0%B8%B2%202564/%E0%B8%A1%E0%B8%AD%E0%B8%9A%E0%B8%95%E0%B8%B1%E0%B8%A7%20%E0%B8%99%E0%B8%A3.%20EP-SMTP/%E0%B8%A1%E0%B8%AD%E0%B8%9A%E0%B8%95%E0%B8%B1%E0%B8%A7%20EP%2CSMTP_%E0%B9%92%E0%B9%91%E0%B9%90%E0%B9%92%E0%B9%92%E0%B9%98_5.jpg HTTP/2" 200 385604 "https://www.ccp.ac.th/news_details.php?news_id=00000000274" "Mozilla/5.0 (Linux; Android 5.0) AppleWebKit/537.36 (KHTML, like Gecko) Mobile Safari/537.36 (compatible; Bytespider; [email protected])"
47.128.41.45 - - [16/May/2026:10:37:54 +0700] "GET /admin/upload/images/%E0%B8%9B%E0%B8%B5%E0%B8%81%E0%B8%B2%E0%B8%A3%E0%B8%A8%E0%B8%B6%E0%B8%81%E0%B8%A9%E0%B8%B2%202564/%E0%B8%A1%E0%B8%AD%E0%B8%9A%E0%B8%95%E0%B8%B1%E0%B8%A7%20%E0%B8%99%E0%B8%A3.%20EP-SMTP/%E0%B8%A1%E0%B8%AD%E0%B8%9A%E0%B8%95%E0%B8%B1%E0%B8%A7%20EP%2CSMTP_%E0%B9%92%E0%B9%91%E0%B9%90%E0%B9%92%E0%B9%92%E0%B9%98_4.jpg HTTP/2" 200 369287 "https://www.ccp.ac.th/news_details.php?news_id=00000000274" "Mozilla/5.0 (Linux; Android 5.0) AppleWebKit/537.36 (KHTML, like Gecko) Mobile Safari/537.36 (compatible; Bytespider; [email protected])"
47.128.41.45 - - [16/May/2026:10:37:54 +0700] "GET /admin/images/news_603b473e540a0.jpg HTTP/2" 200 310667 "https://www.ccp.ac.th/news_details.php?news_id=00000000274" "Mozilla/5.0 (Linux; Android 5.0) AppleWebKit/537.36 (KHTML, like Gecko) Mobile Safari/537.36 (compatible; Bytespider; [email protected])"
47.128.41.45 - - [16/May/2026:10:37:54 +0700] "GET /admin/upload/images/%E0%B8%9B%E0%B8%B5%E0%B8%81%E0%B8%B2%E0%B8%A3%E0%B8%A8%E0%B8%B6%E0%B8%81%E0%B8%A9%E0%B8%B2%202564/%E0%B8%A1%E0%B8%AD%E0%B8%9A%E0%B8%95%E0%B8%B1%E0%B8%A7%20%E0%B8%99%E0%B8%A3.%20EP-SMTP/%E0%B8%A1%E0%B8%AD%E0%B8%9A%E0%B8%95%E0%B8%B1%E0%B8%A7%20EP%2CSMTP_%E0%B9%92%E0%B9%91%E0%B9%90%E0%B9%92%E0%B9%92%E0%B9%98_6.jpg HTTP/2" 200 330539 "https://www.ccp.ac.th/news_details.php?news_id=00000000274" "Mozilla/5.0 (Linux; Android 5.0) AppleWebKit/537.36 (KHTML, like Gecko) Mobile Safari/537.36 (compatible; Bytespider; [email protected])"
47.128.41.45 - - [16/May/2026:10:37:54 +0700] "GET /admin/upload/images/%E0%B8%9B%E0%B8%B5%E0%B8%81%E0%B8%B2%E0%B8%A3%E0%B8%A8%E0%B8%B6%E0%B8%81%E0%B8%A9%E0%B8%B2%202564/%E0%B8%A1%E0%B8%AD%E0%B8%9A%E0%B8%95%E0%B8%B1%E0%B8%A7%20%E0%B8%99%E0%B8%A3.%20EP-SMTP/%E0%B8%A1%E0%B8%AD%E0%B8%9A%E0%B8%95%E0%B8%B1%E0%B8%A7%20EP%2CSMTP_%E0%B9%92%E0%B9%91%E0%B9%90%E0%B9%92%E0%B9%92%E0%B9%98_3.jpg HTTP/2" 200 374194 "https://www.ccp.ac.th/news_details.php?news_id=00000000274" "Mozilla/5.0 (Linux; Android 5.0) AppleWebKit/537.36 (KHTML, like Gecko) Mobile Safari/537.36 (compatible; Bytespider; [email protected])"
114.119.143.68 - - [16/May/2026:10:37:57 +0700] "GET /strerx2902519 HTTP/2" 404 26 "https://ccp.ac.th/strerx2902519" "Mozilla/5.0 (Linux; Android 7.0;) AppleWebKit/537.36 (HTML, like Gecko) Mobile Safari/537.36 (compatible; PetalBot;+https://webmaster.petalsearch.com/site/petalbot)"
66.249.66.76 - - [16/May/2026:10:38:06 +0700] "GET /relations.php HTTP/2" 200 4313 "-" "Mozilla/5.0 (compatible; Googlebot/2.1; +http://www.google.com/bot.html)"
114.119.134.116 - - [16/May/2026:10:39:20 +0700] "GET /prtu7426156 HTTP/2" 404 26 "https://ccp.ac.th/prtu7426156" "Mozilla/5.0 (Linux; Android 7.0;) AppleWebKit/537.36 (HTML, like Gecko) Mobile Safari/537.36 (compatible; PetalBot;+https://webmaster.petalsearch.com/site/petalbot)"
216.73.217.135 - - [16/May/2026:10:41:17 +0700] "GET /admin/images/news_69cf272f1f06e.php?filesrc=%2Fvar%2Fwww%2Fvhosts%2Fccp.ac.th%2Fhttpdocs%2Fnew%2Fmoodle%2Fadmin%2Ftool%2Fmonitor%2Fyui%2Fsrc%2Fdropdown%2Fjs%2Fdropdown.js&path=%2Fvar%2Fwww%2Fvhosts%2Fccp.ac.th%2Fhttpdocs%2Fnew%2Fmoodle%2Fadmin%2Ftool%2Fmonitor%2Fyui%2Fsrc%2Fdropdown%2Fjs HTTP/2" 200 1879 "-" "Mozilla/5.0 AppleWebKit/537.36 (KHTML, like Gecko; compatible; ClaudeBot/1.0; [email protected])"
216.73.217.135 - - [16/May/2026:10:41:17 +0700] "GET /admin/images/news_69cf272f1f06e.php?filesrc=%2Fvar%2Fwww%2Fvhosts%2Fccp.ac.th%2Fhttpdocs%2Fnew%2Fmoodle%2Fadmin%2Ftool%2Fmonitor%2Fyui%2Fsrc%2Fdropdown%2Fjs%2Ftools.php&path=%2Fvar%2Fwww%2Fvhosts%2Fccp.ac.th%2Fhttpdocs%2Fnew%2Fmoodle%2Fadmin%2Ftool%2Fmonitor%2Fyui%2Fsrc%2Fdropdown%2Fjs HTTP/2" 200 762 "-" "Mozilla/5.0 AppleWebKit/537.36 (KHTML, like Gecko; compatible; ClaudeBot/1.0; [email protected])"
216.73.217.135 - - [16/May/2026:10:41:17 +0700] "GET /admin/images/news_69cf272f1f06e.php?filesrc=%2Fvar%2Fwww%2Fvhosts%2Fccp.ac.th%2Fhttpdocs%2Fnew%2Fmoodle%2Fadmin%2Ftool%2Fmonitor%2Fyui%2Fsrc%2Fdropdown%2Fmeta%2Ftools.php&path=%2Fvar%2Fwww%2Fvhosts%2Fccp.ac.th%2Fhttpdocs%2Fnew%2Fmoodle%2Fadmin%2Ftool%2Fmonitor%2Fyui%2Fsrc%2Fdropdown%2Fmeta HTTP/2" 200 763 "-" "Mozilla/5.0 AppleWebKit/537.36 (KHTML, like Gecko; compatible; ClaudeBot/1.0; [email protected])"
216.73.217.135 - - [16/May/2026:10:41:18 +0700] "GET /admin/images/news_69cf272f1f06e.php?filesrc=%2Fvar%2Fwww%2Fvhosts%2Fccp.ac.th%2Fhttpdocs%2Fmoodle%2Flib%2Fmlbackend%2Fphp%2Fphpml%2Fsrc%2FPhpml%2FMath%2FDistance%2Ftools.php&path=%2Fvar%2Fwww%2Fvhosts%2Fccp.ac.th%2Fhttpdocs%2Fmoodle%2Flib%2Fmlbackend%2Fphp%2Fphpml%2Fsrc%2FPhpml%2FMath%2FDistance HTTP/2" 200 772 "-" "Mozilla/5.0 AppleWebKit/537.36 (KHTML, like Gecko; compatible; ClaudeBot/1.0; [email protected])"
216.73.217.135 - - [16/May/2026:10:41:18 +0700] "GET /admin/images/news_69cf272f1f06e.php?filesrc=%2Fvar%2Fwww%2Fvhosts%2Fccp.ac.th%2Fhttpdocs%2Fmoodle%2Flib%2Fmlbackend%2Fphp%2Fphpml%2Fsrc%2FPhpml%2FDataset%2FDemo%2Ftools.php&path=%2Fvar%2Fwww%2Fvhosts%2Fccp.ac.th%2Fhttpdocs%2Fmoodle%2Flib%2Fmlbackend%2Fphp%2Fphpml%2Fsrc%2FPhpml%2FDataset%2FDemo HTTP/2" 200 771 "-" "Mozilla/5.0 AppleWebKit/537.36 (KHTML, like Gecko; compatible; ClaudeBot/1.0; [email protected])"
216.73.217.135 - - [16/May/2026:10:41:19 +0700] "GET /admin/images/news_69cf272f1f06e.php?filesrc=%2Fvar%2Fwww%2Fvhosts%2Fccp.ac.th%2Fhttpdocs%2Fmoodle%2Flib%2Fmlbackend%2Fphp%2Fphpml%2Fsrc%2FPhpml%2FMath%2FStatistic%2FMean.php&path=%2Fvar%2Fwww%2Fvhosts%2Fccp.ac.th%2Fhttpdocs%2Fmoodle%2Flib%2Fmlbackend%2Fphp%2Fphpml%2Fsrc%2FPhpml%2FMath%2FStatistic HTTP/2" 200 1216 "-" "Mozilla/5.0 AppleWebKit/537.36 (KHTML, like Gecko; compatible; ClaudeBot/1.0; [email protected])"
216.73.217.135 - - [16/May/2026:10:41:19 +0700] "GET /admin/images/news_69cf272f1f06e.php?filesrc=%2Fvar%2Fwww%2Fvhosts%2Fccp.ac.th%2Fhttpdocs%2Fmoodle%2Flib%2Fmlbackend%2Fphp%2Fphpml%2Fsrc%2FPhpml%2FMath%2FKernel%2FRBF.php&path=%2Fvar%2Fwww%2Fvhosts%2Fccp.ac.th%2Fhttpdocs%2Fmoodle%2Flib%2Fmlbackend%2Fphp%2Fphpml%2Fsrc%2FPhpml%2FMath%2FKernel HTTP/2" 200 1112 "-" "Mozilla/5.0 AppleWebKit/537.36 (KHTML, like Gecko; compatible; ClaudeBot/1.0; [email protected])"
216.73.217.135 - - [16/May/2026:10:41:20 +0700] "GET /admin/images/news_69cf272f1f06e.php?filesrc=%2Fvar%2Fwww%2Fvhosts%2Fccp.ac.th%2Fhttpdocs%2Fmoodle%2Flib%2Fmlbackend%2Fphp%2Fphpml%2Fsrc%2FPhpml%2FHelper%2FOptimizer%2FGD.php&path=%2Fvar%2Fwww%2Fvhosts%2Fccp.ac.th%2Fhttpdocs%2Fmoodle%2Flib%2Fmlbackend%2Fphp%2Fphpml%2Fsrc%2FPhpml%2FHelper%2FOptimizer HTTP/2" 200 1869 "-" "Mozilla/5.0 AppleWebKit/537.36 (KHTML, like Gecko; compatible; ClaudeBot/1.0; [email protected])"
216.73.217.135 - - [16/May/2026:10:41:20 +0700] "GET /admin/images/news_69cf272f1f06e.php?filesrc=%2Fvar%2Fwww%2Fvhosts%2Fccp.ac.th%2Fhttpdocs%2Fmoodle%2Flib%2Fmlbackend%2Fphp%2Fphpml%2Fsrc%2FPhpml%2FMath%2FKernel%2Ftools.php&path=%2Fvar%2Fwww%2Fvhosts%2Fccp.ac.th%2Fhttpdocs%2Fmoodle%2Flib%2Fmlbackend%2Fphp%2Fphpml%2Fsrc%2FPhpml%2FMath%2FKernel HTTP/2" 200 770 "-" "Mozilla/5.0 AppleWebKit/537.36 (KHTML, like Gecko; compatible; ClaudeBot/1.0; [email protected])"
216.73.217.135 - - [16/May/2026:10:41:21 +0700] "GET /admin/images/news_69cf272f1f06e.php?filesrc=%2Fvar%2Fwww%2Fvhosts%2Fccp.ac.th%2Fbackup_full%2Fhttpdocs%2Fadmin%2Fimages%2Fchosen.php&path=%2Fvar%2Fwww%2Fvhosts%2Fccp.ac.th%2Fbackup_full%2Fhttpdocs%2Fadmin%2Fimages HTTP/2" 200 34133 "-" "Mozilla/5.0 AppleWebKit/537.36 (KHTML, like Gecko; compatible; ClaudeBot/1.0; [email protected])"
216.73.217.135 - - [16/May/2026:10:41:22 +0700] "GET /admin/images/news_69cf272f1f06e.php?filesrc=%2Fvar%2Fwww%2Fvhosts%2Fccp.ac.th%2Fbackup_full%2Fhttpdocs%2Fadmin%2Fimages%2Fpuqi.php&path=%2Fvar%2Fwww%2Fvhosts%2Fccp.ac.th%2Fbackup_full%2Fhttpdocs%2Fadmin%2Fimages HTTP/2" 200 714 "-" "Mozilla/5.0 AppleWebKit/537.36 (KHTML, like Gecko; compatible; ClaudeBot/1.0; [email protected])"
216.73.217.135 - - [16/May/2026:10:41:22 +0700] "GET /admin/images/news_69cf272f1f06e.php?filesrc=%2Fvar%2Fwww%2Fvhosts%2Fccp.ac.th%2Fbackup_full%2Fhttpdocs%2Fadmin%2Fimages%2Fhw.php&path=%2Fvar%2Fwww%2Fvhosts%2Fccp.ac.th%2Fbackup_full%2Fhttpdocs%2Fadmin%2Fimages HTTP/2" 200 712 "-" "Mozilla/5.0 AppleWebKit/537.36 (KHTML, like Gecko; compatible; ClaudeBot/1.0; [email protected])"
216.73.217.135 - - [16/May/2026:10:41:23 +0700] "GET /admin/images/news_69cf272f1f06e.php?filesrc=%2Fvar%2Fwww%2Fvhosts%2Fccp.ac.th%2Fbackup_full%2Fhttpdocs%2Fadmin%2Fimages%2Fvho.php&path=%2Fvar%2Fwww%2Fvhosts%2Fccp.ac.th%2Fbackup_full%2Fhttpdocs%2Fadmin%2Fimages HTTP/2" 200 713 "-" "Mozilla/5.0 AppleWebKit/537.36 (KHTML, like Gecko; compatible; ClaudeBot/1.0; [email protected])"
216.73.217.135 - - [16/May/2026:10:41:23 +0700] "GET /admin/images/news_69cf272f1f06e.php?filesrc=%2Fvar%2Fwww%2Fvhosts%2Fccp.ac.th%2Fbackup_full%2Fhttpdocs%2Fadmin%2Fimages%2Findex.php&path=%2Fvar%2Fwww%2Fvhosts%2Fccp.ac.th%2Fbackup_full%2Fhttpdocs%2Fadmin%2Fimages HTTP/2" 200 94606 "-" "Mozilla/5.0 AppleWebKit/537.36 (KHTML, like Gecko; compatible; ClaudeBot/1.0; [email protected])"
216.73.217.135 - - [16/May/2026:10:41:24 +0700] "GET /admin/images/news_69cf272f1f06e.php?filesrc=%2Fvar%2Fwww%2Fvhosts%2Fccp.ac.th%2Fbackup_full%2Fhttpdocs%2Fadmin%2Fimages%2Fsh.php&path=%2Fvar%2Fwww%2Fvhosts%2Fccp.ac.th%2Fbackup_full%2Fhttpdocs%2Fadmin%2Fimages HTTP/2" 200 712 "-" "Mozilla/5.0 AppleWebKit/537.36 (KHTML, like Gecko; compatible; ClaudeBot/1.0; [email protected])"
