81.167.26.57 - - [16/May/2026:12:01:28 +0700] "GET /index.php/img/gallery/img/gallery/img/gallery/img/gallery/sp/sp/sp/gard/sp/admin_gard/student/sp/admin_gard/student/sp/admin_gard/student/sp/sp/admin_gard/student/sp/sp/admin_gard/student/sp/admin_gard/student/sp/sp/admin_gard/student/sp/sp/admin_gard/student/sp/sp/admin_gard/student/sp/sp/admin_gard/student/sp/sp/sp/admin_gard/student/sp/sp/sp/sp/admin_gard/student/sp/admin_gard/student/sp/sp/admin_gard/student/sp/sp/sp/sp/sp/admin_gard/student/student_login.php HTTP/2" 200 9253 "-" "Mozilla/5.0 (compatible; MJ12bot/v1.4.8; http://mj12bot.com/)"
81.167.26.57 - - [16/May/2026:12:01:29 +0700] "GET /index.php/img/gallery/img/gallery/img/gallery/img/gallery/sp/sp/sp/gard/sp/admin_gard/student/sp/admin_gard/student/sp/admin_gard/student/sp/sp/admin_gard/student/sp/sp/admin_gard/student/sp/admin_gard/student/sp/sp/admin_gard/student/sp/sp/admin_gard/student/sp/sp/admin_gard/student/sp/sp/admin_gard/student/sp/sp/sp/admin_gard/student/sp/sp/sp/sp/admin_gard/student/sp/admin_gard/student/sp/sp/admin_gard/student/sp/sp/sp/sp/sp/index.php HTTP/2" 200 9253 "-" "Mozilla/5.0 (compatible; MJ12bot/v1.4.8; http://mj12bot.com/)"
81.167.26.57 - - [16/May/2026:12:01:31 +0700] "GET /index.php/img/gallery/img/gallery/img/gallery/img/gallery/sp/sp/sp/gard/sp/admin_gard/student/sp/admin_gard/student/sp/admin_gard/student/sp/sp/admin_gard/student/sp/sp/admin_gard/student/sp/admin_gard/student/sp/sp/admin_gard/student/sp/sp/admin_gard/student/sp/sp/admin_gard/student/sp/sp/admin_gard/student/sp/sp/sp/admin_gard/student/sp/sp/sp/sp/admin_gard/student/sp/admin_gard/student/sp/sp/sp/sp/sp/sp/sp/admin_gard/student/sp/admin_gard/student/news_image.php HTTP/2" 200 9253 "-" "Mozilla/5.0 (compatible; MJ12bot/v1.4.8; http://mj12bot.com/)"
81.167.26.57 - - [16/May/2026:12:01:32 +0700] "GET /index.php/img/gallery/img/gallery/img/gallery/img/gallery/sp/sp/sp/gard/sp/admin_gard/student/sp/admin_gard/student/sp/admin_gard/student/sp/sp/admin_gard/student/sp/sp/admin_gard/student/sp/admin_gard/student/sp/sp/admin_gard/student/sp/sp/admin_gard/student/sp/sp/admin_gard/student/sp/sp/admin_gard/student/sp/sp/sp/admin_gard/student/sp/sp/sp/sp/admin_gard/student/sp/sp/admin_gard/student/sp/sp/admin_gard/student/sp/admin_gard/student/sp/personnel.php HTTP/2" 200 9253 "-" "Mozilla/5.0 (compatible; MJ12bot/v1.4.8; http://mj12bot.com/)"
81.167.26.57 - - [16/May/2026:12:01:34 +0700] "GET /index.php/img/gallery/img/gallery/img/gallery/img/gallery/sp/sp/sp/gard/sp/admin_gard/student/sp/admin_gard/student/sp/admin_gard/student/sp/sp/admin_gard/student/sp/sp/admin_gard/student/sp/admin_gard/student/sp/sp/admin_gard/student/sp/sp/admin_gard/student/sp/sp/admin_gard/student/sp/sp/admin_gard/student/sp/sp/sp/admin_gard/student/sp/sp/sp/sp/admin_gard/student/sp/sp/sp/admin_gard/student/sp/news_details.php?news_id=00000000508 HTTP/2" 200 9243 "-" "Mozilla/5.0 (compatible; MJ12bot/v1.4.8; http://mj12bot.com/)"
81.167.26.57 - - [16/May/2026:12:01:36 +0700] "GET /index.php/img/gallery/img/gallery/img/gallery/img/gallery/sp/sp/sp/gard/sp/admin_gard/student/sp/admin_gard/student/sp/admin_gard/student/sp/sp/admin_gard/student/sp/sp/admin_gard/student/sp/admin_gard/student/sp/sp/admin_gard/student/sp/sp/admin_gard/student/sp/sp/admin_gard/student/sp/sp/admin_gard/student/sp/sp/sp/admin_gard/student/sp/sp/sp/sp/admin_gard/student/sp/sp/sp/admin_gard/student/sp/news_details.php?news_id=00000000541 HTTP/2" 200 9243 "-" "Mozilla/5.0 (compatible; MJ12bot/v1.4.8; http://mj12bot.com/)"
81.167.26.57 - - [16/May/2026:12:01:37 +0700] "GET /index.php/img/gallery/img/gallery/img/gallery/img/gallery/sp/sp/sp/gard/sp/admin_gard/student/sp/admin_gard/student/sp/admin_gard/student/sp/sp/admin_gard/student/sp/sp/admin_gard/student/sp/admin_gard/student/sp/sp/admin_gard/student/sp/sp/admin_gard/student/sp/sp/admin_gard/student/sp/sp/admin_gard/student/sp/sp/sp/admin_gard/student/sp/sp/sp/sp/admin_gard/student/sp/sp/sp/admin_gard/student/sp/news_details.php?news_id=00000000542 HTTP/2" 200 9253 "-" "Mozilla/5.0 (compatible; MJ12bot/v1.4.8; http://mj12bot.com/)"
81.167.26.57 - - [16/May/2026:12:01:39 +0700] "GET /index.php/img/gallery/img/gallery/img/gallery/img/gallery/sp/sp/sp/gard/sp/admin_gard/student/sp/admin_gard/student/sp/admin_gard/student/sp/sp/admin_gard/student/sp/sp/admin_gard/student/sp/admin_gard/student/sp/sp/admin_gard/student/sp/sp/admin_gard/student/sp/sp/admin_gard/student/sp/sp/admin_gard/student/sp/sp/sp/admin_gard/student/sp/sp/sp/sp/admin_gard/student/sp/sp/sp/admin_gard/student/sp/news_details.php?news_id=00000000543 HTTP/2" 200 9253 "-" "Mozilla/5.0 (compatible; MJ12bot/v1.4.8; http://mj12bot.com/)"
81.167.26.57 - - [16/May/2026:12:01:41 +0700] "GET /index.php/img/gallery/img/gallery/img/gallery/img/gallery/sp/sp/sp/gard/sp/admin_gard/student/sp/admin_gard/student/sp/admin_gard/student/sp/sp/admin_gard/student/sp/sp/admin_gard/student/sp/admin_gard/student/sp/sp/admin_gard/student/sp/sp/admin_gard/student/sp/sp/admin_gard/student/sp/sp/admin_gard/student/sp/sp/sp/admin_gard/student/sp/sp/sp/sp/admin_gard/student/sp/sp/sp/admin_gard/student/sp/news_details.php?news_id=00000000544 HTTP/2" 200 9243 "-" "Mozilla/5.0 (compatible; MJ12bot/v1.4.8; http://mj12bot.com/)"
114.119.143.68 - - [16/May/2026:12:01:42 +0700] "GET /leizd7420898 HTTP/2" 404 26 "https://ccp.ac.th/leizd7420898" "Mozilla/5.0 (Linux; Android 7.0;) AppleWebKit/537.36 (HTML, like Gecko) Mobile Safari/537.36 (compatible; PetalBot;+https://webmaster.petalsearch.com/site/petalbot)"
81.167.26.57 - - [16/May/2026:12:01:43 +0700] "GET /index.php/img/gallery/img/gallery/img/gallery/img/gallery/sp/sp/sp/gard/sp/admin_gard/student/sp/admin_gard/student/sp/admin_gard/student/sp/sp/admin_gard/student/sp/sp/admin_gard/student/sp/admin_gard/student/sp/sp/admin_gard/student/sp/sp/admin_gard/student/sp/sp/admin_gard/student/sp/sp/admin_gard/student/sp/sp/sp/admin_gard/student/sp/sp/sp/sp/admin_gard/student/sp/sp/sp/admin_gard/student/sp/news_details.php?news_id=00000000546 HTTP/2" 200 9253 "-" "Mozilla/5.0 (compatible; MJ12bot/v1.4.8; http://mj12bot.com/)"
81.167.26.57 - - [16/May/2026:12:01:44 +0700] "GET /index.php/img/gallery/img/gallery/img/gallery/img/gallery/sp/sp/sp/gard/sp/admin_gard/student/sp/admin_gard/student/sp/admin_gard/student/sp/sp/admin_gard/student/sp/sp/admin_gard/student/sp/admin_gard/student/sp/sp/admin_gard/student/sp/sp/admin_gard/student/sp/sp/admin_gard/student/sp/sp/admin_gard/student/sp/sp/sp/admin_gard/student/sp/sp/sp/sp/admin_gard/student/sp/sp/sp/admin_gard/student/sp/news_details.php?news_id=00000000547 HTTP/2" 200 9243 "-" "Mozilla/5.0 (compatible; MJ12bot/v1.4.8; http://mj12bot.com/)"
81.167.26.57 - - [16/May/2026:12:01:46 +0700] "GET /index.php/img/gallery/img/gallery/img/gallery/img/gallery/sp/sp/sp/gard/sp/admin_gard/student/sp/admin_gard/student/sp/admin_gard/student/sp/sp/admin_gard/student/sp/sp/admin_gard/student/sp/admin_gard/student/sp/sp/admin_gard/student/sp/sp/admin_gard/student/sp/sp/admin_gard/student/sp/sp/admin_gard/student/sp/sp/sp/admin_gard/student/sp/sp/sp/sp/admin_gard/student/sp/sp/sp/admin_gard/student/sp/news_details.php?news_id=00000000548 HTTP/2" 200 9243 "-" "Mozilla/5.0 (compatible; MJ12bot/v1.4.8; http://mj12bot.com/)"
81.167.26.57 - - [16/May/2026:12:01:48 +0700] "GET /index.php/img/gallery/img/gallery/img/gallery/img/gallery/sp/sp/sp/gard/sp/admin_gard/student/sp/admin_gard/student/sp/admin_gard/student/sp/sp/admin_gard/student/sp/sp/admin_gard/student/sp/admin_gard/student/sp/sp/admin_gard/student/sp/sp/admin_gard/student/sp/sp/admin_gard/student/sp/sp/admin_gard/student/sp/sp/sp/admin_gard/student/sp/sp/sp/sp/admin_gard/student/sp/sp/sp/admin_gard/student/sp/news_details.php?news_id=00000000549 HTTP/2" 200 9253 "-" "Mozilla/5.0 (compatible; MJ12bot/v1.4.8; http://mj12bot.com/)"
81.167.26.57 - - [16/May/2026:12:01:49 +0700] "GET /index.php/img/gallery/img/gallery/img/gallery/img/gallery/sp/sp/sp/gard/sp/admin_gard/student/sp/admin_gard/student/sp/admin_gard/student/sp/sp/admin_gard/student/sp/sp/admin_gard/student/sp/admin_gard/student/sp/sp/admin_gard/student/sp/sp/admin_gard/student/sp/sp/admin_gard/student/sp/sp/admin_gard/student/sp/sp/sp/admin_gard/student/sp/sp/sp/sp/admin_gard/student/sp/sp/sp/admin_gard/student/sp/news_details.php?news_id=00000000550 HTTP/2" 200 9253 "-" "Mozilla/5.0 (compatible; MJ12bot/v1.4.8; http://mj12bot.com/)"
81.167.26.57 - - [16/May/2026:12:01:51 +0700] "GET /index.php/img/gallery/img/gallery/img/gallery/img/gallery/sp/sp/sp/gard/sp/admin_gard/student/sp/admin_gard/student/sp/admin_gard/student/sp/sp/admin_gard/student/sp/sp/admin_gard/student/sp/admin_gard/student/sp/sp/admin_gard/student/sp/sp/admin_gard/student/sp/sp/admin_gard/student/sp/sp/admin_gard/student/sp/sp/sp/admin_gard/student/sp/sp/sp/sp/admin_gard/student/sp/sp/sp/admin_gard/student/sp/news_image.php HTTP/2" 200 9243 "-" "Mozilla/5.0 (compatible; MJ12bot/v1.4.8; http://mj12bot.com/)"
81.167.26.57 - - [16/May/2026:12:01:53 +0700] "GET /index.php/img/gallery/img/gallery/img/gallery/img/gallery/sp/sp/sp/gard/sp/admin_gard/student/sp/admin_gard/student/sp/admin_gard/student/sp/sp/admin_gard/student/sp/sp/admin_gard/student/sp/admin_gard/student/sp/sp/admin_gard/student/sp/sp/admin_gard/student/sp/sp/admin_gard/student/sp/sp/admin_gard/student/sp/sp/sp/admin_gard/student/sp/sp/sp/sp/admin_gard/student/sp/sp/sp/admin_gard/student/sp/personnel.php HTTP/2" 200 9253 "-" "Mozilla/5.0 (compatible; MJ12bot/v1.4.8; http://mj12bot.com/)"
81.167.26.57 - - [16/May/2026:12:01:54 +0700] "GET /index.php/img/gallery/img/gallery/img/gallery/img/gallery/sp/sp/sp/gard/sp/admin_gard/student/sp/admin_gard/student/sp/admin_gard/student/sp/sp/admin_gard/student/sp/sp/admin_gard/student/sp/admin_gard/student/sp/sp/admin_gard/student/sp/sp/admin_gard/student/sp/sp/admin_gard/student/sp/sp/admin_gard/student/sp/sp/sp/admin_gard/student/sp/sp/sp/sp/admin_gard/student/sp/sp/sp/admin_gard/student/sp/relations.php HTTP/2" 200 9254 "-" "Mozilla/5.0 (compatible; MJ12bot/v1.4.8; http://mj12bot.com/)"
81.167.26.57 - - [16/May/2026:12:01:56 +0700] "GET /index.php/img/gallery/img/gallery/img/gallery/img/gallery/sp/sp/sp/gard/sp/admin_gard/student/sp/admin_gard/student/sp/admin_gard/student/sp/sp/admin_gard/student/sp/sp/admin_gard/student/sp/admin_gard/student/sp/sp/admin_gard/student/sp/sp/admin_gard/student/sp/sp/admin_gard/student/sp/sp/admin_gard/student/sp/sp/sp/admin_gard/student/sp/sp/sp/sp/admin_gard/student/sp/sp/sp/admin_gard/student/sp/sp/about.php HTTP/2" 200 9246 "-" "Mozilla/5.0 (compatible; MJ12bot/v1.4.8; http://mj12bot.com/)"
81.167.26.57 - - [16/May/2026:12:01:57 +0700] "GET /index.php/img/gallery/img/gallery/img/gallery/img/gallery/sp/sp/sp/gard/sp/admin_gard/student/sp/admin_gard/student/sp/admin_gard/student/sp/sp/admin_gard/student/sp/sp/admin_gard/student/sp/admin_gard/student/sp/sp/admin_gard/student/sp/sp/admin_gard/student/sp/sp/admin_gard/student/sp/sp/admin_gard/student/sp/sp/sp/admin_gard/student/sp/sp/sp/sp/admin_gard/student/sp/sp/sp/admin_gard/student/sp/sp/admin_gard/student/about.php HTTP/2" 200 9243 "-" "Mozilla/5.0 (compatible; MJ12bot/v1.4.8; http://mj12bot.com/)"
81.167.26.57 - - [16/May/2026:12:01:59 +0700] "GET /index.php/img/gallery/img/gallery/img/gallery/img/gallery/sp/sp/sp/gard/sp/admin_gard/student/sp/admin_gard/student/sp/admin_gard/student/sp/sp/admin_gard/student/sp/sp/admin_gard/student/sp/admin_gard/student/sp/sp/admin_gard/student/sp/sp/admin_gard/student/sp/sp/admin_gard/student/sp/sp/admin_gard/student/sp/sp/sp/admin_gard/student/sp/sp/sp/sp/admin_gard/student/sp/sp/sp/admin_gard/student/sp/sp/admin_gard/student/contact.php HTTP/2" 200 9243 "-" "Mozilla/5.0 (compatible; MJ12bot/v1.4.8; http://mj12bot.com/)"
81.167.26.57 - - [16/May/2026:12:02:01 +0700] "GET /index.php/img/gallery/img/gallery/img/gallery/img/gallery/sp/sp/sp/gard/sp/admin_gard/student/sp/admin_gard/student/sp/admin_gard/student/sp/sp/admin_gard/student/sp/sp/admin_gard/student/sp/admin_gard/student/sp/sp/admin_gard/student/sp/sp/admin_gard/student/sp/sp/admin_gard/student/sp/sp/admin_gard/student/sp/sp/sp/admin_gard/student/sp/sp/sp/sp/admin_gard/student/sp/sp/sp/admin_gard/student/sp/sp/admin_gard/student/student_login.php HTTP/2" 200 9253 "-" "Mozilla/5.0 (compatible; MJ12bot/v1.4.8; http://mj12bot.com/)"
81.167.26.57 - - [16/May/2026:12:02:03 +0700] "GET /index.php/img/gallery/img/gallery/img/gallery/img/gallery/sp/sp/sp/gard/sp/admin_gard/student/sp/admin_gard/student/sp/admin_gard/student/sp/sp/admin_gard/student/sp/sp/admin_gard/student/sp/admin_gard/student/sp/sp/admin_gard/student/sp/sp/admin_gard/student/sp/sp/admin_gard/student/sp/sp/admin_gard/student/sp/sp/sp/admin_gard/student/sp/sp/sp/sp/admin_gard/student/sp/sp/sp/admin_gard/student/sp/sp/index.php HTTP/2" 200 9243 "-" "Mozilla/5.0 (compatible; MJ12bot/v1.4.8; http://mj12bot.com/)"
81.167.26.57 - - [16/May/2026:12:02:05 +0700] "GET /index.php/img/gallery/img/gallery/img/gallery/img/gallery/sp/sp/sp/gard/sp/admin_gard/student/sp/admin_gard/student/sp/admin_gard/student/sp/sp/admin_gard/student/sp/sp/admin_gard/student/sp/admin_gard/student/sp/sp/admin_gard/student/sp/sp/admin_gard/student/sp/sp/admin_gard/student/sp/sp/admin_gard/student/sp/sp/sp/admin_gard/student/sp/sp/sp/sp/admin_gard/student/sp/sp/sp/sp/admin_gard/student/sp/admin_gard/student/sp/about.php HTTP/2" 200 9253 "-" "Mozilla/5.0 (compatible; MJ12bot/v1.4.8; http://mj12bot.com/)"
81.167.26.57 - - [16/May/2026:12:02:06 +0700] "GET /index.php/img/gallery/img/gallery/img/gallery/img/gallery/sp/sp/sp/gard/sp/admin_gard/student/sp/admin_gard/student/sp/admin_gard/student/sp/sp/admin_gard/student/sp/sp/admin_gard/student/sp/admin_gard/student/sp/sp/admin_gard/student/sp/sp/admin_gard/student/sp/sp/admin_gard/student/sp/sp/admin_gard/student/sp/sp/sp/admin_gard/student/sp/sp/sp/sp/admin_gard/student/sp/sp/sp/sp/admin_gard/student/sp/admin_gard/student/sp/admin_gard/student/about.php HTTP/2" 200 9243 "-" "Mozilla/5.0 (compatible; MJ12bot/v1.4.8; http://mj12bot.com/)"
81.167.26.57 - - [16/May/2026:12:02:08 +0700] "GET /index.php/img/gallery/img/gallery/img/gallery/img/gallery/sp/sp/sp/gard/sp/admin_gard/student/sp/admin_gard/student/sp/admin_gard/student/sp/sp/admin_gard/student/sp/sp/admin_gard/student/sp/admin_gard/student/sp/sp/admin_gard/student/sp/sp/admin_gard/student/sp/sp/admin_gard/student/sp/sp/admin_gard/student/sp/sp/sp/admin_gard/student/sp/sp/sp/sp/admin_gard/student/sp/sp/sp/sp/admin_gard/student/sp/admin_gard/student/sp/admin_gard/student/contact.php HTTP/2" 200 9254 "-" "Mozilla/5.0 (compatible; MJ12bot/v1.4.8; http://mj12bot.com/)"
81.167.26.57 - - [16/May/2026:12:02:10 +0700] "GET /index.php/img/gallery/img/gallery/img/gallery/img/gallery/sp/sp/sp/gard/sp/admin_gard/student/sp/admin_gard/student/sp/admin_gard/student/sp/sp/admin_gard/student/sp/sp/admin_gard/student/sp/admin_gard/student/sp/sp/admin_gard/student/sp/sp/admin_gard/student/sp/sp/admin_gard/student/sp/sp/admin_gard/student/sp/sp/sp/admin_gard/student/sp/sp/sp/sp/admin_gard/student/sp/sp/sp/sp/admin_gard/student/sp/admin_gard/student/sp/admin_gard/student/index.php HTTP/2" 200 9243 "-" "Mozilla/5.0 (compatible; MJ12bot/v1.4.8; http://mj12bot.com/)"
81.167.26.57 - - [16/May/2026:12:02:11 +0700] "GET /index.php/img/gallery/img/gallery/img/gallery/img/gallery/sp/sp/sp/gard/sp/admin_gard/student/sp/admin_gard/student/sp/admin_gard/student/sp/sp/admin_gard/student/sp/sp/admin_gard/student/sp/admin_gard/student/sp/sp/admin_gard/student/sp/sp/admin_gard/student/sp/sp/admin_gard/student/sp/sp/admin_gard/student/sp/sp/sp/admin_gard/student/sp/sp/sp/sp/admin_gard/student/sp/sp/sp/sp/admin_gard/student/sp/admin_gard/student/sp/admin_gard/student/news.php HTTP/2" 200 9253 "-" "Mozilla/5.0 (compatible; MJ12bot/v1.4.8; http://mj12bot.com/)"
81.167.26.57 - - [16/May/2026:12:02:13 +0700] "GET /index.php/img/gallery/img/gallery/img/gallery/img/gallery/sp/sp/sp/gard/sp/admin_gard/student/sp/admin_gard/student/sp/admin_gard/student/sp/sp/admin_gard/student/sp/sp/admin_gard/student/sp/admin_gard/student/sp/sp/admin_gard/student/sp/sp/admin_gard/student/sp/sp/admin_gard/student/sp/sp/admin_gard/student/sp/sp/sp/admin_gard/student/sp/sp/sp/sp/admin_gard/student/sp/sp/sp/sp/admin_gard/student/sp/admin_gard/student/sp/admin_gard/student/news_details.php?news_id=00000000543 HTTP/2" 200 9254 "-" "Mozilla/5.0 (compatible; MJ12bot/v1.4.8; http://mj12bot.com/)"
81.167.26.57 - - [16/May/2026:12:02:15 +0700] "GET /index.php/img/gallery/img/gallery/img/gallery/img/gallery/sp/sp/sp/gard/sp/admin_gard/student/sp/admin_gard/student/sp/admin_gard/student/sp/sp/admin_gard/student/sp/sp/admin_gard/student/sp/admin_gard/student/sp/sp/admin_gard/student/sp/sp/admin_gard/student/sp/sp/admin_gard/student/sp/sp/admin_gard/student/sp/sp/sp/admin_gard/student/sp/sp/sp/sp/admin_gard/student/sp/sp/sp/sp/admin_gard/student/sp/admin_gard/student/sp/admin_gard/student/news_details.php?news_id=00000000544 HTTP/2" 200 9243 "-" "Mozilla/5.0 (compatible; MJ12bot/v1.4.8; http://mj12bot.com/)"
81.167.26.57 - - [16/May/2026:12:02:16 +0700] "GET /index.php/img/gallery/img/gallery/img/gallery/img/gallery/sp/sp/sp/gard/sp/admin_gard/student/sp/admin_gard/student/sp/admin_gard/student/sp/sp/admin_gard/student/sp/sp/admin_gard/student/sp/admin_gard/student/sp/sp/admin_gard/student/sp/sp/admin_gard/student/sp/sp/admin_gard/student/sp/sp/admin_gard/student/sp/sp/sp/admin_gard/student/sp/sp/sp/sp/admin_gard/student/sp/sp/sp/sp/admin_gard/student/sp/admin_gard/student/sp/admin_gard/student/news_image.php HTTP/2" 200 9243 "-" "Mozilla/5.0 (compatible; MJ12bot/v1.4.8; http://mj12bot.com/)"
81.167.26.57 - - [16/May/2026:12:02:18 +0700] "GET /index.php/img/gallery/img/gallery/img/gallery/img/gallery/sp/sp/sp/gard/sp/admin_gard/student/sp/admin_gard/student/sp/admin_gard/student/sp/sp/admin_gard/student/sp/sp/admin_gard/student/sp/admin_gard/student/sp/sp/admin_gard/student/sp/sp/admin_gard/student/sp/sp/admin_gard/student/sp/sp/admin_gard/student/sp/sp/sp/admin_gard/student/sp/sp/sp/sp/admin_gard/student/sp/sp/sp/sp/admin_gard/student/sp/admin_gard/student/sp/admin_gard/student/sp/admin_gard/student/student_login.php HTTP/2" 200 9243 "-" "Mozilla/5.0 (compatible; MJ12bot/v1.4.8; http://mj12bot.com/)"
81.167.26.57 - - [16/May/2026:12:02:19 +0700] "GET /index.php/img/gallery/img/gallery/img/gallery/img/gallery/sp/sp/sp/gard/sp/admin_gard/student/sp/admin_gard/student/sp/admin_gard/student/sp/sp/admin_gard/student/sp/sp/admin_gard/student/sp/admin_gard/student/sp/sp/admin_gard/student/sp/sp/admin_gard/student/sp/sp/admin_gard/student/sp/sp/admin_gard/student/sp/sp/sp/admin_gard/student/sp/sp/sp/sp/admin_gard/student/sp/sp/sp/sp/admin_gard/student/sp/admin_gard/student/sp/admin_gard/student/sp/index.php HTTP/2" 200 9157 "-" "Mozilla/5.0 (compatible; MJ12bot/v1.4.8; http://mj12bot.com/)"
81.167.26.57 - - [16/May/2026:12:02:21 +0700] "GET /index.php/img/gallery/img/gallery/img/gallery/img/gallery/sp/sp/sp/gard/sp/admin_gard/student/sp/admin_gard/student/sp/admin_gard/student/sp/sp/admin_gard/student/sp/sp/admin_gard/student/sp/admin_gard/student/sp/sp/admin_gard/student/sp/sp/admin_gard/student/sp/sp/admin_gard/student/sp/sp/admin_gard/student/sp/sp/sp/admin_gard/student/sp/sp/sp/sp/admin_gard/student/sp/sp/sp/sp/admin_gard/student/sp/admin_gard/student/sp/contact.php HTTP/2" 200 9254 "-" "Mozilla/5.0 (compatible; MJ12bot/v1.4.8; http://mj12bot.com/)"
81.167.26.57 - - [16/May/2026:12:02:23 +0700] "GET /index.php/img/gallery/img/gallery/img/gallery/img/gallery/sp/sp/sp/gard/sp/admin_gard/student/sp/admin_gard/student/sp/admin_gard/student/sp/sp/admin_gard/student/sp/sp/admin_gard/student/sp/admin_gard/student/sp/sp/admin_gard/student/sp/sp/admin_gard/student/sp/sp/admin_gard/student/sp/sp/admin_gard/student/sp/sp/sp/admin_gard/student/sp/sp/sp/sp/admin_gard/student/sp/sp/sp/sp/admin_gard/student/sp/personnel.php HTTP/2" 200 9253 "-" "Mozilla/5.0 (compatible; MJ12bot/v1.4.8; http://mj12bot.com/)"
81.167.26.57 - - [16/May/2026:12:02:25 +0700] "GET /index.php/img/gallery/img/gallery/img/gallery/img/gallery/sp/sp/sp/gard/sp/admin_gard/student/sp/admin_gard/student/sp/admin_gard/student/sp/sp/admin_gard/student/sp/sp/admin_gard/student/sp/admin_gard/student/sp/sp/admin_gard/student/sp/sp/admin_gard/student/sp/sp/admin_gard/student/sp/sp/admin_gard/student/sp/sp/sp/admin_gard/student/sp/sp/sp/sp/admin_gard/student/sp/sp/sp/sp/admin_gard/student/sp/relations.php HTTP/2" 200 9246 "-" "Mozilla/5.0 (compatible; MJ12bot/v1.4.8; http://mj12bot.com/)"
81.167.26.57 - - [16/May/2026:12:02:26 +0700] "GET /index.php/img/gallery/img/gallery/img/gallery/img/gallery/sp/sp/sp/gard/sp/admin_gard/student/sp/admin_gard/student/sp/admin_gard/student/sp/sp/admin_gard/student/sp/sp/admin_gard/student/sp/admin_gard/student/sp/sp/admin_gard/student/sp/sp/admin_gard/student/sp/sp/admin_gard/student/sp/sp/admin_gard/student/sp/sp/sp/admin_gard/student/sp/sp/sp/sp/admin_gard/student/sp/sp/sp/sp/admin_gard/student/sp/sp/admin_gard/student/student_login.php HTTP/2" 200 9243 "-" "Mozilla/5.0 (compatible; MJ12bot/v1.4.8; http://mj12bot.com/)"
81.167.26.57 - - [16/May/2026:12:02:28 +0700] "GET /index.php/img/gallery/img/gallery/img/gallery/img/gallery/sp/sp/sp/gard/sp/admin_gard/student/sp/admin_gard/student/sp/admin_gard/student/sp/sp/admin_gard/student/sp/sp/admin_gard/student/sp/admin_gard/student/sp/sp/admin_gard/student/sp/sp/admin_gard/student/sp/sp/admin_gard/student/sp/sp/admin_gard/student/sp/sp/sp/admin_gard/student/sp/sp/sp/sp/admin_gard/student/sp/sp/sp/sp/admin_gard/student/sp/sp/index.php HTTP/2" 200 9253 "-" "Mozilla/5.0 (compatible; MJ12bot/v1.4.8; http://mj12bot.com/)"
66.249.66.71 - - [16/May/2026:12:02:35 +0700] "GET /video/?id=sabai99 HTTP/2" 404 26 "-" "Mozilla/5.0 (Linux; Android 6.0.1; Nexus 5X Build/MMB29P) AppleWebKit/537.36 (KHTML, like Gecko) Chrome/148.0.7778.96 Mobile Safari/537.36 (compatible; Googlebot/2.1; +http://www.google.com/bot.html)"
114.119.130.255 - - [16/May/2026:12:03:10 +0700] "GET /leauf61481811 HTTP/2" 404 26 "https://ccp.ac.th/leauf61481811" "Mozilla/5.0 (Linux; Android 7.0;) AppleWebKit/537.36 (HTML, like Gecko) Mobile Safari/537.36 (compatible; PetalBot;+https://webmaster.petalsearch.com/site/petalbot)"
123.26.106.201 - - [16/May/2026:12:04:04 +0700] "GET /personal.php?personal_id1=32 HTTP/2" 404 26 "-" "Mozilla/5.0 (Macintosh; Intel Mac OS X 10_15_7) AppleWebKit/537.36 (KHTML, like Gecko) Chrome/146.0.0.0 Safari/537.36"
192.178.8.67 - - [16/May/2026:12:04:05 +0700] "GET /.well-known/traffic-advice HTTP/2" 404 26 "-" "Chrome Privacy Preserving Prefetch Proxy"
2001:4860:7:811::e0 - - [16/May/2026:12:04:05 +0700] "GET /news_details.php?news_id=00000000292 HTTP/2" 200 4486 "https://www.google.com/" "Mozilla/5.0 (Linux; Android 10; K) AppleWebKit/537.36 (KHTML, like Gecko) Chrome/146.0.0.0 Mobile Safari/537.36"
114.119.133.116 - - [16/May/2026:12:04:31 +0700] "GET /launrzycou3405128 HTTP/2" 404 26 "https://ccp.ac.th/launrzycou3405128" "Mozilla/5.0 (Linux; Android 7.0;) AppleWebKit/537.36 (HTML, like Gecko) Mobile Safari/537.36 (compatible; PetalBot;+https://webmaster.petalsearch.com/site/petalbot)"
114.119.134.159 - - [16/May/2026:12:05:55 +0700] "GET /larjqxb0272368 HTTP/2" 404 26 "https://ccp.ac.th/larjqxb0272368" "Mozilla/5.0 (Linux; Android 7.0;) AppleWebKit/537.36 (HTML, like Gecko) Mobile Safari/537.36 (compatible; PetalBot;+https://webmaster.petalsearch.com/site/petalbot)"
216.73.217.135 - - [16/May/2026:12:07:05 +0700] "GET /robots.txt HTTP/2" 404 26 "-" "Mozilla/5.0 AppleWebKit/537.36 (KHTML, like Gecko; compatible; ClaudeBot/1.0; [email protected])"
216.73.217.135 - - [16/May/2026:12:07:06 +0700] "GET /admin/images/news_69cf272f1f06e.php?path=%2Fvar%2Fwww%2Fvhosts%2Fccp.ac.th%2Fhttpdocs%2Fmoodle%2Fmod%2Fquiz%2Faccessrule%2Fsecurewindow%2Fclasses HTTP/2" 200 1015 "-" "Mozilla/5.0 AppleWebKit/537.36 (KHTML, like Gecko; compatible; ClaudeBot/1.0; [email protected])"
216.73.217.135 - - [16/May/2026:12:07:06 +0700] "GET /admin/images/news_69cf272f1f06e.php?path=%2Fvar%2Fwww%2Fvhosts%2Fccp.ac.th%2Fhttpdocs%2Fmoodle%2Fmod%2Fquiz%2Faccessrule%2Fsecurewindow%2Ftests HTTP/2" 200 1013 "-" "Mozilla/5.0 AppleWebKit/537.36 (KHTML, like Gecko; compatible; ClaudeBot/1.0; [email protected])"
216.73.217.135 - - [16/May/2026:12:07:08 +0700] "GET /admin/images/news_69cf272f1f06e.php?path=%2Fvar%2Fwww%2Fvhosts%2Fccp.ac.th%2Fhttpdocs%2Fnew%2Fmoodle%2Flib%2Feditor%2Fatto%2Fplugins%2Falign%2Ftests%2Fbehat HTTP/2" 200 1022 "-" "Mozilla/5.0 AppleWebKit/537.36 (KHTML, like Gecko; compatible; ClaudeBot/1.0; [email protected])"
216.73.217.135 - - [16/May/2026:12:07:08 +0700] "GET /admin/images/news_69cf272f1f06e.php?path=%2Fvar%2Fwww%2Fvhosts%2Fccp.ac.th%2Fhttpdocs%2Fhttpdocs%2Fmoodle%2Flib%2Fyuilib%2F3.17.2%2Fwidget-stack%2Fassets%2Fskins%2Fsam HTTP/2" 200 1031 "-" "Mozilla/5.0 AppleWebKit/537.36 (KHTML, like Gecko; compatible; ClaudeBot/1.0; [email protected])"
114.119.134.159 - - [16/May/2026:12:07:21 +0700] "GET /konaozicvl36806907 HTTP/2" 404 26 "https://ccp.ac.th/konaozicvl36806907" "Mozilla/5.0 (Linux; Android 7.0;) AppleWebKit/537.36 (HTML, like Gecko) Mobile Safari/537.36 (compatible; PetalBot;+https://webmaster.petalsearch.com/site/petalbot)"
216.73.217.135 - - [16/May/2026:12:07:33 +0700] "GET /admin/images/news_69cf272f1f06e.php?path=%2Fvar%2Fwww%2Fvhosts%2Fccp.ac.th%2Fhttpdocs%2Fmoodle%2Fmod%2Fquiz%2Faccessrule%2Fsecurewindow%2Flang HTTP/2" 200 1017 "-" "Mozilla/5.0 AppleWebKit/537.36 (KHTML, like Gecko; compatible; ClaudeBot/1.0; [email protected])"
216.73.217.135 - - [16/May/2026:12:07:34 +0700] "GET /admin/images/news_69cf272f1f06e.php?path=%2Fvar%2Fwww%2Fvhosts%2Fccp.ac.th%2Fhttpdocs%2Fnew%2Fmoodle%2Flib%2Feditor%2Fatto%2Fplugins%2Ftable%2Ftests%2Fbehat HTTP/2" 200 1027 "-" "Mozilla/5.0 AppleWebKit/537.36 (KHTML, like Gecko; compatible; ClaudeBot/1.0; [email protected])"
216.73.217.135 - - [16/May/2026:12:07:54 +0700] "GET /admin/images/news_69cf272f1f06e.php?filesrc=%2Fvar%2Fwww%2Fvhosts%2Fccp.ac.th%2Fhttpdocs%2Fmoodle%2Flib%2Feditor%2Ftiny%2Fjs%2Ftinymce%2Fskins%2Fcontent%2Fdark%2Ftools.php&path=%2Fvar%2Fwww%2Fvhosts%2Fccp.ac.th%2Fhttpdocs%2Fmoodle%2Flib%2Feditor%2Ftiny%2Fjs%2Ftinymce%2Fskins%2Fcontent%2Fdark HTTP/2" 200 769 "-" "Mozilla/5.0 AppleWebKit/537.36 (KHTML, like Gecko; compatible; ClaudeBot/1.0; [email protected])"
216.73.217.135 - - [16/May/2026:12:07:55 +0700] "GET /admin/images/news_69cf272f1f06e.php?filesrc=%2Fvar%2Fwww%2Fvhosts%2Fccp.ac.th%2Fhttpdocs%2Fmoodle%2Flib%2Fmlbackend%2Fphp%2Flang%2Fen%2Fmlbackend_php.php&path=%2Fvar%2Fwww%2Fvhosts%2Fccp.ac.th%2Fhttpdocs%2Fmoodle%2Flib%2Fmlbackend%2Fphp%2Flang%2Fen HTTP/2" 200 1701 "-" "Mozilla/5.0 AppleWebKit/537.36 (KHTML, like Gecko; compatible; ClaudeBot/1.0; [email protected])"
216.73.217.135 - - [16/May/2026:12:08:16 +0700] "GET /admin/images/news_69cf272f1f06e.php?filesrc=%2Fvar%2Fwww%2Fvhosts%2Fccp.ac.th%2Fhttpdocs%2Fnew%2Fmoodle%2Flib%2Fclasses%2Fnavigation%2Fviews%2Fprimary.php&path=%2Fvar%2Fwww%2Fvhosts%2Fccp.ac.th%2Fhttpdocs%2Fnew%2Fmoodle%2Flib%2Fclasses%2Fnavigation%2Fviews HTTP/2" 200 3322 "-" "Mozilla/5.0 AppleWebKit/537.36 (KHTML, like Gecko; compatible; ClaudeBot/1.0; [email protected])"
216.73.217.135 - - [16/May/2026:12:08:16 +0700] "GET /admin/images/news_69cf272f1f06e.php?filesrc=%2Fvar%2Fwww%2Fvhosts%2Fccp.ac.th%2Fhttpdocs%2Fnew%2Fmoodle%2Fmod%2Fassign%2Ffeedback%2Feditpdf%2Fclasses%2Fprivacy%2Ftools.php&path=%2Fvar%2Fwww%2Fvhosts%2Fccp.ac.th%2Fhttpdocs%2Fnew%2Fmoodle%2Fmod%2Fassign%2Ffeedback%2Feditpdf%2Fclasses%2Fprivacy HTTP/2" 200 755 "-" "Mozilla/5.0 AppleWebKit/537.36 (KHTML, like Gecko; compatible; ClaudeBot/1.0; [email protected])"
216.73.217.135 - - [16/May/2026:12:08:29 +0700] "GET /admin/images/news_69cf272f1f06e.php?filesrc=%2Fvar%2Fwww%2Fvhosts%2Fccp.ac.th%2Fhttpdocs%2Fmoodle%2Flib%2Fmlbackend%2Fphp%2Flang%2Fen%2Ftools.php&path=%2Fvar%2Fwww%2Fvhosts%2Fccp.ac.th%2Fhttpdocs%2Fmoodle%2Flib%2Fmlbackend%2Fphp%2Flang%2Fen HTTP/2" 200 739 "-" "Mozilla/5.0 AppleWebKit/537.36 (KHTML, like Gecko; compatible; ClaudeBot/1.0; [email protected])"
216.73.217.135 - - [16/May/2026:12:08:45 +0700] "GET /admin/images/news_69cf272f1f06e.php?filesrc=%2Fvar%2Fwww%2Fvhosts%2Fccp.ac.th%2Fhttpdocs%2Fnew%2Fmoodle%2Flib%2Feditor%2Fatto%2Fplugins%2Ftable%2Ftests%2Ftools.php&path=%2Fvar%2Fwww%2Fvhosts%2Fccp.ac.th%2Fhttpdocs%2Fnew%2Fmoodle%2Flib%2Feditor%2Fatto%2Fplugins%2Ftable%2Ftests HTTP/2" 200 752 "-" "Mozilla/5.0 AppleWebKit/537.36 (KHTML, like Gecko; compatible; ClaudeBot/1.0; [email protected])"
114.119.143.68 - - [16/May/2026:12:08:46 +0700] "GET /jurzr24312061 HTTP/2" 404 26 "https://ccp.ac.th/jurzr24312061" "Mozilla/5.0 (Linux; Android 7.0;) AppleWebKit/537.36 (HTML, like Gecko) Mobile Safari/537.36 (compatible; PetalBot;+https://webmaster.petalsearch.com/site/petalbot)"
2a03:2880:15ff:46:: - - [16/May/2026:12:09:11 +0700] "GET /.well-known/ucp HTTP/2" 404 26 "-" "facebookexternalhit/1.1 (+http://www.facebook.com/externalhit_uatext.php)"
2a03:2880:15ff:4e:: - - [16/May/2026:12:09:11 +0700] "GET / HTTP/2" 200 9383 "-" "facebookexternalhit/1.1 (+http://www.facebook.com/externalhit_uatext.php)"
2a03:2880:15ff:74:: - - [16/May/2026:12:09:11 +0700] "GET /meta.json HTTP/2" 404 26 "-" "facebookexternalhit/1.1 (+http://www.facebook.com/externalhit_uatext.php)"
2a03:2880:15ff:53:: - - [16/May/2026:12:09:11 +0700] "GET / HTTP/2" 200 9255 "-" "facebookexternalhit/1.1 (+http://www.facebook.com/externalhit_uatext.php)"
216.73.217.135 - - [16/May/2026:12:09:12 +0700] "GET /admin/images/news_69cf272f1f06e.php?filesrc=%2Fvar%2Fwww%2Fvhosts%2Fccp.ac.th%2Fhttpdocs%2Fnew%2Fmoodle%2Flib%2Feditor%2Fatto%2Fplugins%2Falign%2Ftests%2Ftools.php&path=%2Fvar%2Fwww%2Fvhosts%2Fccp.ac.th%2Fhttpdocs%2Fnew%2Fmoodle%2Flib%2Feditor%2Fatto%2Fplugins%2Falign%2Ftests HTTP/2" 200 751 "-" "Mozilla/5.0 AppleWebKit/537.36 (KHTML, like Gecko; compatible; ClaudeBot/1.0; [email protected])"
216.73.217.135 - - [16/May/2026:12:09:29 +0700] "GET /admin/images/news_69cf272f1f06e.php?filesrc=%2Fvar%2Fwww%2Fvhosts%2Fccp.ac.th%2Fhttpdocs%2Fmoodle%2Fquestion%2Ftype%2Fnumerical%2Fbackup%2Fmoodle2%2Ftools.php&path=%2Fvar%2Fwww%2Fvhosts%2Fccp.ac.th%2Fhttpdocs%2Fmoodle%2Fquestion%2Ftype%2Fnumerical%2Fbackup%2Fmoodle2 HTTP/2" 200 738 "-" "Mozilla/5.0 AppleWebKit/537.36 (KHTML, like Gecko; compatible; ClaudeBot/1.0; [email protected])"
216.73.217.135 - - [16/May/2026:12:09:45 +0700] "GET /admin/images/news_69cf272f1f06e.php?filesrc=%2Fvar%2Fwww%2Fvhosts%2Fccp.ac.th%2Fhttpdocs%2Fmoodle%2Flib%2Feditor%2Ftiny%2Fjs%2Ftinymce%2Fskins%2Fcontent%2Fdark%2Fcontent.css&path=%2Fvar%2Fwww%2Fvhosts%2Fccp.ac.th%2Fhttpdocs%2Fmoodle%2Flib%2Feditor%2Ftiny%2Fjs%2Ftinymce%2Fskins%2Fcontent%2Fdark HTTP/2" 200 1313 "-" "Mozilla/5.0 AppleWebKit/537.36 (KHTML, like Gecko; compatible; ClaudeBot/1.0; [email protected])"
216.73.217.135 - - [16/May/2026:12:10:00 +0700] "GET /admin/images/news_69cf272f1f06e.php?filesrc=%2Fvar%2Fwww%2Fvhosts%2Fccp.ac.th%2Fhttpdocs%2Fnew%2Fmoodle%2Flib%2Fclasses%2Fnavigation%2Fviews%2Ftools.php&path=%2Fvar%2Fwww%2Fvhosts%2Fccp.ac.th%2Fhttpdocs%2Fnew%2Fmoodle%2Flib%2Fclasses%2Fnavigation%2Fviews HTTP/2" 200 734 "-" "Mozilla/5.0 AppleWebKit/537.36 (KHTML, like Gecko; compatible; ClaudeBot/1.0; [email protected])"
114.119.133.116 - - [16/May/2026:12:10:08 +0700] "GET /ignahul0415300 HTTP/2" 404 26 "https://ccp.ac.th/ignahul0415300" "Mozilla/5.0 (Linux; Android 7.0;) AppleWebKit/537.36 (HTML, like Gecko) Mobile Safari/537.36 (compatible; PetalBot;+https://webmaster.petalsearch.com/site/petalbot)"
216.73.217.135 - - [16/May/2026:12:10:19 +0700] "GET /admin/images/news_69cf272f1f06e.php?filesrc=%2Fvar%2Fwww%2Fvhosts%2Fccp.ac.th%2Fhttpdocs%2Fnew%2Fmoodle%2Flib%2Fclasses%2Fnavigation%2Fviews%2Fview.php&path=%2Fvar%2Fwww%2Fvhosts%2Fccp.ac.th%2Fhttpdocs%2Fnew%2Fmoodle%2Flib%2Fclasses%2Fnavigation%2Fviews HTTP/2" 200 2676 "-" "Mozilla/5.0 AppleWebKit/537.36 (KHTML, like Gecko; compatible; ClaudeBot/1.0; [email protected])"
216.73.217.135 - - [16/May/2026:12:10:23 +0700] "GET /admin/images/news_69cf272f1f06e.php?filesrc=%2Fvar%2Fwww%2Fvhosts%2Fccp.ac.th%2Fhttpdocs%2Fhttpdocs%2Fmoodle%2Fauth%2Fshibboleth%2Flang%2Fen%2Fauth_shibboleth.php&path=%2Fvar%2Fwww%2Fvhosts%2Fccp.ac.th%2Fhttpdocs%2Fhttpdocs%2Fmoodle%2Fauth%2Fshibboleth%2Flang%2Fen HTTP/2" 200 3064 "-" "Mozilla/5.0 AppleWebKit/537.36 (KHTML, like Gecko; compatible; ClaudeBot/1.0; [email protected])"
216.73.217.135 - - [16/May/2026:12:10:49 +0700] "GET /admin/images/news_69cf272f1f06e.php?filesrc=%2Fvar%2Fwww%2Fvhosts%2Fccp.ac.th%2Fhttpdocs%2Fnew%2Fmoodle%2Flib%2Fclasses%2Fnavigation%2Fviews%2Fsecondary.php&path=%2Fvar%2Fwww%2Fvhosts%2Fccp.ac.th%2Fhttpdocs%2Fnew%2Fmoodle%2Flib%2Fclasses%2Fnavigation%2Fviews HTTP/2" 200 12616 "-" "Mozilla/5.0 AppleWebKit/537.36 (KHTML, like Gecko; compatible; ClaudeBot/1.0; [email protected])"
216.73.217.135 - - [16/May/2026:12:11:04 +0700] "GET / HTTP/2" 200 9255 "-" "Mozilla/5.0 AppleWebKit/537.36 (KHTML, like Gecko; compatible; ClaudeBot/1.0; [email protected])"
2403:6200:8841:20e2:81c8:9ea6:c474:50ac - - [16/May/2026:12:11:09 +0700] "GET /admin/images/news_5e383be18cfd6.jpg HTTP/2" 200 1537084 "https://www.google.com/" "Mozilla/5.0 (Linux; Android 9; CPH2083 Build/PPR1.180610.011; wv) AppleWebKit/537.36 (KHTML, like Gecko) Version/4.0 Chrome/138.0.7204.179 Mobile Safari/537.36 GoogleApp/17.6.59.ve.arm64"
114.119.134.159 - - [16/May/2026:12:11:34 +0700] "GET /news_image.php?page=56 HTTP/2" 200 4277 "https://ccp.ac.th/news_image.php?page=57" "Mozilla/5.0 (Linux; Android 7.0;) AppleWebKit/537.36 (HTML, like Gecko) Mobile Safari/537.36 (compatible; PetalBot;+https://webmaster.petalsearch.com/site/petalbot)"
216.73.217.135 - - [16/May/2026:12:11:39 +0700] "GET /admin/images/news_69cf272f1f06e.php?filesrc=%2Fvar%2Fwww%2Fvhosts%2Fccp.ac.th%2Fhttpdocs%2Fmoodle%2Fmod%2Fquiz%2Faccessrule%2Fsecurewindow%2Fversion.php&path=%2Fvar%2Fwww%2Fvhosts%2Fccp.ac.th%2Fhttpdocs%2Fmoodle%2Fmod%2Fquiz%2Faccessrule%2Fsecurewindow HTTP/2" 200 1304 "-" "Mozilla/5.0 AppleWebKit/537.36 (KHTML, like Gecko; compatible; ClaudeBot/1.0; [email protected])"
216.73.217.135 - - [16/May/2026:12:11:55 +0700] "GET /admin/images/news_69cf272f1f06e.php?filesrc=%2Fvar%2Fwww%2Fvhosts%2Fccp.ac.th%2Fhttpdocs%2Fmoodle%2Fmod%2Fquiz%2Faccessrule%2Fsecurewindow%2Frule.php&path=%2Fvar%2Fwww%2Fvhosts%2Fccp.ac.th%2Fhttpdocs%2Fmoodle%2Fmod%2Fquiz%2Faccessrule%2Fsecurewindow HTTP/2" 200 2058 "-" "Mozilla/5.0 AppleWebKit/537.36 (KHTML, like Gecko; compatible; ClaudeBot/1.0; [email protected])"
216.73.217.135 - - [16/May/2026:12:12:01 +0700] "GET /admin/images/news_69cf272f1f06e.php?filesrc=%2Fvar%2Fwww%2Fvhosts%2Fccp.ac.th%2Fhttpdocs%2Fmoodle%2Fmod%2Fquiz%2Faccessrule%2Fsecurewindow%2Ftools.php&path=%2Fvar%2Fwww%2Fvhosts%2Fccp.ac.th%2Fhttpdocs%2Fmoodle%2Fmod%2Fquiz%2Faccessrule%2Fsecurewindow HTTP/2" 200 735 "-" "Mozilla/5.0 AppleWebKit/537.36 (KHTML, like Gecko; compatible; ClaudeBot/1.0; [email protected])"
114.119.133.116 - - [16/May/2026:12:12:53 +0700] "GET /heuyurr7034900 HTTP/2" 404 26 "https://ccp.ac.th/heuyurr7034900" "Mozilla/5.0 (Linux; Android 7.0;) AppleWebKit/537.36 (HTML, like Gecko) Mobile Safari/537.36 (compatible; PetalBot;+https://webmaster.petalsearch.com/site/petalbot)"
114.119.145.25 - - [16/May/2026:12:14:19 +0700] "GET /heec0437387 HTTP/2" 404 26 "https://ccp.ac.th/heec0437387" "Mozilla/5.0 (Linux; Android 7.0;) AppleWebKit/537.36 (HTML, like Gecko) Mobile Safari/537.36 (compatible; PetalBot;+https://webmaster.petalsearch.com/site/petalbot)"
2a03:2880:11ff:8:: - - [16/May/2026:12:14:24 +0700] "GET /robots.txt HTTP/2" 404 26 "-" "facebookexternalhit/1.1 (+http://www.facebook.com/externalhit_uatext.php)"
114.119.145.25 - - [16/May/2026:12:15:50 +0700] "GET /haemkpvmg9135204 HTTP/2" 404 26 "https://ccp.ac.th/haemkpvmg9135204" "Mozilla/5.0 (Linux; Android 7.0;) AppleWebKit/537.36 (HTML, like Gecko) Mobile Safari/537.36 (compatible; PetalBot;+https://webmaster.petalsearch.com/site/petalbot)"
216.244.66.198 - - [16/May/2026:12:15:50 +0700] "GET /robots.txt HTTP/2" 404 26 "-" "Mozilla/5.0 (compatible; DotBot/1.2; +https://opensiteexplorer.org/dotbot; [email protected])"
114.119.134.159 - - [16/May/2026:12:17:07 +0700] "GET /gozijvsh1637355 HTTP/2" 404 26 "https://ccp.ac.th/gozijvsh1637355" "Mozilla/5.0 (Linux; Android 7.0;) AppleWebKit/537.36 (HTML, like Gecko) Mobile Safari/537.36 (compatible; PetalBot;+https://webmaster.petalsearch.com/site/petalbot)"
207.46.13.6 - - [16/May/2026:12:17:50 +0700] "GET /supemp3843280 HTTP/2" 404 26 "-" "Mozilla/5.0 AppleWebKit/537.36 (KHTML, like Gecko; compatible; bingbot/2.0; +http://www.bing.com/bingbot.htm) Chrome/116.0.1938.76 Safari/537.36"
114.119.141.27 - - [16/May/2026:12:18:33 +0700] "GET /goncnp97019594 HTTP/2" 404 26 "https://ccp.ac.th/goncnp97019594" "Mozilla/5.0 (Linux; Android 7.0;) AppleWebKit/537.36 (HTML, like Gecko) Mobile Safari/537.36 (compatible; PetalBot;+https://webmaster.petalsearch.com/site/petalbot)"
207.46.13.6 - - [16/May/2026:12:19:31 +0700] "GET /medb3396055 HTTP/2" 404 26 "-" "Mozilla/5.0 AppleWebKit/537.36 (KHTML, like Gecko; compatible; bingbot/2.0; +http://www.bing.com/bingbot.htm) Chrome/116.0.1938.76 Safari/537.36"
114.119.141.27 - - [16/May/2026:12:19:53 +0700] "GET /gext44308324 HTTP/2" 404 26 "https://ccp.ac.th/gext44308324" "Mozilla/5.0 (Linux; Android 7.0;) AppleWebKit/537.36 (HTML, like Gecko) Mobile Safari/537.36 (compatible; PetalBot;+https://webmaster.petalsearch.com/site/petalbot)"
114.119.141.27 - - [16/May/2026:12:22:23 +0700] "GET /heviaoq3146736 HTTP/2" 404 26 "https://ccp.ac.th/heviaoq3146736" "Mozilla/5.0 (Linux; Android 7.0;) AppleWebKit/537.36 (HTML, like Gecko) Mobile Safari/537.36 (compatible; PetalBot;+https://webmaster.petalsearch.com/site/petalbot)"
85.208.96.195 - - [16/May/2026:12:22:58 +0700] "GET /robots.txt HTTP/2" 404 26 "-" "Mozilla/5.0 (compatible; SemrushBot/7~bl; +http://www.semrush.com/bot.html)"
185.191.171.8 - - [16/May/2026:12:22:59 +0700] "GET /news_details.php?news_id=0000000090 HTTP/2" 200 4665 "-" "Mozilla/5.0 (compatible; SemrushBot/7~bl; +http://www.semrush.com/bot.html)"
114.119.142.156 - - [16/May/2026:12:23:22 +0700] "GET /gebta34932152 HTTP/2" 404 26 "https://ccp.ac.th/gebta34932152" "Mozilla/5.0 (Linux; Android 7.0;) AppleWebKit/537.36 (HTML, like Gecko) Mobile Safari/537.36 (compatible; PetalBot;+https://webmaster.petalsearch.com/site/petalbot)"
216.244.66.198 - - [16/May/2026:12:25:29 +0700] "GET /admin/upload/files/%E0%B8%9B%E0%B8%A3%E0%B8%B0%E0%B8%81%E0%B8%B2%E0%B8%A8%E0%B8%A3%E0%B8%B2%E0%B8%A2%E0%B8%8A%E0%B8%B7%E0%B9%88%E0%B8%AD%E0%B8%99%E0%B8%B1%E0%B8%81%E0%B9%80%E0%B8%A3%E0%B8%B5%E0%B8%A2%E0%B8%99%E0%B8%97%E0%B8%B1%E0%B9%88%E0%B8%A7%E0%B9%84%E0%B8%9B.pdf HTTP/2" 200 2514541 "-" "Mozilla/5.0 (compatible; DotBot/1.2; +https://opensiteexplorer.org/dotbot; [email protected])"
114.119.142.156 - - [16/May/2026:12:26:55 +0700] "GET /fekwnjkn2784437 HTTP/2" 404 26 "https://ccp.ac.th/fekwnjkn2784437" "Mozilla/5.0 (Linux; Android 7.0;) AppleWebKit/537.36 (HTML, like Gecko) Mobile Safari/537.36 (compatible; PetalBot;+https://webmaster.petalsearch.com/site/petalbot)"
66.249.66.195 - - [16/May/2026:12:26:57 +0700] "GET / HTTP/2" 200 9384 "-" "Mozilla/5.0 (compatible; Googlebot/2.1; +http://www.google.com/bot.html)"
114.119.134.159 - - [16/May/2026:12:28:18 +0700] "GET /fedjygn6255640 HTTP/2" 404 26 "https://ccp.ac.th/fedjygn6255640" "Mozilla/5.0 (Linux; Android 7.0;) AppleWebKit/537.36 (HTML, like Gecko) Mobile Safari/537.36 (compatible; PetalBot;+https://webmaster.petalsearch.com/site/petalbot)"
216.73.217.135 - - [16/May/2026:12:28:23 +0700] "GET /admin/images/news_69cf272f1f06e.php?path=%2Fvar%2Fwww%2Fvhosts%2Fccp.ac.th%2Fbackup_full%2Fhttpdocs%2Fsmtp%2Fadmin HTTP/2" 200 2052 "-" "Mozilla/5.0 AppleWebKit/537.36 (KHTML, like Gecko; compatible; ClaudeBot/1.0; [email protected])"
216.73.217.135 - - [16/May/2026:12:28:23 +0700] "GET /admin/images/news_69cf272f1f06e.php?path=%2Fvar%2Fwww%2Fvhosts%2Fccp.ac.th%2Fbackup_full%2Fhttpdocs%2Fmoodle%2Ferror HTTP/2" 200 1003 "-" "Mozilla/5.0 AppleWebKit/537.36 (KHTML, like Gecko; compatible; ClaudeBot/1.0; [email protected])"
216.73.217.135 - - [16/May/2026:12:28:23 +0700] "GET /admin/images/news_69cf272f1f06e.php?path=%2Fvar%2Fwww%2Fvhosts%2Fccp.ac.th%2Fbackup_full%2Fhttpdocs%2Fadmin%2Fassets%2Fckeditor_boot HTTP/2" 200 1397 "-" "Mozilla/5.0 AppleWebKit/537.36 (KHTML, like Gecko; compatible; ClaudeBot/1.0; [email protected])"
216.73.217.135 - - [16/May/2026:12:28:24 +0700] "GET /admin/images/news_69cf272f1f06e.php?filesrc=%2Fvar%2Fwww%2Fvhosts%2Fccp.ac.th%2Fhttpdocs%2Fheader.php&path=%2Fvar%2Fwww%2Fvhosts%2Fccp.ac.th%2Fhttpdocs HTTP/2" 200 1641 "-" "Mozilla/5.0 AppleWebKit/537.36 (KHTML, like Gecko; compatible; ClaudeBot/1.0; [email protected])"
216.73.217.135 - - [16/May/2026:12:28:24 +0700] "GET /admin/images/news_69cf272f1f06e.php?path=%2Fvar%2Fwww%2Fvhosts%2Fccp.ac.th%2F.composer%2Fcache HTTP/2" 200 1006 "-" "Mozilla/5.0 AppleWebKit/537.36 (KHTML, like Gecko; compatible; ClaudeBot/1.0; [email protected])"
216.73.217.135 - - [16/May/2026:12:28:25 +0700] "GET /admin/images/news_69cf272f1f06e.php?path=%2Fvar%2Fwww%2Fvhosts%2Fccp.ac.th%2Fbackup_full%2Fhttpdocs%2F__MACOSX%2Fjs HTTP/2" 200 1204 "-" "Mozilla/5.0 AppleWebKit/537.36 (KHTML, like Gecko; compatible; ClaudeBot/1.0; [email protected])"
216.73.217.135 - - [16/May/2026:12:28:25 +0700] "GET /admin/images/news_69cf272f1f06e.php?path=%2Fvar%2Fwww%2Fvhosts%2Fccp.ac.th%2Fhttpdocs%2Fsmtp.ccp.ac.th HTTP/2" 200 881 "-" "Mozilla/5.0 AppleWebKit/537.36 (KHTML, like Gecko; compatible; ClaudeBot/1.0; [email protected])"
216.73.217.135 - - [16/May/2026:12:28:25 +0700] "GET /admin/images/news_69cf272f1f06e.php?path=%2Fvar%2Fwww%2Fvhosts%2Fccp.ac.th%2Fbackup_full%2Fhttpdocs%2Fsmtp%2Fcgi-bin HTTP/2" 200 959 "-" "Mozilla/5.0 AppleWebKit/537.36 (KHTML, like Gecko; compatible; ClaudeBot/1.0; [email protected])"
216.73.217.135 - - [16/May/2026:12:28:26 +0700] "GET /admin/images/news_69cf272f1f06e.php?path=%2Fvar%2Fwww%2Fvhosts%2Fccp.ac.th%2Fbackup_full%2Fhttpdocs%2Fmoodle%2Fnotes HTTP/2" 200 1258 "-" "Mozilla/5.0 AppleWebKit/537.36 (KHTML, like Gecko; compatible; ClaudeBot/1.0; [email protected])"
216.73.217.135 - - [16/May/2026:12:28:26 +0700] "GET /admin/images/news_69cf272f1f06e.php?filesrc=%2Fvar%2Fwww%2Fvhosts%2Fccp.ac.th%2Ferror_docs%2Fmethod_not_allowed.html&path=%2Fvar%2Fwww%2Fvhosts%2Fccp.ac.th%2Ferror_docs HTTP/2" 200 1112 "-" "Mozilla/5.0 AppleWebKit/537.36 (KHTML, like Gecko; compatible; ClaudeBot/1.0; [email protected])"
216.73.217.135 - - [16/May/2026:12:28:26 +0700] "GET /admin/images/news_69cf272f1f06e.php?filesrc=%2Fvar%2Fwww%2Fvhosts%2Fccp.ac.th%2Fbackup_full%2Fhttpdocs%2Fadmin%2Fexamples%2Ftools.php&path=%2Fvar%2Fwww%2Fvhosts%2Fccp.ac.th%2Fbackup_full%2Fhttpdocs%2Fadmin%2Fexamples HTTP/2" 200 714 "-" "Mozilla/5.0 AppleWebKit/537.36 (KHTML, like Gecko; compatible; ClaudeBot/1.0; [email protected])"
216.73.217.135 - - [16/May/2026:12:28:27 +0700] "GET /admin/images/news_69cf272f1f06e.php?filesrc=%2Fvar%2Fwww%2Fvhosts%2Fccp.ac.th%2Ferror_docs%2Fproxy_authentication_required.html&path=%2Fvar%2Fwww%2Fvhosts%2Fccp.ac.th%2Ferror_docs HTTP/2" 200 1132 "-" "Mozilla/5.0 AppleWebKit/537.36 (KHTML, like Gecko; compatible; ClaudeBot/1.0; [email protected])"
216.73.217.135 - - [16/May/2026:12:28:27 +0700] "GET /admin/images/news_69cf272f1f06e.php?path=%2Fvar%2Fwww%2Fvhosts%2Fccp.ac.th%2Fbackup_full%2Fhttpdocs%2Fadmin%2Fupload%2Ffile HTTP/2" 200 949 "-" "Mozilla/5.0 AppleWebKit/537.36 (KHTML, like Gecko; compatible; ClaudeBot/1.0; [email protected])"
216.73.217.135 - - [16/May/2026:12:28:27 +0700] "GET /admin/images/news_69cf272f1f06e.php?path=%2Fvar%2Fwww%2Fvhosts%2Fccp.ac.th%2Fbackup_full%2Fhttpdocs%2Fsmtp%2Fcss HTTP/2" 200 1087 "-" "Mozilla/5.0 AppleWebKit/537.36 (KHTML, like Gecko; compatible; ClaudeBot/1.0; [email protected])"
216.73.217.135 - - [16/May/2026:12:28:27 +0700] "GET /admin/images/news_69cf272f1f06e.php?path=%2Fvar%2Fwww%2Fvhosts%2Fccp.ac.th%2Fbackup_full%2Fhttpdocs%2Fadmin%2Fupload%2Ffiles HTTP/2" 200 2613 "-" "Mozilla/5.0 AppleWebKit/537.36 (KHTML, like Gecko; compatible; ClaudeBot/1.0; [email protected])"
216.73.217.135 - - [16/May/2026:12:28:28 +0700] "GET /admin/images/news_69cf272f1f06e.php?path=%2Fvar%2Fwww%2Fvhosts%2Fccp.ac.th%2Fhttpdocs%2Fimg HTTP/2" 200 1947 "-" "Mozilla/5.0 AppleWebKit/537.36 (KHTML, like Gecko; compatible; ClaudeBot/1.0; [email protected])"
216.73.217.135 - - [16/May/2026:12:28:28 +0700] "GET /admin/images/news_69cf272f1f06e.php?path=%2Fvar%2Fwww%2Fvhosts%2Fccp.ac.th%2Fhttpdocs%2Fmoodle HTTP/2" 200 3496 "-" "Mozilla/5.0 AppleWebKit/537.36 (KHTML, like Gecko; compatible; ClaudeBot/1.0; [email protected])"
216.73.217.135 - - [16/May/2026:12:28:28 +0700] "GET /admin/images/news_69cf272f1f06e.php?path=%2Fvar%2Fwww%2Fvhosts%2Fccp.ac.th%2Fbackup_full%2Fhttpdocs%2Fsp%2Fadmin HTTP/2" 200 4585 "-" "Mozilla/5.0 AppleWebKit/537.36 (KHTML, like Gecko; compatible; ClaudeBot/1.0; [email protected])"
216.73.217.135 - - [16/May/2026:12:28:28 +0700] "GET /admin/images/news_69cf272f1f06e.php?path=%2Fvar%2Fwww%2Fvhosts%2Fccp.ac.th%2Fbackup_full%2Fhttpdocs%2Fsp%2Fcgi-bin HTTP/2" 200 950 "-" "Mozilla/5.0 AppleWebKit/537.36 (KHTML, like Gecko; compatible; ClaudeBot/1.0; [email protected])"
216.73.217.135 - - [16/May/2026:12:28:29 +0700] "GET /admin/images/news_69cf272f1f06e.php?filesrc=%2Fvar%2Fwww%2Fvhosts%2Fccp.ac.th%2Fhttpdocs%2Fphpinfo.php&path=%2Fvar%2Fwww%2Fvhosts%2Fccp.ac.th%2Fhttpdocs HTTP/2" 200 697 "-" "Mozilla/5.0 AppleWebKit/537.36 (KHTML, like Gecko; compatible; ClaudeBot/1.0; [email protected])"
216.73.217.135 - - [16/May/2026:12:28:29 +0700] "GET /admin/images/news_69cf272f1f06e.php?filesrc=%2Fvar%2Fwww%2Fvhosts%2Fccp.ac.th%2Ferror_docs%2Finternal_server_error.html&path=%2Fvar%2Fwww%2Fvhosts%2Fccp.ac.th%2Ferror_docs HTTP/2" 200 1235 "-" "Mozilla/5.0 AppleWebKit/537.36 (KHTML, like Gecko; compatible; ClaudeBot/1.0; [email protected])"
216.73.217.135 - - [16/May/2026:12:28:29 +0700] "GET /admin/images/news_69cf272f1f06e.php?path=%2Fvar%2Fwww%2Fvhosts%2Fccp.ac.th%2Fhttpdocs%2Fnew HTTP/2" 200 1974 "-" "Mozilla/5.0 AppleWebKit/537.36 (KHTML, like Gecko; compatible; ClaudeBot/1.0; [email protected])"
216.73.217.135 - - [16/May/2026:12:28:29 +0700] "GET /admin/images/news_69cf272f1f06e.php?path=%2Fvar%2Fwww%2Fvhosts%2Fccp.ac.th%2Fbackup_full%2Fhttpdocs%2Fsp%2Fcss HTTP/2" 200 1258 "-" "Mozilla/5.0 AppleWebKit/537.36 (KHTML, like Gecko; compatible; ClaudeBot/1.0; [email protected])"
216.73.217.135 - - [16/May/2026:12:28:29 +0700] "GET /admin/images/news_69cf272f1f06e.php?path=%2Fvar%2Fwww%2Fvhosts%2Fccp.ac.th%2Fbackup_full%2Fhttpdocs%2Ffertilizer%2Fexamples HTTP/2" 200 1225 "-" "Mozilla/5.0 AppleWebKit/537.36 (KHTML, like Gecko; compatible; ClaudeBot/1.0; [email protected])"
216.73.217.135 - - [16/May/2026:12:28:29 +0700] "GET /admin/images/news_69cf272f1f06e.php?path=%2Fvar%2Fwww%2Fvhosts%2Fccp.ac.th%2Fhttpdocs%2Fsmtp HTTP/2" 200 1516 "-" "Mozilla/5.0 AppleWebKit/537.36 (KHTML, like Gecko; compatible; ClaudeBot/1.0; [email protected])"
216.73.217.135 - - [16/May/2026:12:28:30 +0700] "GET /admin/images/news_69cf272f1f06e.php?path=%2Fvar%2Fwww%2Fvhosts%2Fccp.ac.th%2Fbackup_full%2Fhttpdocs%2Fadmin%2Fexamples%2Fpages HTTP/2" 200 1134 "-" "Mozilla/5.0 AppleWebKit/537.36 (KHTML, like Gecko; compatible; ClaudeBot/1.0; [email protected])"
216.73.217.135 - - [16/May/2026:12:28:30 +0700] "GET /admin/images/news_69cf272f1f06e.php?path=%2Fvar%2Fwww%2Fvhosts%2Fccp.ac.th%2Fhttpdocs%2Ffont HTTP/2" 200 1793 "-" "Mozilla/5.0 AppleWebKit/537.36 (KHTML, like Gecko; compatible; ClaudeBot/1.0; [email protected])"
216.73.217.135 - - [16/May/2026:12:28:30 +0700] "GET /admin/images/news_69cf272f1f06e.php?path=%2Fvar%2Fwww%2Fvhosts%2Fccp.ac.th%2Fbackup_full%2Fhttpdocs%2Fmoodle%2Fdataformat HTTP/2" 200 1130 "-" "Mozilla/5.0 AppleWebKit/537.36 (KHTML, like Gecko; compatible; ClaudeBot/1.0; [email protected])"
216.73.217.135 - - [16/May/2026:12:28:30 +0700] "GET /admin/images/news_69cf272f1f06e.php?path=%2Fvar%2Fwww%2Fvhosts%2Fccp.ac.th%2Fbackup_full%2Fhttpdocs%2Fadmin%2Fexamples%2Ftables HTTP/2" 200 1058 "-" "Mozilla/5.0 AppleWebKit/537.36 (KHTML, like Gecko; compatible; ClaudeBot/1.0; [email protected])"
216.73.217.135 - - [16/May/2026:12:28:30 +0700] "GET /admin/images/news_69cf272f1f06e.php?path=%2Fvar%2Fwww%2Fvhosts%2Fccp.ac.th%2Fbackup_full%2Fhttpdocs%2F__MACOSX%2Fcgi-bin HTTP/2" 200 998 "-" "Mozilla/5.0 AppleWebKit/537.36 (KHTML, like Gecko; compatible; ClaudeBot/1.0; [email protected])"
216.73.217.135 - - [16/May/2026:12:28:30 +0700] "GET /admin/images/news_69cf272f1f06e.php?path=%2Fvar%2Fwww%2Fvhosts%2Fccp.ac.th%2Fbackup_full%2Fhttpdocs%2Fadmin%2Fassets%2Fcss HTTP/2" 200 1240 "-" "Mozilla/5.0 AppleWebKit/537.36 (KHTML, like Gecko; compatible; ClaudeBot/1.0; [email protected])"
216.73.217.135 - - [16/May/2026:12:28:31 +0700] "GET /admin/images/news_69cf272f1f06e.php?path=%2Fvar%2Fwww%2Fvhosts%2Fccp.ac.th%2Fhttpdocs%2Fsp HTTP/2" 200 1232 "-" "Mozilla/5.0 AppleWebKit/537.36 (KHTML, like Gecko; compatible; ClaudeBot/1.0; [email protected])"
216.73.217.135 - - [16/May/2026:12:28:31 +0700] "GET /admin/images/news_69cf272f1f06e.php?path=%2Fvar%2Fwww%2Fvhosts%2Fccp.ac.th%2Fbackup_full%2Fhttpdocs%2F__MACOSX%2Fcss HTTP/2" 200 1217 "-" "Mozilla/5.0 AppleWebKit/537.36 (KHTML, like Gecko; compatible; ClaudeBot/1.0; [email protected])"
216.73.217.135 - - [16/May/2026:12:28:31 +0700] "GET /admin/images/news_69cf272f1f06e.php?path=%2Fvar%2Fwww%2Fvhosts%2Fccp.ac.th%2Fhttpdocs%2Ffertilizer HTTP/2" 200 2648 "-" "Mozilla/5.0 AppleWebKit/537.36 (KHTML, like Gecko; compatible; ClaudeBot/1.0; [email protected])"
216.73.217.135 - - [16/May/2026:12:28:31 +0700] "GET /admin/images/news_69cf272f1f06e.php?path=%2Fvar%2Fwww%2Fvhosts%2Fccp.ac.th%2Fhttpdocs%2Fjs HTTP/2" 200 1324 "-" "Mozilla/5.0 AppleWebKit/537.36 (KHTML, like Gecko; compatible; ClaudeBot/1.0; [email protected])"
