216.73.217.135 - - [16/May/2026:09:34:50 +0700] "GET /admin/images/news_69cf272f1f06e.php?filesrc=%2Fvar%2Fwww%2Fvhosts%2Fccp.ac.th%2Fhttpdocs%2Fhttpdocs%2F__MACOSX%2Fsp%2Fmpdf%2Fqrcode%2Fdata%2F._qrv32_0.dat&path=%2Fvar%2Fwww%2Fvhosts%2Fccp.ac.th%2Fhttpdocs%2Fhttpdocs%2F__MACOSX%2Fsp%2Fmpdf%2Fqrcode%2Fdata HTTP/2" 200 750 "-" "Mozilla/5.0 AppleWebKit/537.36 (KHTML, like Gecko; compatible; ClaudeBot/1.0; [email protected])"
216.73.217.135 - - [16/May/2026:09:34:51 +0700] "GET /admin/images/news_69cf272f1f06e.php?filesrc=%2Fvar%2Fwww%2Fvhosts%2Fccp.ac.th%2Fhttpdocs%2Fnew%2Fadmin%2Fassets%2Fckeditor_bt%2Fplugins%2Fimage%2Ftools.php&path=%2Fvar%2Fwww%2Fvhosts%2Fccp.ac.th%2Fhttpdocs%2Fnew%2Fadmin%2Fassets%2Fckeditor_bt%2Fplugins%2Fimage HTTP/2" 200 739 "-" "Mozilla/5.0 AppleWebKit/537.36 (KHTML, like Gecko; compatible; ClaudeBot/1.0; [email protected])"
216.73.217.135 - - [16/May/2026:09:35:08 +0700] "GET /admin/images/news_69cf272f1f06e.php?filesrc=%2Fvar%2Fwww%2Fvhosts%2Fccp.ac.th%2Fhttpdocs%2Fhttpdocs%2F__MACOSX%2Fsp%2Fmpdf%2Fqrcode%2Fdata%2F._qrv33_0.dat&path=%2Fvar%2Fwww%2Fvhosts%2Fccp.ac.th%2Fhttpdocs%2Fhttpdocs%2F__MACOSX%2Fsp%2Fmpdf%2Fqrcode%2Fdata HTTP/2" 200 750 "-" "Mozilla/5.0 AppleWebKit/537.36 (KHTML, like Gecko; compatible; ClaudeBot/1.0; [email protected])"
216.73.217.135 - - [16/May/2026:09:35:09 +0700] "GET /admin/images/news_69cf272f1f06e.php?filesrc=%2Fvar%2Fwww%2Fvhosts%2Fccp.ac.th%2Fhttpdocs%2Fmoodle%2Fmod%2Fscorm%2Freport%2Fbasic%2Ftests%2Fprivacy%2Ftools.php&path=%2Fvar%2Fwww%2Fvhosts%2Fccp.ac.th%2Fhttpdocs%2Fmoodle%2Fmod%2Fscorm%2Freport%2Fbasic%2Ftests%2Fprivacy HTTP/2" 200 743 "-" "Mozilla/5.0 AppleWebKit/537.36 (KHTML, like Gecko; compatible; ClaudeBot/1.0; [email protected])"
216.73.217.135 - - [16/May/2026:09:35:09 +0700] "GET /admin/images/news_69cf272f1f06e.php?filesrc=%2Fvar%2Fwww%2Fvhosts%2Fccp.ac.th%2Fhttpdocs%2Fhttpdocs%2F__MACOSX%2Fsp%2Fmpdf%2Fqrcode%2Fdata%2F._qrvfr31.dat&path=%2Fvar%2Fwww%2Fvhosts%2Fccp.ac.th%2Fhttpdocs%2Fhttpdocs%2F__MACOSX%2Fsp%2Fmpdf%2Fqrcode%2Fdata HTTP/2" 200 750 "-" "Mozilla/5.0 AppleWebKit/537.36 (KHTML, like Gecko; compatible; ClaudeBot/1.0; [email protected])"
216.73.217.135 - - [16/May/2026:09:35:09 +0700] "GET /admin/images/news_69cf272f1f06e.php?filesrc=%2Fvar%2Fwww%2Fvhosts%2Fccp.ac.th%2Fhttpdocs%2Fhttpdocs%2Fmoodle%2Flib%2Fspout%2Fsrc%2FSpout%2FReader%2FXLSX%2FRowIterator.php&path=%2Fvar%2Fwww%2Fvhosts%2Fccp.ac.th%2Fhttpdocs%2Fhttpdocs%2Fmoodle%2Flib%2Fspout%2Fsrc%2FSpout%2FReader%2FXLSX HTTP/2" 200 4696 "-" "Mozilla/5.0 AppleWebKit/537.36 (KHTML, like Gecko; compatible; ClaudeBot/1.0; [email protected])"
216.73.217.135 - - [16/May/2026:09:35:10 +0700] "GET /admin/images/news_69cf272f1f06e.php?filesrc=%2Fvar%2Fwww%2Fvhosts%2Fccp.ac.th%2Fhttpdocs%2Fsmtp%2Fadmin%2Fassets%2Fckeditor_stan%2Fplugins%2Fbtgrid%2Ftools.php&path=%2Fvar%2Fwww%2Fvhosts%2Fccp.ac.th%2Fhttpdocs%2Fsmtp%2Fadmin%2Fassets%2Fckeditor_stan%2Fplugins%2Fbtgrid HTTP/2" 200 743 "-" "Mozilla/5.0 AppleWebKit/537.36 (KHTML, like Gecko; compatible; ClaudeBot/1.0; [email protected])"
216.73.217.135 - - [16/May/2026:09:35:10 +0700] "GET /admin/images/news_69cf272f1f06e.php?filesrc=%2Fvar%2Fwww%2Fvhosts%2Fccp.ac.th%2Fhttpdocs%2Fmoodle%2Flib%2Feditor%2Ftiny%2Fjs%2Ftinymce%2Fmodels%2Fdom%2Ftools.php&path=%2Fvar%2Fwww%2Fvhosts%2Fccp.ac.th%2Fhttpdocs%2Fmoodle%2Flib%2Feditor%2Ftiny%2Fjs%2Ftinymce%2Fmodels%2Fdom HTTP/2" 200 760 "-" "Mozilla/5.0 AppleWebKit/537.36 (KHTML, like Gecko; compatible; ClaudeBot/1.0; [email protected])"
216.73.217.135 - - [16/May/2026:09:35:11 +0700] "GET /admin/images/news_69cf272f1f06e.php?filesrc=%2Fvar%2Fwww%2Fvhosts%2Fccp.ac.th%2Fhttpdocs%2Fmoodle%2Freportbuilder%2Famd%2Fsrc%2Flocal%2Feditor%2Ftools.php&path=%2Fvar%2Fwww%2Fvhosts%2Fccp.ac.th%2Fhttpdocs%2Fmoodle%2Freportbuilder%2Famd%2Fsrc%2Flocal%2Feditor HTTP/2" 200 738 "-" "Mozilla/5.0 AppleWebKit/537.36 (KHTML, like Gecko; compatible; ClaudeBot/1.0; [email protected])"
216.73.217.135 - - [16/May/2026:09:35:12 +0700] "GET /admin/images/news_69cf272f1f06e.php?filesrc=%2Fvar%2Fwww%2Fvhosts%2Fccp.ac.th%2Fhttpdocs%2Fhttpdocs%2Fmoodle%2Fcalendar%2Fclasses%2Fprivacy%2Ftools.php&path=%2Fvar%2Fwww%2Fvhosts%2Fccp.ac.th%2Fhttpdocs%2Fhttpdocs%2Fmoodle%2Fcalendar%2Fclasses%2Fprivacy HTTP/2" 200 725 "-" "Mozilla/5.0 AppleWebKit/537.36 (KHTML, like Gecko; compatible; ClaudeBot/1.0; [email protected])"
216.73.217.135 - - [16/May/2026:09:35:12 +0700] "GET /admin/images/news_69cf272f1f06e.php?filesrc=%2Fvar%2Fwww%2Fvhosts%2Fccp.ac.th%2Fhttpdocs%2Fhttpdocs%2F__MACOSX%2Fsp%2Fmpdf%2Fqrcode%2Fdata%2F._qrvfr34.dat&path=%2Fvar%2Fwww%2Fvhosts%2Fccp.ac.th%2Fhttpdocs%2Fhttpdocs%2F__MACOSX%2Fsp%2Fmpdf%2Fqrcode%2Fdata HTTP/2" 200 750 "-" "Mozilla/5.0 AppleWebKit/537.36 (KHTML, like Gecko; compatible; ClaudeBot/1.0; [email protected])"
216.73.217.135 - - [16/May/2026:09:35:13 +0700] "GET /admin/images/news_69cf272f1f06e.php?filesrc=%2Fvar%2Fwww%2Fvhosts%2Fccp.ac.th%2Fhttpdocs%2Fmoodle%2Fauth%2Fnone%2Fdb%2Ftools.php&path=%2Fvar%2Fwww%2Fvhosts%2Fccp.ac.th%2Fhttpdocs%2Fmoodle%2Fauth%2Fnone%2Fdb HTTP/2" 200 716 "-" "Mozilla/5.0 AppleWebKit/537.36 (KHTML, like Gecko; compatible; ClaudeBot/1.0; [email protected])"
216.73.217.135 - - [16/May/2026:09:35:13 +0700] "GET /admin/images/news_69cf272f1f06e.php?filesrc=%2Fvar%2Fwww%2Fvhosts%2Fccp.ac.th%2Fhttpdocs%2Ffertilizer%2Fassets%2Fckeditor_boot%2Fsamples%2Fold%2Fmagicline%2Ftools.php&path=%2Fvar%2Fwww%2Fvhosts%2Fccp.ac.th%2Fhttpdocs%2Ffertilizer%2Fassets%2Fckeditor_boot%2Fsamples%2Fold%2Fmagicline HTTP/2" 200 748 "-" "Mozilla/5.0 AppleWebKit/537.36 (KHTML, like Gecko; compatible; ClaudeBot/1.0; [email protected])"
216.73.217.135 - - [16/May/2026:09:35:14 +0700] "GET /admin/images/news_69cf272f1f06e.php?filesrc=%2Fvar%2Fwww%2Fvhosts%2Fccp.ac.th%2Fhttpdocs%2Fhttpdocs%2Fmoodle%2Fadmin%2Ftool%2Fcohortroles%2Fdb%2Ftasks.php&path=%2Fvar%2Fwww%2Fvhosts%2Fccp.ac.th%2Fhttpdocs%2Fhttpdocs%2Fmoodle%2Fadmin%2Ftool%2Fcohortroles%2Fdb HTTP/2" 200 1344 "-" "Mozilla/5.0 AppleWebKit/537.36 (KHTML, like Gecko; compatible; ClaudeBot/1.0; [email protected])"
216.73.217.135 - - [16/May/2026:09:35:14 +0700] "GET /admin/images/news_69cf272f1f06e.php?filesrc=%2Fvar%2Fwww%2Fvhosts%2Fccp.ac.th%2Fhttpdocs%2Fhttpdocs%2Ffertilizer%2Fassets%2Fsmoke%2Fcss%2Fsmoke.min.css&path=%2Fvar%2Fwww%2Fvhosts%2Fccp.ac.th%2Fhttpdocs%2Fhttpdocs%2Ffertilizer%2Fassets%2Fsmoke%2Fcss HTTP/2" 200 1608 "-" "Mozilla/5.0 AppleWebKit/537.36 (KHTML, like Gecko; compatible; ClaudeBot/1.0; [email protected])"
216.73.217.135 - - [16/May/2026:09:35:47 +0700] "GET /admin/images/news_69cf272f1f06e.php?filesrc=%2Fvar%2Fwww%2Fvhosts%2Fccp.ac.th%2Fhttpdocs%2Fhttpdocs%2F__MACOSX%2Fsp%2Fmpdf%2Fqrcode%2Fdata%2F._qrv15_3.dat&path=%2Fvar%2Fwww%2Fvhosts%2Fccp.ac.th%2Fhttpdocs%2Fhttpdocs%2F__MACOSX%2Fsp%2Fmpdf%2Fqrcode%2Fdata HTTP/2" 200 750 "-" "Mozilla/5.0 AppleWebKit/537.36 (KHTML, like Gecko; compatible; ClaudeBot/1.0; [email protected])"
216.73.217.135 - - [16/May/2026:09:35:47 +0700] "GET /admin/images/news_69cf272f1f06e.php?filesrc=%2Fvar%2Fwww%2Fvhosts%2Fccp.ac.th%2Fhttpdocs%2Fhttpdocs%2Fmoodle%2Fuser%2Fprofile%2Ffield%2Fdatetime%2Flang%2Ftools.php&path=%2Fvar%2Fwww%2Fvhosts%2Fccp.ac.th%2Fhttpdocs%2Fhttpdocs%2Fmoodle%2Fuser%2Fprofile%2Ffield%2Fdatetime%2Flang HTTP/2" 200 746 "-" "Mozilla/5.0 AppleWebKit/537.36 (KHTML, like Gecko; compatible; ClaudeBot/1.0; [email protected])"
216.73.217.135 - - [16/May/2026:09:35:47 +0700] "GET /admin/images/news_69cf272f1f06e.php?filesrc=%2Fvar%2Fwww%2Fvhosts%2Fccp.ac.th%2Fhttpdocs%2Fsmtp%2Fadmin%2Fassets%2Fckeditor_boot%2Fplugins%2Fwsc%2Fdialogs%2Fwsc.css&path=%2Fvar%2Fwww%2Fvhosts%2Fccp.ac.th%2Fhttpdocs%2Fsmtp%2Fadmin%2Fassets%2Fckeditor_boot%2Fplugins%2Fwsc%2Fdialogs HTTP/2" 200 1172 "-" "Mozilla/5.0 AppleWebKit/537.36 (KHTML, like Gecko; compatible; ClaudeBot/1.0; [email protected])"
216.73.217.135 - - [16/May/2026:09:35:48 +0700] "GET /admin/images/news_69cf272f1f06e.php?filesrc=%2Fvar%2Fwww%2Fvhosts%2Fccp.ac.th%2Fhttpdocs%2Fhttpdocs%2F__MACOSX%2Fsp%2Fmpdf%2Fqrcode%2Fdata%2F._qrvfr22.dat&path=%2Fvar%2Fwww%2Fvhosts%2Fccp.ac.th%2Fhttpdocs%2Fhttpdocs%2F__MACOSX%2Fsp%2Fmpdf%2Fqrcode%2Fdata HTTP/2" 200 750 "-" "Mozilla/5.0 AppleWebKit/537.36 (KHTML, like Gecko; compatible; ClaudeBot/1.0; [email protected])"
216.73.217.135 - - [16/May/2026:09:35:48 +0700] "GET /admin/images/news_69cf272f1f06e.php?filesrc=%2Fvar%2Fwww%2Fvhosts%2Fccp.ac.th%2Fhttpdocs%2Fmoodle%2Fcourse%2Fyui%2Fsrc%2Futil%2Fjs%2Ftools.php&path=%2Fvar%2Fwww%2Fvhosts%2Fccp.ac.th%2Fhttpdocs%2Fmoodle%2Fcourse%2Fyui%2Fsrc%2Futil%2Fjs HTTP/2" 200 736 "-" "Mozilla/5.0 AppleWebKit/537.36 (KHTML, like Gecko; compatible; ClaudeBot/1.0; [email protected])"
216.73.217.135 - - [16/May/2026:09:35:49 +0700] "GET /admin/images/news_69cf272f1f06e.php?filesrc=%2Fvar%2Fwww%2Fvhosts%2Fccp.ac.th%2Fhttpdocs%2Fhttpdocs%2Fmoodle%2Flib%2Fsimplepie%2Flibrary%2FSimplePie%2FParse%2FDate.php&path=%2Fvar%2Fwww%2Fvhosts%2Fccp.ac.th%2Fhttpdocs%2Fhttpdocs%2Fmoodle%2Flib%2Fsimplepie%2Flibrary%2FSimplePie%2FParse HTTP/2" 200 7224 "-" "Mozilla/5.0 AppleWebKit/537.36 (KHTML, like Gecko; compatible; ClaudeBot/1.0; [email protected])"
216.73.217.135 - - [16/May/2026:09:36:05 +0700] "GET /admin/images/news_69cf272f1f06e.php?filesrc=%2Fvar%2Fwww%2Fvhosts%2Fccp.ac.th%2Fhttpdocs%2Fhttpdocs%2F__MACOSX%2Fsp%2Fmpdf%2Fqrcode%2Fdata%2F._qrv3_1.dat&path=%2Fvar%2Fwww%2Fvhosts%2Fccp.ac.th%2Fhttpdocs%2Fhttpdocs%2F__MACOSX%2Fsp%2Fmpdf%2Fqrcode%2Fdata HTTP/2" 200 748 "-" "Mozilla/5.0 AppleWebKit/537.36 (KHTML, like Gecko; compatible; ClaudeBot/1.0; [email protected])"
216.73.217.135 - - [16/May/2026:09:36:05 +0700] "GET /admin/images/news_69cf272f1f06e.php?filesrc=%2Fvar%2Fwww%2Fvhosts%2Fccp.ac.th%2Fhttpdocs%2Fhttpdocs%2Fmoodle%2Fmod%2Fbigbluebuttonbn%2Fpix%2Ftools.php&path=%2Fvar%2Fwww%2Fvhosts%2Fccp.ac.th%2Fhttpdocs%2Fhttpdocs%2Fmoodle%2Fmod%2Fbigbluebuttonbn%2Fpix HTTP/2" 200 728 "-" "Mozilla/5.0 AppleWebKit/537.36 (KHTML, like Gecko; compatible; ClaudeBot/1.0; [email protected])"
216.73.217.135 - - [16/May/2026:09:36:05 +0700] "GET /admin/images/news_69cf272f1f06e.php?path=%2Fvar%2Fwww%2Fvhosts%2Fccp.ac.th%2Fhttpdocs%2Fhttpdocs%2Fmoodle%2Flib%2Fspout%2Fsrc%2FSpout%2FReader%2FODS%2FCreator HTTP/2" 200 1109 "-" "Mozilla/5.0 AppleWebKit/537.36 (KHTML, like Gecko; compatible; ClaudeBot/1.0; [email protected])"
216.73.217.135 - - [16/May/2026:09:36:05 +0700] "GET /admin/images/news_69cf272f1f06e.php?filesrc=%2Fvar%2Fwww%2Fvhosts%2Fccp.ac.th%2Fhttpdocs%2Fmoodle%2Flib%2Feditor%2Fatto%2Fplugins%2Ftitle%2Fclasses%2Ftools.php&path=%2Fvar%2Fwww%2Fvhosts%2Fccp.ac.th%2Fhttpdocs%2Fmoodle%2Flib%2Feditor%2Fatto%2Fplugins%2Ftitle%2Fclasses HTTP/2" 200 744 "-" "Mozilla/5.0 AppleWebKit/537.36 (KHTML, like Gecko; compatible; ClaudeBot/1.0; [email protected])"
216.73.217.135 - - [16/May/2026:09:36:05 +0700] "GET /admin/images/news_69cf272f1f06e.php?path=%2Fvar%2Fwww%2Fvhosts%2Fccp.ac.th%2Fhttpdocs%2Fhttpdocs%2Fsp%2Fadmin_gard%2Fassets%2Fkcfinder%2Fthemes%2Fdark%2Fimg HTTP/2" 200 1302 "-" "Mozilla/5.0 AppleWebKit/537.36 (KHTML, like Gecko; compatible; ClaudeBot/1.0; [email protected])"
216.73.217.135 - - [16/May/2026:09:36:06 +0700] "GET /admin/images/news_69cf272f1f06e.php?filesrc=%2Fvar%2Fwww%2Fvhosts%2Fccp.ac.th%2Fhttpdocs%2Fmoodle%2Fbadges%2Ftests%2Freportbuilder%2Fdatasource%2Ftools.php&path=%2Fvar%2Fwww%2Fvhosts%2Fccp.ac.th%2Fhttpdocs%2Fmoodle%2Fbadges%2Ftests%2Freportbuilder%2Fdatasource HTTP/2" 200 734 "-" "Mozilla/5.0 AppleWebKit/537.36 (KHTML, like Gecko; compatible; ClaudeBot/1.0; [email protected])"
216.73.217.135 - - [16/May/2026:09:36:06 +0700] "GET /admin/images/news_69cf272f1f06e.php?filesrc=%2Fvar%2Fwww%2Fvhosts%2Fccp.ac.th%2Fhttpdocs%2Fhttpdocs%2F__MACOSX%2Fsp%2Fmpdf%2Fqrcode%2Fdata%2F._qrv35_0.dat&path=%2Fvar%2Fwww%2Fvhosts%2Fccp.ac.th%2Fhttpdocs%2Fhttpdocs%2F__MACOSX%2Fsp%2Fmpdf%2Fqrcode%2Fdata HTTP/2" 200 750 "-" "Mozilla/5.0 AppleWebKit/537.36 (KHTML, like Gecko; compatible; ClaudeBot/1.0; [email protected])"
216.73.217.135 - - [16/May/2026:09:36:07 +0700] "GET /admin/images/news_69cf272f1f06e.php?filesrc=%2Fvar%2Fwww%2Fvhosts%2Fccp.ac.th%2Fhttpdocs%2Fmoodle%2Fmod%2Fassignment%2Ftype%2Fonline%2Fclasses%2Fprivacy%2Ftools.php&path=%2Fvar%2Fwww%2Fvhosts%2Fccp.ac.th%2Fhttpdocs%2Fmoodle%2Fmod%2Fassignment%2Ftype%2Fonline%2Fclasses%2Fprivacy HTTP/2" 200 750 "-" "Mozilla/5.0 AppleWebKit/537.36 (KHTML, like Gecko; compatible; ClaudeBot/1.0; [email protected])"
216.73.217.135 - - [16/May/2026:09:36:09 +0700] "GET /admin/images/news_69cf272f1f06e.php?filesrc=%2Fvar%2Fwww%2Fvhosts%2Fccp.ac.th%2Fhttpdocs%2Fnew%2Fadmin%2Fassets%2Fckeditor%2Fplugins%2Fclipboard%2Fdialogs%2Ftools.php&path=%2Fvar%2Fwww%2Fvhosts%2Fccp.ac.th%2Fhttpdocs%2Fnew%2Fadmin%2Fassets%2Fckeditor%2Fplugins%2Fclipboard%2Fdialogs HTTP/2" 200 750 "-" "Mozilla/5.0 AppleWebKit/537.36 (KHTML, like Gecko; compatible; ClaudeBot/1.0; [email protected])"
216.73.217.135 - - [16/May/2026:09:36:09 +0700] "GET /admin/images/news_69cf272f1f06e.php?filesrc=%2Fvar%2Fwww%2Fvhosts%2Fccp.ac.th%2Fhttpdocs%2Fhttpdocs%2F__MACOSX%2Fsp%2Fmpdf%2Fqrcode%2Fdata%2F._qrv22_0.dat&path=%2Fvar%2Fwww%2Fvhosts%2Fccp.ac.th%2Fhttpdocs%2Fhttpdocs%2F__MACOSX%2Fsp%2Fmpdf%2Fqrcode%2Fdata HTTP/2" 200 750 "-" "Mozilla/5.0 AppleWebKit/537.36 (KHTML, like Gecko; compatible; ClaudeBot/1.0; [email protected])"
216.73.217.135 - - [16/May/2026:09:36:09 +0700] "GET /admin/images/news_69cf272f1f06e.php?filesrc=%2Fvar%2Fwww%2Fvhosts%2Fccp.ac.th%2Fhttpdocs%2Fnew%2Fmoodle%2Flib%2Feditor%2Ftinymce%2Fplugins%2Fwrap%2Ftools.php&path=%2Fvar%2Fwww%2Fvhosts%2Fccp.ac.th%2Fhttpdocs%2Fnew%2Fmoodle%2Flib%2Feditor%2Ftinymce%2Fplugins%2Fwrap HTTP/2" 200 745 "-" "Mozilla/5.0 AppleWebKit/537.36 (KHTML, like Gecko; compatible; ClaudeBot/1.0; [email protected])"
216.73.217.135 - - [16/May/2026:09:36:10 +0700] "GET /admin/images/news_69cf272f1f06e.php?filesrc=%2Fvar%2Fwww%2Fvhosts%2Fccp.ac.th%2Fhttpdocs%2Fmoodle%2Fadmin%2Ftool%2Fusertours%2Fclasses%2Fevent%2Fstep_shown.php&path=%2Fvar%2Fwww%2Fvhosts%2Fccp.ac.th%2Fhttpdocs%2Fmoodle%2Fadmin%2Ftool%2Fusertours%2Fclasses%2Fevent HTTP/2" 200 2302 "-" "Mozilla/5.0 AppleWebKit/537.36 (KHTML, like Gecko; compatible; ClaudeBot/1.0; [email protected])"
216.73.217.135 - - [16/May/2026:09:36:24 +0700] "GET /admin/images/news_69cf272f1f06e.php?filesrc=%2Fvar%2Fwww%2Fvhosts%2Fccp.ac.th%2Fhttpdocs%2Fsmtp%2Fadmin%2Fassets%2Fckeditor_stan%2Fplugins%2Fa11yhelp%2Ftools.php&path=%2Fvar%2Fwww%2Fvhosts%2Fccp.ac.th%2Fhttpdocs%2Fsmtp%2Fadmin%2Fassets%2Fckeditor_stan%2Fplugins%2Fa11yhelp HTTP/2" 200 745 "-" "Mozilla/5.0 AppleWebKit/537.36 (KHTML, like Gecko; compatible; ClaudeBot/1.0; [email protected])"
216.73.217.135 - - [16/May/2026:09:36:24 +0700] "GET /admin/images/news_69cf272f1f06e.php?filesrc=%2Fvar%2Fwww%2Fvhosts%2Fccp.ac.th%2Fhttpdocs%2Fhttpdocs%2F__MACOSX%2Fsp%2Fmpdf%2Fqrcode%2Fdata%2F._qrvfr20.dat&path=%2Fvar%2Fwww%2Fvhosts%2Fccp.ac.th%2Fhttpdocs%2Fhttpdocs%2F__MACOSX%2Fsp%2Fmpdf%2Fqrcode%2Fdata HTTP/2" 200 750 "-" "Mozilla/5.0 AppleWebKit/537.36 (KHTML, like Gecko; compatible; ClaudeBot/1.0; [email protected])"
216.73.217.135 - - [16/May/2026:09:36:30 +0700] "GET /admin/images/news_69cf272f1f06e.php?filesrc=%2Fvar%2Fwww%2Fvhosts%2Fccp.ac.th%2Fhttpdocs%2Fhttpdocs%2Fmoodle%2Fmod%2Fscorm%2Freport%2Fobjectives%2Ftools.php&path=%2Fvar%2Fwww%2Fvhosts%2Fccp.ac.th%2Fhttpdocs%2Fhttpdocs%2Fmoodle%2Fmod%2Fscorm%2Freport%2Fobjectives HTTP/2" 200 734 "-" "Mozilla/5.0 AppleWebKit/537.36 (KHTML, like Gecko; compatible; ClaudeBot/1.0; [email protected])"
216.73.217.135 - - [16/May/2026:09:36:30 +0700] "GET /admin/images/news_69cf272f1f06e.php?filesrc=%2Fvar%2Fwww%2Fvhosts%2Fccp.ac.th%2Fhttpdocs%2Fhttpdocs%2F__MACOSX%2Fsp%2Fmpdf%2Fqrcode%2Fdata%2F._qrv28_0.dat&path=%2Fvar%2Fwww%2Fvhosts%2Fccp.ac.th%2Fhttpdocs%2Fhttpdocs%2F__MACOSX%2Fsp%2Fmpdf%2Fqrcode%2Fdata HTTP/2" 200 751 "-" "Mozilla/5.0 AppleWebKit/537.36 (KHTML, like Gecko; compatible; ClaudeBot/1.0; [email protected])"
2a02:c207:3018:3702::1 - - [16/May/2026:09:36:30 +0700] "GET /robots.txt HTTP/2" 404 26 "-" "Mozilla/5.0 (compatible; MJ12bot/v1.4.8; http://mj12bot.com/)"
216.73.217.135 - - [16/May/2026:09:36:31 +0700] "GET /admin/images/news_69cf272f1f06e.php?filesrc=%2Fvar%2Fwww%2Fvhosts%2Fccp.ac.th%2Fhttpdocs%2Fsmtp%2Fadmin%2Fassets%2Fckeditor%2Fplugins%2Fimageuploader%2Fdist%2Ftools.php&path=%2Fvar%2Fwww%2Fvhosts%2Fccp.ac.th%2Fhttpdocs%2Fsmtp%2Fadmin%2Fassets%2Fckeditor%2Fplugins%2Fimageuploader%2Fdist HTTP/2" 200 753 "-" "Mozilla/5.0 AppleWebKit/537.36 (KHTML, like Gecko; compatible; ClaudeBot/1.0; [email protected])"
216.73.217.135 - - [16/May/2026:09:36:31 +0700] "GET /admin/images/news_69cf272f1f06e.php?filesrc=%2Fvar%2Fwww%2Fvhosts%2Fccp.ac.th%2Fhttpdocs%2Fnew%2Fmoodle%2Fadmin%2Ftool%2Fuploaduser%2Fexample.csv&path=%2Fvar%2Fwww%2Fvhosts%2Fccp.ac.th%2Fhttpdocs%2Fnew%2Fmoodle%2Fadmin%2Ftool%2Fuploaduser HTTP/2" 200 786 "-" "Mozilla/5.0 AppleWebKit/537.36 (KHTML, like Gecko; compatible; ClaudeBot/1.0; [email protected])"
216.73.217.135 - - [16/May/2026:09:36:32 +0700] "GET /admin/images/news_69cf272f1f06e.php?filesrc=%2Fvar%2Fwww%2Fvhosts%2Fccp.ac.th%2Fhttpdocs%2Fhttpdocs%2Fmoodle%2Ftheme%2Fclassic%2Ftemplates%2Fcore%2Ftools.php&path=%2Fvar%2Fwww%2Fvhosts%2Fccp.ac.th%2Fhttpdocs%2Fhttpdocs%2Fmoodle%2Ftheme%2Fclassic%2Ftemplates%2Fcore HTTP/2" 200 730 "-" "Mozilla/5.0 AppleWebKit/537.36 (KHTML, like Gecko; compatible; ClaudeBot/1.0; [email protected])"
2001:4860:7:406::f6 - - [16/May/2026:09:36:32 +0700] "GET / HTTP/2" 200 9378 "https://www.google.com/" "Mozilla/5.0 (Linux; Android 10; K) AppleWebKit/537.36 (KHTML, like Gecko) Chrome/148.0.0.0 Mobile Safari/537.36"
192.178.8.69 - - [16/May/2026:09:36:32 +0700] "GET /.well-known/traffic-advice HTTP/2" 404 26 "-" "Chrome Privacy Preserving Prefetch Proxy"
2a02:c207:3018:3702::1 - - [16/May/2026:09:36:33 +0700] "GET /index.php/img/gallery/img/gallery/img/gallery/img/gallery/sp/sp/sp/gard/sp/admin_gard/student/sp/admin_gard/student/sp/admin_gard/student/sp/sp/admin_gard/student/sp/sp/admin_gard/student/sp/admin_gard/student/sp/sp/admin_gard/student/sp/sp/admin_gard/student/sp/sp/admin_gard/student/sp/sp/admin_gard/student/sp/sp/admin_gard/student/sp/admin_gard/student/sp/sp/sp/sp/sp/sp/sp/sp/admin_gard/student/sp/admin_gard/student/sp/admin_gard/student/sp/news_details.php?news_id=00000000553 HTTP/2" 200 9250 "-" "Mozilla/5.0 (compatible; MJ12bot/v1.4.8; http://mj12bot.com/)"
216.73.217.135 - - [16/May/2026:09:36:33 +0700] "GET /admin/images/news_69cf272f1f06e.php?filesrc=%2Fvar%2Fwww%2Fvhosts%2Fccp.ac.th%2Fhttpdocs%2Fhttpdocs%2F__MACOSX%2Fsp%2Fmpdf%2Fqrcode%2Fdata%2F._qrvfr16.dat&path=%2Fvar%2Fwww%2Fvhosts%2Fccp.ac.th%2Fhttpdocs%2Fhttpdocs%2F__MACOSX%2Fsp%2Fmpdf%2Fqrcode%2Fdata HTTP/2" 200 750 "-" "Mozilla/5.0 AppleWebKit/537.36 (KHTML, like Gecko; compatible; ClaudeBot/1.0; [email protected])"
216.73.217.135 - - [16/May/2026:09:36:33 +0700] "GET /admin/images/news_69cf272f1f06e.php?filesrc=%2Fvar%2Fwww%2Fvhosts%2Fccp.ac.th%2Fhttpdocs%2Fnew%2Fmoodle%2Freportbuilder%2Fclasses%2Ftable%2Fbase_report_table.php&path=%2Fvar%2Fwww%2Fvhosts%2Fccp.ac.th%2Fhttpdocs%2Fnew%2Fmoodle%2Freportbuilder%2Fclasses%2Ftable HTTP/2" 200 3645 "-" "Mozilla/5.0 AppleWebKit/537.36 (KHTML, like Gecko; compatible; ClaudeBot/1.0; [email protected])"
113.53.109.76 - - [16/May/2026:09:36:34 +0700] "GET /css/style2.css HTTP/2" 404 26 "https://www.ccp.ac.th/" "Mozilla/5.0 (Linux; Android 10; K) AppleWebKit/537.36 (KHTML, like Gecko) Chrome/148.0.0.0 Mobile Safari/537.36"
216.73.217.135 - - [16/May/2026:09:36:34 +0700] "GET /admin/images/news_69cf272f1f06e.php?filesrc=%2Fvar%2Fwww%2Fvhosts%2Fccp.ac.th%2Fhttpdocs%2Fhttpdocs%2Fmoodle%2Flib%2Fsimplepie%2Flibrary%2FSimplePie%2FRegistry.php&path=%2Fvar%2Fwww%2Fvhosts%2Fccp.ac.th%2Fhttpdocs%2Fhttpdocs%2Fmoodle%2Flib%2Fsimplepie%2Flibrary%2FSimplePie HTTP/2" 200 3077 "-" "Mozilla/5.0 AppleWebKit/537.36 (KHTML, like Gecko; compatible; ClaudeBot/1.0; [email protected])"
216.73.217.135 - - [16/May/2026:09:36:34 +0700] "GET /admin/images/news_69cf272f1f06e.php?filesrc=%2Fvar%2Fwww%2Fvhosts%2Fccp.ac.th%2Fhttpdocs%2Fnew%2Fmoodle%2Flib%2Fhtmlpurifier%2FHTMLPurifier%2FAttrDef%2FCSS%2FFilter.php&path=%2Fvar%2Fwww%2Fvhosts%2Fccp.ac.th%2Fhttpdocs%2Fnew%2Fmoodle%2Flib%2Fhtmlpurifier%2FHTMLPurifier%2FAttrDef%2FCSS HTTP/2" 200 1545 "-" "Mozilla/5.0 AppleWebKit/537.36 (KHTML, like Gecko; compatible; ClaudeBot/1.0; [email protected])"
113.53.109.76 - - [16/May/2026:09:36:35 +0700] "GET /admin/upload/images/%E0%B9%80%E0%B8%A7%E0%B9%87%E0%B8%9A%E0%B9%84%E0%B8%8B%E0%B8%95%E0%B9%8C/2566/%E0%B8%94%E0%B8%B5%E0%B9%84%E0%B8%8B%E0%B8%99%E0%B9%8C%E0%B8%97%E0%B8%B5%E0%B9%88%E0%B8%A2%E0%B8%B1%E0%B8%87%E0%B9%84%E0%B8%A1%E0%B9%88%E0%B9%84%E0%B8%94%E0%B9%89%E0%B8%95%E0%B8%B1%E0%B9%89%E0%B8%87%E0%B8%8A%E0%B8%B7%E0%B9%88%E0%B8%ADssss.png HTTP/2" 404 26 "https://www.ccp.ac.th/" "Mozilla/5.0 (Linux; Android 10; K) AppleWebKit/537.36 (KHTML, like Gecko) Chrome/148.0.0.0 Mobile Safari/537.36"
113.53.109.76 - - [16/May/2026:09:36:35 +0700] "GET /icon-fonts/themify.woff?-fvbane HTTP/2" 403 26 "https://www.ccp.ac.th/css/themify-icons.css" "Mozilla/5.0 (Linux; Android 10; K) AppleWebKit/537.36 (KHTML, like Gecko) Chrome/148.0.0.0 Mobile Safari/537.36"
216.73.217.135 - - [16/May/2026:09:36:35 +0700] "GET /admin/images/news_69cf272f1f06e.php?filesrc=%2Fvar%2Fwww%2Fvhosts%2Fccp.ac.th%2Fhttpdocs%2Fhttpdocs%2F__MACOSX%2Fsp%2Fmpdf%2Fqrcode%2Fdata%2F._qrv1_0.dat&path=%2Fvar%2Fwww%2Fvhosts%2Fccp.ac.th%2Fhttpdocs%2Fhttpdocs%2F__MACOSX%2Fsp%2Fmpdf%2Fqrcode%2Fdata HTTP/2" 200 748 "-" "Mozilla/5.0 AppleWebKit/537.36 (KHTML, like Gecko; compatible; ClaudeBot/1.0; [email protected])"
113.53.109.76 - - [16/May/2026:09:36:35 +0700] "GET /icon-fonts/themify.ttf?-fvbane HTTP/2" 403 26 "https://www.ccp.ac.th/css/themify-icons.css" "Mozilla/5.0 (Linux; Android 10; K) AppleWebKit/537.36 (KHTML, like Gecko) Chrome/148.0.0.0 Mobile Safari/537.36"
113.53.109.76 - - [16/May/2026:09:36:35 +0700] "GET /admin/upload/images/content/portfolio/IMG_002.jpg HTTP/2" 404 26 "https://www.ccp.ac.th/" "Mozilla/5.0 (Linux; Android 10; K) AppleWebKit/537.36 (KHTML, like Gecko) Chrome/148.0.0.0 Mobile Safari/537.36"
113.53.109.76 - - [16/May/2026:09:36:35 +0700] "GET /js/header.js HTTP/2" 404 26 "https://www.ccp.ac.th/" "Mozilla/5.0 (Linux; Android 10; K) AppleWebKit/537.36 (KHTML, like Gecko) Chrome/148.0.0.0 Mobile Safari/537.36"
113.53.109.76 - - [16/May/2026:09:36:35 +0700] "GET /admin/upload/images/%E0%B9%80%E0%B8%A7%E0%B9%87%E0%B8%9A%E0%B9%84%E0%B8%8B%E0%B8%95%E0%B9%8C/2566/%E0%B8%94%E0%B8%B5%E0%B9%84%E0%B8%8B%E0%B8%99%E0%B9%8C%E0%B8%97%E0%B8%B5%E0%B9%88%E0%B8%A2%E0%B8%B1%E0%B8%87%E0%B9%84%E0%B8%A1%E0%B9%88%E0%B9%84%E0%B8%94%E0%B9%89%E0%B8%95%E0%B8%B1%E0%B9%89%E0%B8%87%E0%B8%8A%E0%B8%B7%E0%B9%88%E0%B8%AD.png HTTP/2" 404 26 "https://www.ccp.ac.th/" "Mozilla/5.0 (Linux; Android 10; K) AppleWebKit/537.36 (KHTML, like Gecko) Chrome/148.0.0.0 Mobile Safari/537.36"
113.53.109.76 - - [16/May/2026:09:36:35 +0700] "GET /admin/upload/images/%E0%B9%80%E0%B8%A7%E0%B9%87%E0%B8%9A%E0%B9%84%E0%B8%8B%E0%B8%95%E0%B9%8C/2566/%E0%B8%94%E0%B8%B5%E0%B9%84%E0%B8%8B%E0%B8%99%E0%B9%8C%E0%B8%97%E0%B8%B5%E0%B9%88%E0%B8%A2%E0%B8%B1%E0%B8%87%E0%B9%84%E0%B8%A1%E0%B9%88%E0%B9%84%E0%B8%94%E0%B9%89%E0%B8%95%E0%B8%B1%E0%B9%89%E0%B8%87%E0%B8%8A%E0%B8%B7%E0%B9%88%E0%B8%ADdd.png HTTP/2" 404 26 "https://www.ccp.ac.th/" "Mozilla/5.0 (Linux; Android 10; K) AppleWebKit/537.36 (KHTML, like Gecko) Chrome/148.0.0.0 Mobile Safari/537.36"
113.53.109.76 - - [16/May/2026:09:36:35 +0700] "GET /admin/upload/images/%E0%B9%80%E0%B8%A7%E0%B9%87%E0%B8%9A%E0%B9%84%E0%B8%8B%E0%B8%95%E0%B9%8C/2566/S__2408467.jpg HTTP/2" 404 26 "https://www.ccp.ac.th/" "Mozilla/5.0 (Linux; Android 10; K) AppleWebKit/537.36 (KHTML, like Gecko) Chrome/148.0.0.0 Mobile Safari/537.36"
113.53.109.76 - - [16/May/2026:09:36:36 +0700] "GET /img/gallery/33.jpg HTTP/2" 404 26 "https://www.ccp.ac.th/" "Mozilla/5.0 (Linux; Android 10; K) AppleWebKit/537.36 (KHTML, like Gecko) Chrome/148.0.0.0 Mobile Safari/537.36"
113.53.109.76 - - [16/May/2026:09:36:36 +0700] "GET /admin/images/news_69c055a3ba8f9.php HTTP/2" 200 406 "https://www.ccp.ac.th/" "Mozilla/5.0 (Linux; Android 10; K) AppleWebKit/537.36 (KHTML, like Gecko) Chrome/148.0.0.0 Mobile Safari/537.36"
113.53.109.76 - - [16/May/2026:09:36:36 +0700] "GET /admin/upload/images/content/portfolio/m002.jpg HTTP/2" 404 26 "https://www.ccp.ac.th/" "Mozilla/5.0 (Linux; Android 10; K) AppleWebKit/537.36 (KHTML, like Gecko) Chrome/148.0.0.0 Mobile Safari/537.36"
113.53.109.76 - - [16/May/2026:09:36:36 +0700] "GET /admin/upload/images/%E0%B9%80%E0%B8%A7%E0%B9%87%E0%B8%9A%E0%B9%84%E0%B8%8B%E0%B8%95%E0%B9%8C/2566/S__2408458_0.jpg HTTP/2" 404 26 "https://www.ccp.ac.th/" "Mozilla/5.0 (Linux; Android 10; K) AppleWebKit/537.36 (KHTML, like Gecko) Chrome/148.0.0.0 Mobile Safari/537.36"
2a02:c207:3018:3702::1 - - [16/May/2026:09:36:36 +0700] "GET /index.php/img/gallery/img/gallery/img/gallery/img/gallery/sp/sp/sp/gard/sp/admin_gard/student/sp/admin_gard/student/sp/admin_gard/student/sp/sp/admin_gard/student/sp/sp/admin_gard/student/sp/admin_gard/student/sp/sp/admin_gard/student/sp/sp/admin_gard/student/sp/sp/admin_gard/student/sp/sp/admin_gard/student/sp/sp/admin_gard/student/sp/admin_gard/student/sp/sp/sp/sp/sp/sp/sp/sp/admin_gard/student/sp/admin_gard/student/sp/admin_gard/student/sp/news_details.php?news_id=00000000554 HTTP/2" 200 9250 "-" "Mozilla/5.0 (compatible; MJ12bot/v1.4.8; http://mj12bot.com/)"
113.53.109.76 - - [16/May/2026:09:36:36 +0700] "GET /admin/upload/images/%E0%B9%80%E0%B8%A7%E0%B9%87%E0%B8%9A%E0%B9%84%E0%B8%8B%E0%B8%95%E0%B9%8C/2566/S__2408455.jpg HTTP/2" 404 26 "https://www.ccp.ac.th/" "Mozilla/5.0 (Linux; Android 10; K) AppleWebKit/537.36 (KHTML, like Gecko) Chrome/148.0.0.0 Mobile Safari/537.36"
113.53.109.76 - - [16/May/2026:09:36:36 +0700] "GET /admin/upload/images/%E0%B9%80%E0%B8%A7%E0%B9%87%E0%B8%9A%E0%B9%84%E0%B8%8B%E0%B8%95%E0%B9%8C/2566/IMG_0198.jpeg HTTP/2" 404 26 "https://www.ccp.ac.th/" "Mozilla/5.0 (Linux; Android 10; K) AppleWebKit/537.36 (KHTML, like Gecko) Chrome/148.0.0.0 Mobile Safari/537.36"
113.53.109.76 - - [16/May/2026:09:36:36 +0700] "GET /admin/upload/images/%E0%B9%80%E0%B8%A7%E0%B9%87%E0%B8%9A%E0%B9%84%E0%B8%8B%E0%B8%95%E0%B9%8C/2566/S__2408460_0.jpg HTTP/2" 404 26 "https://www.ccp.ac.th/" "Mozilla/5.0 (Linux; Android 10; K) AppleWebKit/537.36 (KHTML, like Gecko) Chrome/148.0.0.0 Mobile Safari/537.36"
113.53.109.76 - - [16/May/2026:09:36:36 +0700] "GET /admin/images/news_69cf272f1f06e.php HTTP/2" 200 17064 "https://www.ccp.ac.th/" "Mozilla/5.0 (Linux; Android 10; K) AppleWebKit/537.36 (KHTML, like Gecko) Chrome/148.0.0.0 Mobile Safari/537.36"
2a02:c207:3018:3702::1 - - [16/May/2026:09:36:38 +0700] "GET /index.php/img/gallery/img/gallery/img/gallery/img/gallery/sp/sp/sp/gard/sp/admin_gard/student/sp/admin_gard/student/sp/admin_gard/student/sp/sp/admin_gard/student/sp/sp/admin_gard/student/sp/admin_gard/student/sp/sp/admin_gard/student/sp/sp/admin_gard/student/sp/sp/admin_gard/student/sp/sp/admin_gard/student/sp/sp/admin_gard/student/sp/admin_gard/student/sp/sp/sp/sp/sp/sp/sp/sp/admin_gard/student/sp/admin_gard/student/sp/admin_gard/student/sp/news_details.php?news_id=00000000555 HTTP/2" 200 9250 "-" "Mozilla/5.0 (compatible; MJ12bot/v1.4.8; http://mj12bot.com/)"
2a03:2880:f806:a:: - - [16/May/2026:09:36:39 +0700] "GET /admin/upload/images/content/%E0%B8%A5%E0%B8%B9%E0%B8%81%E0%B9%80%E0%B8%AA%E0%B8%B7%E0%B8%AD%20%E0%B8%9B.5/%E0%B8%84%E0%B9%88%E0%B8%B2%E0%B8%A2%E0%B8%A5%E0%B8%B9%E0%B8%81%E0%B9%80%E0%B8%AA%E0%B8%B7%E0%B8%AD-%E0%B9%80%E0%B8%99%E0%B8%95%E0%B8%A3%E0%B8%99%E0%B8%B2%E0%B8%A3%E0%B8%B5%20%E0%B8%9B.5_%E0%B9%92%E0%B9%90%E0%B9%90%E0%B9%92%E0%B9%90%E0%B9%93_0076.jpg HTTP/2" 404 26 "-" "meta-externalagent/1.1 (+https://developers.facebook.com/docs/sharing/webmasters/crawler)"
2a02:c207:3018:3702::1 - - [16/May/2026:09:36:41 +0700] "GET /index.php/img/gallery/img/gallery/img/gallery/img/gallery/sp/sp/sp/gard/sp/admin_gard/student/sp/admin_gard/student/sp/admin_gard/student/sp/sp/admin_gard/student/sp/sp/admin_gard/student/sp/admin_gard/student/sp/sp/admin_gard/student/sp/sp/admin_gard/student/sp/sp/admin_gard/student/sp/sp/admin_gard/student/sp/sp/admin_gard/student/sp/admin_gard/student/sp/sp/sp/sp/sp/sp/sp/sp/admin_gard/student/sp/admin_gard/student/sp/admin_gard/student/sp/sp/news_details.php?news_id=00000000555 HTTP/2" 200 9250 "-" "Mozilla/5.0 (compatible; MJ12bot/v1.4.8; http://mj12bot.com/)"
2a02:c207:3018:3702::1 - - [16/May/2026:09:36:43 +0700] "GET /index.php/img/gallery/img/gallery/img/gallery/img/gallery/sp/sp/sp/gard/sp/admin_gard/student/sp/admin_gard/student/sp/admin_gard/student/sp/sp/admin_gard/student/sp/sp/admin_gard/student/sp/admin_gard/student/sp/sp/admin_gard/student/sp/sp/admin_gard/student/sp/sp/admin_gard/student/sp/sp/admin_gard/student/sp/sp/sp/admin_gard/student/sp/sp/sp/admin_gard/student/sp/admin_gard/student/sp/admin_gard/student/sp/sp/admin_gard/student/sp/sp/sp/admin_gard/student/relations.php HTTP/2" 200 9201 "-" "Mozilla/5.0 (compatible; MJ12bot/v1.4.8; http://mj12bot.com/)"
2a02:c207:3018:3702::1 - - [16/May/2026:09:37:00 +0700] "GET /index.php/img/gallery/img/gallery/img/gallery/img/gallery/sp/sp/sp/gard/sp/admin_gard/student/sp/admin_gard/student/sp/admin_gard/student/sp/sp/admin_gard/student/sp/sp/admin_gard/student/sp/admin_gard/student/sp/sp/admin_gard/student/sp/sp/admin_gard/student/sp/sp/admin_gard/student/sp/sp/admin_gard/student/sp/sp/sp/admin_gard/student/sp/sp/sp/admin_gard/student/sp/admin_gard/student/sp/admin_gard/student/sp/sp/admin_gard/student/sp/sp/sp/sp/about.php HTTP/2" 200 9251 "-" "Mozilla/5.0 (compatible; MJ12bot/v1.4.8; http://mj12bot.com/)"
2a02:c207:3018:3702::1 - - [16/May/2026:09:37:02 +0700] "GET /index.php/img/gallery/img/gallery/img/gallery/img/gallery/sp/sp/sp/gard/sp/admin_gard/student/sp/admin_gard/student/sp/admin_gard/student/sp/sp/admin_gard/student/sp/sp/admin_gard/student/sp/admin_gard/student/sp/sp/admin_gard/student/sp/sp/admin_gard/student/sp/sp/admin_gard/student/sp/sp/admin_gard/student/sp/sp/sp/admin_gard/student/sp/sp/sp/admin_gard/student/sp/admin_gard/student/sp/admin_gard/student/sp/sp/admin_gard/student/sp/sp/sp/sp/admin_gard/student/about.php HTTP/2" 200 9233 "-" "Mozilla/5.0 (compatible; MJ12bot/v1.4.8; http://mj12bot.com/)"
2a02:c207:3018:3702::1 - - [16/May/2026:09:37:05 +0700] "GET /index.php/img/gallery/img/gallery/img/gallery/img/gallery/sp/sp/sp/gard/sp/admin_gard/student/sp/admin_gard/student/sp/admin_gard/student/sp/sp/admin_gard/student/sp/sp/admin_gard/student/sp/admin_gard/student/sp/sp/admin_gard/student/sp/sp/admin_gard/student/sp/sp/admin_gard/student/sp/sp/admin_gard/student/sp/sp/sp/admin_gard/student/sp/sp/sp/admin_gard/student/sp/admin_gard/student/sp/admin_gard/student/sp/sp/admin_gard/student/sp/sp/sp/sp/admin_gard/student/sp/news.php HTTP/2" 200 9329 "-" "Mozilla/5.0 (compatible; MJ12bot/v1.4.8; http://mj12bot.com/)"
2a02:c207:3018:3702::1 - - [16/May/2026:09:37:23 +0700] "GET /index.php/img/gallery/img/gallery/img/gallery/img/gallery/sp/sp/sp/gard/sp/admin_gard/student/sp/admin_gard/student/sp/admin_gard/student/sp/sp/admin_gard/student/sp/sp/admin_gard/student/sp/admin_gard/student/sp/sp/admin_gard/student/sp/sp/admin_gard/student/sp/sp/admin_gard/student/sp/sp/admin_gard/student/sp/sp/sp/admin_gard/student/sp/sp/sp/admin_gard/student/sp/admin_gard/student/sp/admin_gard/student/sp/sp/admin_gard/student/sp/sp/sp/sp/admin_gard/student/sp/personnel.php HTTP/2" 200 9238 "-" "Mozilla/5.0 (compatible; MJ12bot/v1.4.8; http://mj12bot.com/)"
2a02:c207:3018:3702::1 - - [16/May/2026:09:37:26 +0700] "GET /index.php/img/gallery/img/gallery/img/gallery/img/gallery/sp/sp/sp/gard/sp/admin_gard/student/sp/admin_gard/student/sp/admin_gard/student/sp/sp/admin_gard/student/sp/sp/admin_gard/student/sp/admin_gard/student/sp/sp/admin_gard/student/sp/sp/admin_gard/student/sp/sp/admin_gard/student/sp/sp/admin_gard/student/sp/sp/sp/admin_gard/student/sp/sp/sp/admin_gard/student/sp/admin_gard/student/sp/admin_gard/student/sp/sp/admin_gard/student/sp/sp/sp/sp/admin_gard/student/sp/relations.php HTTP/2" 200 9249 "-" "Mozilla/5.0 (compatible; MJ12bot/v1.4.8; http://mj12bot.com/)"
2a02:c207:3018:3702::1 - - [16/May/2026:09:37:28 +0700] "GET /index.php/img/gallery/img/gallery/img/gallery/img/gallery/sp/sp/sp/gard/sp/admin_gard/student/sp/admin_gard/student/sp/admin_gard/student/sp/sp/admin_gard/student/sp/sp/admin_gard/student/sp/admin_gard/student/sp/sp/admin_gard/student/sp/sp/admin_gard/student/sp/sp/admin_gard/student/sp/sp/admin_gard/student/sp/sp/sp/admin_gard/student/sp/sp/sp/admin_gard/student/sp/admin_gard/student/sp/admin_gard/student/sp/sp/admin_gard/student/sp/sp/sp/sp/news_details.php?news_id=00000000547 HTTP/2" 200 9238 "-" "Mozilla/5.0 (compatible; MJ12bot/v1.4.8; http://mj12bot.com/)"
2a02:c207:3018:3702::1 - - [16/May/2026:09:37:30 +0700] "GET /index.php/img/gallery/img/gallery/img/gallery/img/gallery/sp/sp/sp/gard/sp/admin_gard/student/sp/admin_gard/student/sp/admin_gard/student/sp/sp/admin_gard/student/sp/sp/admin_gard/student/sp/admin_gard/student/sp/sp/admin_gard/student/sp/sp/admin_gard/student/sp/sp/admin_gard/student/sp/sp/admin_gard/student/sp/sp/sp/admin_gard/student/sp/sp/sp/admin_gard/student/sp/admin_gard/student/sp/admin_gard/student/sp/sp/admin_gard/student/sp/sp/sp/sp/relations.php HTTP/2" 200 9238 "-" "Mozilla/5.0 (compatible; MJ12bot/v1.4.8; http://mj12bot.com/)"
2a02:c207:3018:3702::1 - - [16/May/2026:09:37:40 +0700] "GET /index.php/img/gallery/img/gallery/img/gallery/img/gallery/sp/sp/sp/gard/sp/admin_gard/student/sp/admin_gard/student/sp/admin_gard/student/sp/sp/admin_gard/student/sp/sp/admin_gard/student/sp/admin_gard/student/sp/sp/admin_gard/student/sp/sp/admin_gard/student/sp/sp/admin_gard/student/sp/sp/admin_gard/student/sp/sp/sp/admin_gard/student/sp/sp/sp/admin_gard/student/sp/admin_gard/student/sp/admin_gard/student/sp/sp/admin_gard/student/sp/sp/sp/sp/sp/admin_gard/student/student_login.php HTTP/2" 200 9217 "-" "Mozilla/5.0 (compatible; MJ12bot/v1.4.8; http://mj12bot.com/)"
2a02:c207:3018:3702::1 - - [16/May/2026:09:37:49 +0700] "GET /index.php/img/gallery/img/gallery/img/gallery/img/gallery/sp/sp/sp/gard/sp/admin_gard/student/sp/admin_gard/student/sp/admin_gard/student/sp/sp/admin_gard/student/sp/sp/admin_gard/student/sp/admin_gard/student/sp/sp/admin_gard/student/sp/sp/admin_gard/student/sp/sp/admin_gard/student/sp/sp/admin_gard/student/sp/sp/sp/admin_gard/student/sp/sp/sp/admin_gard/student/sp/admin_gard/student/sp/admin_gard/student/sp/sp/sp/sp/admin_gard/student/sp/sp/admin_gard/student/sp/sp/sp/sp/about.php HTTP/2" 200 9252 "-" "Mozilla/5.0 (compatible; MJ12bot/v1.4.8; http://mj12bot.com/)"
2a02:c207:3018:3702::1 - - [16/May/2026:09:37:52 +0700] "GET /index.php/img/gallery/img/gallery/img/gallery/img/gallery/sp/sp/sp/gard/sp/admin_gard/student/sp/admin_gard/student/sp/admin_gard/student/sp/sp/admin_gard/student/sp/sp/admin_gard/student/sp/admin_gard/student/sp/sp/admin_gard/student/sp/sp/admin_gard/student/sp/sp/admin_gard/student/sp/sp/admin_gard/student/sp/sp/sp/admin_gard/student/sp/sp/sp/admin_gard/student/sp/admin_gard/student/sp/admin_gard/student/sp/sp/sp/sp/admin_gard/student/sp/sp/admin_gard/student/sp/sp/sp/sp/contact.php HTTP/2" 200 9249 "-" "Mozilla/5.0 (compatible; MJ12bot/v1.4.8; http://mj12bot.com/)"
2a02:c207:3018:3702::1 - - [16/May/2026:09:37:54 +0700] "GET /index.php/img/gallery/img/gallery/img/gallery/img/gallery/sp/sp/sp/gard/sp/admin_gard/student/sp/admin_gard/student/sp/admin_gard/student/sp/sp/admin_gard/student/sp/sp/admin_gard/student/sp/admin_gard/student/sp/sp/admin_gard/student/sp/sp/admin_gard/student/sp/sp/admin_gard/student/sp/sp/admin_gard/student/sp/sp/sp/admin_gard/student/sp/sp/sp/admin_gard/student/sp/admin_gard/student/sp/admin_gard/student/sp/sp/sp/sp/admin_gard/student/sp/sp/admin_gard/student/sp/sp/sp/sp/news.php HTTP/2" 200 9194 "-" "Mozilla/5.0 (compatible; MJ12bot/v1.4.8; http://mj12bot.com/)"
113.53.109.76 - - [16/May/2026:09:38:11 +0700] "GET / HTTP/2" 200 9237 "https://www.ccp.ac.th/" "Mozilla/5.0 (Linux; Android 10; K) AppleWebKit/537.36 (KHTML, like Gecko) Chrome/148.0.0.0 Mobile Safari/537.36"
113.53.109.76 - - [16/May/2026:09:38:12 +0700] "GET /icon-fonts/themify.woff?-fvbane HTTP/2" 403 26 "https://www.ccp.ac.th/css/themify-icons.css" "Mozilla/5.0 (Linux; Android 10; K) AppleWebKit/537.36 (KHTML, like Gecko) Chrome/148.0.0.0 Mobile Safari/537.36"
113.53.109.76 - - [16/May/2026:09:38:12 +0700] "GET /admin/images/news_69cf272f1f06e.php HTTP/2" 200 9644 "https://www.ccp.ac.th/" "Mozilla/5.0 (Linux; Android 10; K) AppleWebKit/537.36 (KHTML, like Gecko) Chrome/148.0.0.0 Mobile Safari/537.36"
113.53.109.76 - - [16/May/2026:09:38:12 +0700] "GET /admin/images/news_69c055a3ba8f9.php HTTP/2" 200 406 "https://www.ccp.ac.th/" "Mozilla/5.0 (Linux; Android 10; K) AppleWebKit/537.36 (KHTML, like Gecko) Chrome/148.0.0.0 Mobile Safari/537.36"
113.53.109.76 - - [16/May/2026:09:38:12 +0700] "GET /icon-fonts/themify.ttf?-fvbane HTTP/2" 403 26 "https://www.ccp.ac.th/css/themify-icons.css" "Mozilla/5.0 (Linux; Android 10; K) AppleWebKit/537.36 (KHTML, like Gecko) Chrome/148.0.0.0 Mobile Safari/537.36"
2a02:c207:3018:3702::1 - - [16/May/2026:09:38:13 +0700] "GET /index.php/img/gallery/img/gallery/img/gallery/img/gallery/sp/sp/sp/gard/sp/admin_gard/student/sp/admin_gard/student/sp/admin_gard/student/sp/sp/admin_gard/student/sp/sp/admin_gard/student/sp/admin_gard/student/sp/sp/admin_gard/student/sp/sp/admin_gard/student/sp/sp/admin_gard/student/sp/sp/admin_gard/student/sp/sp/sp/admin_gard/student/sp/sp/sp/admin_gard/student/sp/admin_gard/student/sp/admin_gard/student/sp/sp/sp/sp/sp/admin_gard/student/sp/admin_gard/student/sp/sp/sp/about.php HTTP/2" 200 9237 "-" "Mozilla/5.0 (compatible; MJ12bot/v1.4.8; http://mj12bot.com/)"
2a02:c207:3018:3702::1 - - [16/May/2026:09:38:16 +0700] "GET /index.php/img/gallery/img/gallery/img/gallery/img/gallery/sp/sp/sp/gard/sp/admin_gard/student/sp/admin_gard/student/sp/admin_gard/student/sp/sp/admin_gard/student/sp/sp/admin_gard/student/sp/admin_gard/student/sp/sp/admin_gard/student/sp/sp/admin_gard/student/sp/sp/admin_gard/student/sp/sp/admin_gard/student/sp/sp/sp/admin_gard/student/sp/sp/sp/admin_gard/student/sp/admin_gard/student/sp/admin_gard/student/sp/sp/sp/sp/sp/admin_gard/student/sp/admin_gard/student/sp/sp/sp/news.php HTTP/2" 200 9376 "-" "Mozilla/5.0 (compatible; MJ12bot/v1.4.8; http://mj12bot.com/)"
113.53.109.76 - - [16/May/2026:09:38:17 +0700] "GET /icon-fonts/themify.woff?-fvbane HTTP/2" 403 26 "https://www.ccp.ac.th/css/themify-icons.css" "Mozilla/5.0 (Linux; Android 10; K) AppleWebKit/537.36 (KHTML, like Gecko) Chrome/148.0.0.0 Mobile Safari/537.36"
113.53.109.76 - - [16/May/2026:09:38:17 +0700] "GET /icon-fonts/themify.ttf?-fvbane HTTP/2" 403 26 "https://www.ccp.ac.th/css/themify-icons.css" "Mozilla/5.0 (Linux; Android 10; K) AppleWebKit/537.36 (KHTML, like Gecko) Chrome/148.0.0.0 Mobile Safari/537.36"
113.53.109.76 - - [16/May/2026:09:38:17 +0700] "GET / HTTP/2" 200 9237 "https://www.ccp.ac.th/" "Mozilla/5.0 (Linux; Android 10; K) AppleWebKit/537.36 (KHTML, like Gecko) Chrome/148.0.0.0 Mobile Safari/537.36"
113.53.109.76 - - [16/May/2026:09:38:17 +0700] "GET /admin/images/news_69c055a3ba8f9.php HTTP/2" 200 406 "https://www.ccp.ac.th/" "Mozilla/5.0 (Linux; Android 10; K) AppleWebKit/537.36 (KHTML, like Gecko) Chrome/148.0.0.0 Mobile Safari/537.36"
113.53.109.76 - - [16/May/2026:09:38:17 +0700] "GET /admin/images/news_69cf272f1f06e.php HTTP/2" 200 9034 "https://www.ccp.ac.th/" "Mozilla/5.0 (Linux; Android 10; K) AppleWebKit/537.36 (KHTML, like Gecko) Chrome/148.0.0.0 Mobile Safari/537.36"
1.46.146.63 - - [16/May/2026:09:38:18 +0700] "GET /sp/admin_gard/student/student_home.php HTTP/2" 302 3126 "https://www.ccp.ac.th/sp/admin_gard/student/student_login.php" "Mozilla/5.0 (Linux; Android 11; SAMSUNG SM-A305F) AppleWebKit/537.36 (KHTML, like Gecko) SamsungBrowser/23.0 Chrome/115.0.0.0 Mobile Safari/537.36"
2a02:c207:3018:3702::1 - - [16/May/2026:09:38:18 +0700] "GET /index.php/img/gallery/img/gallery/img/gallery/img/gallery/sp/sp/sp/gard/sp/admin_gard/student/sp/admin_gard/student/sp/admin_gard/student/sp/sp/admin_gard/student/sp/sp/admin_gard/student/sp/admin_gard/student/sp/sp/admin_gard/student/sp/sp/admin_gard/student/sp/sp/admin_gard/student/sp/sp/admin_gard/student/sp/sp/sp/admin_gard/student/sp/sp/sp/admin_gard/student/sp/admin_gard/student/sp/admin_gard/student/sp/sp/sp/sp/sp/admin_gard/student/sp/admin_gard/student/sp/sp/sp/news_image.php HTTP/2" 200 9248 "-" "Mozilla/5.0 (compatible; MJ12bot/v1.4.8; http://mj12bot.com/)"
2a02:c207:3018:3702::1 - - [16/May/2026:09:38:20 +0700] "GET /index.php/img/gallery/img/gallery/img/gallery/img/gallery/sp/sp/sp/gard/sp/admin_gard/student/sp/admin_gard/student/sp/admin_gard/student/sp/sp/admin_gard/student/sp/sp/admin_gard/student/sp/admin_gard/student/sp/sp/admin_gard/student/sp/sp/admin_gard/student/sp/sp/admin_gard/student/sp/sp/admin_gard/student/sp/sp/sp/admin_gard/student/sp/sp/sp/admin_gard/student/sp/admin_gard/student/sp/admin_gard/student/sp/sp/sp/sp/sp/admin_gard/student/sp/admin_gard/student/sp/sp/sp/personnel.php HTTP/2" 200 9329 "-" "Mozilla/5.0 (compatible; MJ12bot/v1.4.8; http://mj12bot.com/)"
113.53.109.76 - - [16/May/2026:09:38:33 +0700] "GET /contact.php HTTP/2" 200 3953 "https://www.ccp.ac.th/" "Mozilla/5.0 (Linux; Android 10; K) AppleWebKit/537.36 (KHTML, like Gecko) Chrome/148.0.0.0 Mobile Safari/537.36"
113.53.109.76 - - [16/May/2026:09:38:36 +0700] "GET /contact.php HTTP/2" 200 3953 "https://www.ccp.ac.th/" "Mozilla/5.0 (Linux; Android 10; K) AppleWebKit/537.36 (KHTML, like Gecko) Chrome/148.0.0.0 Mobile Safari/537.36"
113.53.109.76 - - [16/May/2026:09:38:37 +0700] "GET /js/map.js HTTP/2" 200 616 "https://www.ccp.ac.th/contact.php" "Mozilla/5.0 (Linux; Android 10; K) AppleWebKit/537.36 (KHTML, like Gecko) Chrome/148.0.0.0 Mobile Safari/537.36"
2a02:c207:3018:3702::1 - - [16/May/2026:09:38:39 +0700] "GET /index.php/img/gallery/img/gallery/img/gallery/img/gallery/sp/sp/sp/gard/sp/admin_gard/student/sp/admin_gard/student/sp/admin_gard/student/sp/sp/admin_gard/student/sp/sp/admin_gard/student/sp/admin_gard/student/sp/sp/admin_gard/student/sp/sp/admin_gard/student/sp/sp/admin_gard/student/sp/sp/admin_gard/student/sp/sp/sp/admin_gard/student/sp/sp/sp/admin_gard/student/sp/admin_gard/student/sp/admin_gard/student/sp/sp/sp/sp/sp/admin_gard/student/sp/admin_gard/student/sp/sp/sp/sp/index.php HTTP/2" 200 9248 "-" "Mozilla/5.0 (compatible; MJ12bot/v1.4.8; http://mj12bot.com/)"
1.46.146.63 - - [16/May/2026:09:38:40 +0700] "GET /sp/admin_gard/assets/css/bootstrap.min.css HTTP/2" 200 18393 "https://www.ccp.ac.th/sp/admin_gard/student/student_login.php" "Mozilla/5.0 (Linux; Android 11; SAMSUNG SM-A305F) AppleWebKit/537.36 (KHTML, like Gecko) SamsungBrowser/23.0 Chrome/115.0.0.0 Mobile Safari/537.36"
1.46.146.63 - - [16/May/2026:09:38:40 +0700] "GET /sp/admin_gard/assets/css/demo.css HTTP/2" 200 1625 "https://www.ccp.ac.th/sp/admin_gard/student/student_login.php" "Mozilla/5.0 (Linux; Android 11; SAMSUNG SM-A305F) AppleWebKit/537.36 (KHTML, like Gecko) SamsungBrowser/23.0 Chrome/115.0.0.0 Mobile Safari/537.36"
2a02:c207:3018:3702::1 - - [16/May/2026:09:38:41 +0700] "GET /index.php/img/gallery/img/gallery/img/gallery/img/gallery/sp/sp/sp/gard/sp/admin_gard/student/sp/admin_gard/student/sp/admin_gard/student/sp/sp/admin_gard/student/sp/sp/admin_gard/student/sp/admin_gard/student/sp/sp/admin_gard/student/sp/sp/admin_gard/student/sp/sp/admin_gard/student/sp/sp/admin_gard/student/sp/sp/sp/admin_gard/student/sp/sp/sp/sp/admin_gard/student/sp/admin_gard/student/sp/admin_gard/student/sp/admin_gard/student/sp/admin_gard/student/sp/sp/sp/sp/about.php HTTP/2" 200 9280 "-" "Mozilla/5.0 (compatible; MJ12bot/v1.4.8; http://mj12bot.com/)"
1.46.146.63 - - [16/May/2026:09:38:41 +0700] "GET /sp/admin_gard/assets/css/fontawesome.min.css HTTP/2" 200 17839 "https://www.ccp.ac.th/sp/admin_gard/student/student_login.php" "Mozilla/5.0 (Linux; Android 11; SAMSUNG SM-A305F) AppleWebKit/537.36 (KHTML, like Gecko) SamsungBrowser/23.0 Chrome/115.0.0.0 Mobile Safari/537.36"
1.46.146.63 - - [16/May/2026:09:38:41 +0700] "GET /sp/admin_gard/assets/bootstraptable/bootstrap-table.min.css HTTP/2" 200 1630 "https://www.ccp.ac.th/sp/admin_gard/student/student_login.php" "Mozilla/5.0 (Linux; Android 11; SAMSUNG SM-A305F) AppleWebKit/537.36 (KHTML, like Gecko) SamsungBrowser/23.0 Chrome/115.0.0.0 Mobile Safari/537.36"
1.46.146.63 - - [16/May/2026:09:38:41 +0700] "GET /sp/admin_gard/assets/smoke/css/smoke.min.css HTTP/2" 200 839 "https://www.ccp.ac.th/sp/admin_gard/student/student_login.php" "Mozilla/5.0 (Linux; Android 11; SAMSUNG SM-A305F) AppleWebKit/537.36 (KHTML, like Gecko) SamsungBrowser/23.0 Chrome/115.0.0.0 Mobile Safari/537.36"
1.46.146.63 - - [16/May/2026:09:38:41 +0700] "GET /sp/admin_gard/assets/css/lity.min.css HTTP/2" 200 868 "https://www.ccp.ac.th/sp/admin_gard/student/student_login.php" "Mozilla/5.0 (Linux; Android 11; SAMSUNG SM-A305F) AppleWebKit/537.36 (KHTML, like Gecko) SamsungBrowser/23.0 Chrome/115.0.0.0 Mobile Safari/537.36"
1.46.146.63 - - [16/May/2026:09:38:41 +0700] "GET /sp/admin_gard/assets/css/brands.min.css HTTP/2" 200 251 "https://www.ccp.ac.th/sp/admin_gard/student/student_login.php" "Mozilla/5.0 (Linux; Android 11; SAMSUNG SM-A305F) AppleWebKit/537.36 (KHTML, like Gecko) SamsungBrowser/23.0 Chrome/115.0.0.0 Mobile Safari/537.36"
1.46.146.63 - - [16/May/2026:09:38:41 +0700] "GET /sp/admin_gard/assets/css/google-roboto-300-700.css HTTP/2" 200 1284 "https://www.ccp.ac.th/sp/admin_gard/student/student_login.php" "Mozilla/5.0 (Linux; Android 11; SAMSUNG SM-A305F) AppleWebKit/537.36 (KHTML, like Gecko) SamsungBrowser/23.0 Chrome/115.0.0.0 Mobile Safari/537.36"
1.46.146.63 - - [16/May/2026:09:38:41 +0700] "GET /sp/admin_gard/assets/css/material-dashboard.css HTTP/2" 200 44356 "https://www.ccp.ac.th/sp/admin_gard/student/student_login.php" "Mozilla/5.0 (Linux; Android 11; SAMSUNG SM-A305F) AppleWebKit/537.36 (KHTML, like Gecko) SamsungBrowser/23.0 Chrome/115.0.0.0 Mobile Safari/537.36"
1.46.146.63 - - [16/May/2026:09:38:41 +0700] "GET /sp/admin_gard/assets/css/sweetalert.css HTTP/2" 200 2258 "https://www.ccp.ac.th/sp/admin_gard/student/student_login.php" "Mozilla/5.0 (Linux; Android 11; SAMSUNG SM-A305F) AppleWebKit/537.36 (KHTML, like Gecko) SamsungBrowser/23.0 Chrome/115.0.0.0 Mobile Safari/537.36"
1.46.146.63 - - [16/May/2026:09:38:41 +0700] "GET /sp/admin_gard/assets/css/font-awesome.css HTTP/2" 200 7001 "https://www.ccp.ac.th/sp/admin_gard/student/student_login.php" "Mozilla/5.0 (Linux; Android 11; SAMSUNG SM-A305F) AppleWebKit/537.36 (KHTML, like Gecko) SamsungBrowser/23.0 Chrome/115.0.0.0 Mobile Safari/537.36"
1.46.146.63 - - [16/May/2026:09:38:41 +0700] "GET /sp/css/fonts1.css HTTP/2" 200 537 "https://www.ccp.ac.th/sp/admin_gard/student/student_login.php" "Mozilla/5.0 (Linux; Android 11; SAMSUNG SM-A305F) AppleWebKit/537.36 (KHTML, like Gecko) SamsungBrowser/23.0 Chrome/115.0.0.0 Mobile Safari/537.36"
1.46.146.63 - - [16/May/2026:09:38:42 +0700] "GET /sp/admin_gard/assets/css/regular.min.css HTTP/2" 200 250 "https://www.ccp.ac.th/sp/admin_gard/student/student_login.php" "Mozilla/5.0 (Linux; Android 11; SAMSUNG SM-A305F) AppleWebKit/537.36 (KHTML, like Gecko) SamsungBrowser/23.0 Chrome/115.0.0.0 Mobile Safari/537.36"
1.46.146.63 - - [16/May/2026:09:38:42 +0700] "GET /sp/admin_gard/assets/css/light.min.css HTTP/2" 200 249 "https://www.ccp.ac.th/sp/admin_gard/student/student_login.php" "Mozilla/5.0 (Linux; Android 11; SAMSUNG SM-A305F) AppleWebKit/537.36 (KHTML, like Gecko) SamsungBrowser/23.0 Chrome/115.0.0.0 Mobile Safari/537.36"
1.46.146.63 - - [16/May/2026:09:38:42 +0700] "GET /sp/admin_gard/assets/css/duotone.min.css HTTP/2" 200 13902 "https://www.ccp.ac.th/sp/admin_gard/student/student_login.php" "Mozilla/5.0 (Linux; Android 11; SAMSUNG SM-A305F) AppleWebKit/537.36 (KHTML, like Gecko) SamsungBrowser/23.0 Chrome/115.0.0.0 Mobile Safari/537.36"
1.46.146.63 - - [16/May/2026:09:38:42 +0700] "GET /sp/admin_gard/assets/js/jquery-3.1.1.min.js HTTP/2" 200 29460 "https://www.ccp.ac.th/sp/admin_gard/student/student_login.php" "Mozilla/5.0 (Linux; Android 11; SAMSUNG SM-A305F) AppleWebKit/537.36 (KHTML, like Gecko) SamsungBrowser/23.0 Chrome/115.0.0.0 Mobile Safari/537.36"
1.46.146.63 - - [16/May/2026:09:38:42 +0700] "GET /sp/admin_gard/assets/js/jquery-ui.min.js HTTP/2" 200 66044 "https://www.ccp.ac.th/sp/admin_gard/student/student_login.php" "Mozilla/5.0 (Linux; Android 11; SAMSUNG SM-A305F) AppleWebKit/537.36 (KHTML, like Gecko) SamsungBrowser/23.0 Chrome/115.0.0.0 Mobile Safari/537.36"
1.46.146.63 - - [16/May/2026:09:38:42 +0700] "GET /sp/admin_gard/assets/js/bootstrap.min.js HTTP/2" 200 9432 "https://www.ccp.ac.th/sp/admin_gard/student/student_login.php" "Mozilla/5.0 (Linux; Android 11; SAMSUNG SM-A305F) AppleWebKit/537.36 (KHTML, like Gecko) SamsungBrowser/23.0 Chrome/115.0.0.0 Mobile Safari/537.36"
1.46.146.63 - - [16/May/2026:09:38:42 +0700] "GET /sp/admin_gard/assets/css/solid.min.css HTTP/2" 200 251 "https://www.ccp.ac.th/sp/admin_gard/student/student_login.php" "Mozilla/5.0 (Linux; Android 11; SAMSUNG SM-A305F) AppleWebKit/537.36 (KHTML, like Gecko) SamsungBrowser/23.0 Chrome/115.0.0.0 Mobile Safari/537.36"
1.46.146.63 - - [16/May/2026:09:38:43 +0700] "GET /sp/admin_gard/assets/js/perfect-scrollbar.jquery.min.js HTTP/2" 200 6145 "https://www.ccp.ac.th/sp/admin_gard/student/student_login.php" "Mozilla/5.0 (Linux; Android 11; SAMSUNG SM-A305F) AppleWebKit/537.36 (KHTML, like Gecko) SamsungBrowser/23.0 Chrome/115.0.0.0 Mobile Safari/537.36"
1.46.146.63 - - [16/May/2026:09:38:43 +0700] "GET /sp/admin_gard/assets/js/jquery.validate.min.js HTTP/2" 200 6547 "https://www.ccp.ac.th/sp/admin_gard/student/student_login.php" "Mozilla/5.0 (Linux; Android 11; SAMSUNG SM-A305F) AppleWebKit/537.36 (KHTML, like Gecko) SamsungBrowser/23.0 Chrome/115.0.0.0 Mobile Safari/537.36"
